NOAA-Style Climate Reports

2011: Jan | Feb | Mar | Apr | May | Jun | Jul | Aug | Sep | Oct | Nov | Dec 
2010: Jan | Feb | Mar | Apr | May | Jun | Jul | Aug | Sep | Oct | Nov | Dec 
2009: Jan | Feb | Mar | Apr | May | Jun | Jul | Aug | Sep | Oct | Nov | Dec 
2008: Jan | Feb | Mar | Apr | May | Jun | Jul | Aug | Sep | Oct | Nov | Dec 
2007: Jan | Feb | Mar | Apr | May | Jun | Jul | Aug | Sep | Oct | Nov | Dec 
2006: Jan | Feb | Mar | Apr | May | Jun | Jul | Aug | Sep | Oct | Nov | Dec 
2005: Jan | Feb | Mar | Apr | May | Jun | Jul | Aug | Sep | Oct | Nov | Dec 

Report for 2011 07
MONTHLY CLIMATOLOGICAL SUMMARY FOR 7/2011 HEAT COOL MEAN DEG DEG WIND SPEED DOM MEAN MEAN DAY TEMP HIGH TIME LOW TIME DAYS DAYS RAIN AVG HI TIME DIR BAROM HUM --------------------------------------------------------------------------------------- 1 69.9 90.2 4:28pm 46.7 5:42am 4 9 0.00 3 16 4:00pm NNW 29.81 43 2 74.2 96.4 3:19pm 50.1 5:21am 3 12 0.00 3 20 6:45pm W 29.70 36 3 75.9 96.4 2:29pm 51.7 5:45am 2 13 0.00 4 21 4:50pm ENE 29.67 28 4 74.9 95.1 2:32pm 50.7 5:05am 2 12 0.00 4 26 5:27pm ENE 29.72 32 5 74.9 95.4 3:11pm 53.6 5:38am 2 12 0.00 4 28 4:02pm NNW 29.78 39 6 71.8 92.5 1:09pm 57.6 5:47am 1 8 0.00 3 28 2:18pm ENE 29.80 47 7 72.8 89.9 3:10pm 53.3 5:40am 2 9 0.00 5 23 2:56pm NW 29.80 45 8 71.7 89.7 2:41pm 50.5 5:55am 3 10 0.00 4 22 3:49pm ENE 29.73 42 9 70.9 89.2 2:32pm 48.1 6:09am 3 9 0.00 4 24 3:23pm E 29.70 37 10 69.2 89.1 2:17pm 45.5 5:39am 5 9 0.00 4 23 5:44pm W 29.69 32 11 68.7 86.4 2:30pm 43.3 5:47am 4 8 0.00 5 24 3:00pm ENE 29.72 27 12 68.0 85.0 2:03pm 47.7 5:06am 4 7 0.00 5 26 4:09pm ENE 29.71 28 13 65.5 80.2 1:18pm 46.8 5:48am 4 5 0.00 6 30 2:43pm W 29.68 37 14 64.7 80.1 2:54pm 45.0 5:27am 5 4 0.00 5 25 3:27pm ENE 29.70 42 15 65.5 81.1 3:33pm 47.7 5:41am 4 4 0.00 4 24 4:32pm NNE 29.65 47 16 64.8 81.0 3:39pm 46.1 6:16am 5 5 0.00 5 26 6:27pm NE 29.67 41 17 67.5 84.9 3:01pm 45.6 5:03am 5 7 0.00 6 28 4:24pm SW 29.70 36 18 72.7 86.8 3:05pm 57.6 5:20am 1 9 0.00 10 34 1:40pm SW 29.70 21 19 70.4 85.3 3:41pm 53.3 6:13am 2 7 0.00 5 26 3:58pm NE 29.78 31 20 68.7 87.1 2:02pm 46.8 5:07am 4 8 0.00 4 24 4:32pm NE 29.81 40 21 69.6 88.6 2:48pm 46.1 6:02am 4 8 0.00 4 25 6:07pm NW 29.74 37 22 70.0 87.3 1:53pm 49.4 5:38am 3 8 0.00 5 23 5:13pm NW 29.70 38 23 73.8 93.9 3:30pm 52.0 6:14am 2 11 0.00 4 18 4:15pm NE 29.78 40 24 74.8 92.5 1:57pm 54.8 6:08am 1 11 0.00 4 24 2:54pm NE 29.88 31 25 73.1 88.8 1:40pm 51.1 5:31am 2 10 0.00 5 24 5:40pm W 29.85 23 26 69.6 89.0 3:15pm 46.5 6:12am 4 8 0.00 4 24 6:26pm NW 29.78 29 27 69.4 89.2 3:14pm 46.3 5:46am 4 9 0.00 4 23 5:06pm ENE 29.82 33 28 73.6 94.4 3:11pm 51.7 6:10am 3 11 0.00 4 18 6:27pm NE 29.86 32 29 72.9 96.5 2:21pm 55.1 6:09am 2 10 0.38 4 29 6:22pm NE 29.84 48 30 67.4 91.0 2:21pm 54.0 5:51am 3 6 0.66 2 43 4:45pm NE 29.90 70 31 68.5 82.7 11:51am 54.8 5:41am 3 6 0.00 2 27 1:56pm SSW 29.91 66 --------------------------------------------------------------------------------------- TOT 70.5 96.5 7/29/11 43.3 7/11/11 95 262 1.04 4 43 7/30/11 NE 29.76 38 HEAT BASE: 65.0 COOL BASE: 65.0