NOAA-Style Climate Reports

2011: Jan | Feb | Mar | Apr | May | Jun | Jul | Aug | Sep | Oct | Nov | Dec 
2010: Jan | Feb | Mar | Apr | May | Jun | Jul | Aug | Sep | Oct | Nov | Dec 
2009: Jan | Feb | Mar | Apr | May | Jun | Jul | Aug | Sep | Oct | Nov | Dec 
2008: Jan | Feb | Mar | Apr | May | Jun | Jul | Aug | Sep | Oct | Nov | Dec 
2007: Jan | Feb | Mar | Apr | May | Jun | Jul | Aug | Sep | Oct | Nov | Dec 
2006: Jan | Feb | Mar | Apr | May | Jun | Jul | Aug | Sep | Oct | Nov | Dec 
2005: Jan | Feb | Mar | Apr | May | Jun | Jul | Aug | Sep | Oct | Nov | Dec 

Report for 2011 03
MONTHLY CLIMATOLOGICAL SUMMARY FOR 3/2011 HEAT COOL MEAN DEG DEG WIND SPEED DOM MEAN MEAN DAY TEMP HIGH TIME LOW TIME DAYS DAYS RAIN AVG HI TIME DIR BAROM HUM --------------------------------------------------------------------------------------- 1 33.5 45.2 1:51pm 19.2 6:47am 31 0 0.00 3 22 11:28pm SSW 30.12 53 2 43.3 53.8 12:46pm 34.8 9:09pm 22 0 0.08 11 40 5:02am S 29.97 66 3 39.3 49.1 1:18pm 31.1 10:41pm 24 0 0.02 7 24 9:11am WSW 30.15 64 4 38.6 54.6 3:32pm 23.0 6:46am 25 0 0.00 3 10 9:15pm ENE 30.32 54 5 45.8 60.7 1:06pm 30.3 6:28am 19 0 0.00 4 22 4:42pm NE 30.16 39 6 45.6 56.0 1:57pm 39.5 11:44pm 19 0 0.13 3 17 1:18pm NNW 29.79 66 7 38.3 44.0 1:05pm 34.8 11:54pm 26 0 0.17 7 30 5:02pm W 29.84 60 8 42.5 57.8 1:56pm 29.5 5:38am 22 0 0.00 4 27 4:05pm ENE 30.19 60 9 47.5 66.4 2:53pm 33.1 7:04am 18 0 0.00 3 17 4:55pm ENE 30.24 46 10 49.7 60.5 12:41pm 35.9 1:32am 15 0 0.00 11 44 1:32pm SW 30.03 41 11 45.9 60.3 1:24pm 35.6 11:59pm 19 0 0.00 5 25 1:37pm ENE 29.97 50 12 43.4 58.9 2:17pm 28.9 6:25am 22 0 0.00 5 25 1:05pm ENE 30.05 49 13 44.2 55.7 2:19pm 31.4 12:58am 19 0 0.01 6 32 9:08pm SSW 30.14 60 14 46.6 59.8 4:07pm 36.8 5:59am 18 0 0.20 6 24 3:50pm W 30.16 67 15 48.6 61.9 4:23pm 39.3 7:35am 15 0 0.23 7 34 5:14pm S 30.02 59 16 40.8 45.0 2:55am 33.9 11:59pm 24 0 0.16 8 31 4:06am SW 30.01 62 17 36.8 49.6 3:52pm 22.5 7:02am 27 0 0.00 5 24 5:23pm E 30.15 42 18 38.2 48.0 2:52pm 28.6 11:57pm 27 0 0.01 16 56 2:26pm SSW 29.91 47 19 35.1 44.6 2:37pm 25.6 5:41am 29 0 0.00 11 42 3:47pm S 29.79 59 20 34.5 38.4 5:52pm 31.9 11:22pm 29 0 0.42 1 13 12:52am SSW 29.52 87 21 34.8 43.6 3:03pm 29.3 5:38am 30 0 0.01 6 29 2:09pm WSW 29.71 68 22 30.8 44.7 3:26pm 25.8 5:14am 48 0 0.00 3 15 12:22am ENE 30.00 65 23 35.2 42.8 1:59pm 31.7 6:46am 30 0 0.07 3 18 1:59pm NE 29.81 80 24 32.7 39.3 10:57am 27.3 11:46pm 32 0 0.18 10 44 9:53am S 29.71 75 25 34.2 43.3 3:48pm 20.7 6:07am 30 0 0.01 5 24 2:09pm SW 29.90 64 26 41.6 51.6 3:45pm 33.3 6:36am 23 0 0.00 11 40 4:23pm SSW 29.75 54 27 44.6 55.1 12:33pm 33.3 3:26am 20 0 0.00 10 45 1:47pm WSW 29.80 45 28 45.1 57.1 3:19pm 31.9 5:08am 20 0 0.00 6 24 3:28am NNW 29.99 44 29 46.6 63.0 2:44pm 29.7 6:02am 17 0 0.00 4 21 4:45pm NNW 30.13 55 30 53.4 70.3 4:30pm 37.5 7:03am 12 1 0.00 3 20 9:01pm WSW 30.27 56 31 56.4 80.9 5:07pm 34.8 6:36am 12 4 0.00 2 13 4:14pm NE 30.14 48 --------------------------------------------------------------------------------------- TOT 41.9 80.9 3/31/11 19.2 3/1/11 724 4 1.70 6 56 3/18/11 SSW 29.99 58 HEAT BASE: 65.0 COOL BASE: 65.0