NOAA-Style Climate Reports

2011: Jan | Feb | Mar | Apr | May | Jun | Jul | Aug | Sep | Oct | Nov | Dec 
2010: Jan | Feb | Mar | Apr | May | Jun | Jul | Aug | Sep | Oct | Nov | Dec 
2009: Jan | Feb | Mar | Apr | May | Jun | Jul | Aug | Sep | Oct | Nov | Dec 
2008: Jan | Feb | Mar | Apr | May | Jun | Jul | Aug | Sep | Oct | Nov | Dec 
2007: Jan | Feb | Mar | Apr | May | Jun | Jul | Aug | Sep | Oct | Nov | Dec 
2006: Jan | Feb | Mar | Apr | May | Jun | Jul | Aug | Sep | Oct | Nov | Dec 
2005: Jan | Feb | Mar | Apr | May | Jun | Jul | Aug | Sep | Oct | Nov | Dec 

Report for 2010 09
MONTHLY CLIMATOLOGICAL SUMMARY FOR 9/2010 HEAT COOL MEAN DEG DEG WIND SPEED DOM MEAN MEAN DAY TEMP HIGH TIME LOW TIME DAYS DAYS RAIN AVG HI TIME DIR BAROM HUM --------------------------------------------------------------------------------------- 1 65.4 87.2 5:20pm 42.1 6:36am 6 7 0.00 4 17 2:21pm ENE 29.94 29 2 70.0 91.5 4:09pm 47.7 6:33am 4 9 0.00 4 20 5:39pm NW 29.89 27 3 72.8 93.6 3:36pm 49.6 6:38am 3 10 0.00 4 21 5:14pm W 29.88 25 4 70.7 88.8 2:17pm 48.4 6:03am 3 8 0.00 5 28 3:31pm ENE 29.82 22 5 67.3 84.6 1:58pm 44.0 6:41am 5 7 0.00 5 26 8:18pm W 29.73 21 6 60.7 80.3 4:45pm 40.3 6:06am 8 4 0.00 4 30 12:52pm NW 29.81 14 7 64.1 86.4 2:24pm 40.4 6:44am 7 6 0.00 5 31 1:57pm SW 29.67 21 8 58.8 70.2 12:53pm 49.2 11:38pm 6 0 0.00 8 36 11:55am W 29.57 32 9 54.6 68.3 3:25pm 40.2 6:19am 11 0 0.00 6 25 4:57pm NNW 29.83 40 10 56.8 77.6 4:31pm 35.0 7:03am 10 2 0.00 4 18 3:19pm ENE 30.00 38 11 61.3 84.3 2:56pm 39.3 7:05am 9 5 0.00 3 20 4:08pm ENE 29.96 32 12 63.5 84.8 3:07pm 41.8 7:07am 7 5 0.00 4 22 4:52pm ENE 29.90 33 13 62.9 80.1 2:03pm 42.6 6:42am 6 4 0.00 3 13 11:30am ENE 29.85 33 14 62.1 82.0 3:32pm 41.2 6:33am 8 5 0.00 4 26 3:37pm NNW 29.88 33 15 63.2 83.0 2:03pm 40.9 6:39am 7 5 0.00 4 24 2:40pm ENE 29.90 30 16 62.7 86.0 3:30pm 40.9 6:27am 7 5 0.00 3 21 4:05pm ENE 29.89 30 17 63.0 85.0 1:32pm 41.4 7:03am 7 5 0.00 4 27 4:22pm ENE 29.78 32 18 65.9 86.6 3:31pm 41.6 7:06am 5 6 0.00 4 26 4:57pm ENE 29.78 26 19 63.6 78.5 12:11pm 51.1 4:04am 4 3 0.00 7 32 12:42pm W 29.70 28 20 57.6 79.7 4:13pm 38.5 7:12am 10 3 0.00 3 24 5:18pm ENE 29.77 44 21 58.6 79.7 2:32pm 38.0 7:09am 9 3 0.00 4 25 6:08pm ENE 29.62 39 22 60.6 72.3 3:48pm 47.0 11:18pm 6 1 0.00 5 22 4:04pm NNW 29.62 36 23 58.7 82.2 4:01pm 35.5 6:48am 16 5 0.00 3 17 5:12pm NNW 29.92 36 24 61.8 86.9 4:29pm 38.6 6:38am 9 6 0.00 3 20 4:02pm ENE 30.06 26 25 64.1 89.9 2:49pm 40.1 7:01am 8 7 0.00 3 16 4:12pm ENE 30.05 22 26 66.0 91.9 2:54pm 42.9 7:03am 6 7 0.00 2 16 4:25pm E 29.95 22 27 66.9 93.5 4:22pm 42.8 6:59am 6 7 0.00 3 13 3:00pm ENE 29.95 18 28 69.2 93.7 3:17pm 45.8 6:33am 5 9 0.00 3 19 2:54pm ENE 29.90 22 29 71.7 94.3 3:36pm 48.1 7:12am 3 9 0.00 3 20 1:44pm ENE 29.80 22 30 69.1 93.8 2:30pm 46.6 7:08am 4 8 0.00 3 23 4:58pm ENE 29.77 22 --------------------------------------------------------------------------------------- TOT 63.7 94.3 9/29/10 35.0 9/10/10 204 163 0.00 4 36 9/8/10 ENE 29.84 28 HEAT BASE: 65.0 COOL BASE: 65.0