NOAA-Style Climate Reports

2011: Jan | Feb | Mar | Apr | May | Jun | Jul | Aug | Sep | Oct | Nov | Dec 
2010: Jan | Feb | Mar | Apr | May | Jun | Jul | Aug | Sep | Oct | Nov | Dec 
2009: Jan | Feb | Mar | Apr | May | Jun | Jul | Aug | Sep | Oct | Nov | Dec 
2008: Jan | Feb | Mar | Apr | May | Jun | Jul | Aug | Sep | Oct | Nov | Dec 
2007: Jan | Feb | Mar | Apr | May | Jun | Jul | Aug | Sep | Oct | Nov | Dec 
2006: Jan | Feb | Mar | Apr | May | Jun | Jul | Aug | Sep | Oct | Nov | Dec 
2005: Jan | Feb | Mar | Apr | May | Jun | Jul | Aug | Sep | Oct | Nov | Dec 

Report for 2010 05
MONTHLY CLIMATOLOGICAL SUMMARY FOR 5/2010 HEAT COOL MEAN DEG DEG WIND SPEED DOM MEAN MEAN DAY TEMP HIGH TIME LOW TIME DAYS DAYS RAIN AVG HI TIME DIR BAROM HUM --------------------------------------------------------------------------------------- 1 48.6 66.9 3:23pm 29.2 3:57am 16 0 0.00 5 28 3:24pm NW 29.94 43 2 50.1 63.9 4:15pm 31.0 6:25am 14 0 0.00 6 29 12:28am NNW 30.05 31 3 53.7 64.1 1:58pm 39.7 6:20am 8 0 0.00 5 24 11:47am SW 29.84 27 4 57.9 69.6 2:33pm 44.5 4:27am 7 1 0.00 8 22 3:43pm WNW 29.97 36 5 51.9 64.1 1:58pm 38.9 11:59pm 12 0 0.00 6 27 7:57pm SW 29.86 26 6 41.9 56.2 3:35pm 25.1 6:20am 23 0 0.00 5 22 2:03pm N 30.13 29 7 47.1 68.7 3:37pm 24.9 6:15am 18 0 0.00 4 21 5:36pm NE 30.10 31 8 46.4 58.6 11:15am 32.3 6:46am 13 0 0.00 5 27 5:17pm WNW 29.81 49 9 45.0 58.6 11:15am 32.3 6:46am 18 0 0.00 5 27 5:17pm ENE 29.84 50 10 38.4 52.1 11:42am 28.8 5:47pm 25 0 0.11 5 31 9:45am S 29.91 62 11 39.5 52.1 4:31pm 29.5 12:08am 25 0 0.01 4 24 4:31pm ENE 30.10 67 12 47.0 65.1 3:29pm 28.2 5:38am 18 0 0.00 4 18 3:39pm ENE 30.09 54 13 50.8 67.6 4:26pm 31.3 5:49am 13 0 0.00 3 26 3:23pm ESE 29.97 39 14 53.9 74.4 4:47pm 32.2 6:00am 13 2 0.00 3 21 6:25pm NE 29.97 38 15 58.1 76.6 3:45pm 37.8 5:26am 10 3 0.00 4 19 5:28pm ENE 29.93 47 16 61.2 77.0 2:12pm 44.5 5:33am 6 3 0.00 5 24 2:12pm ENE 29.78 40 17 54.6 59.9 12:00am 45.7 11:25pm 10 0 0.00 6 23 11:25am SW 29.67 43 18 51.4 61.9 1:46pm 40.0 5:48am 14 0 0.00 5 22 6:28pm WNW 29.92 48 19 54.8 69.0 12:41pm 39.2 4:23am 10 0 0.00 6 30 10:52pm SW 29.96 52 20 56.5 68.5 3:06pm 44.8 11:59pm 9 0 0.00 7 30 1:26am WNW 29.89 29 21 46.1 57.1 1:23pm 32.7 11:25pm 19 0 0.00 8 39 3:08pm SW 29.76 37 22 38.7 49.2 3:35pm 32.0 6:05am 25 0 0.00 6 25 5:25pm SW 29.86 46 23 40.6 54.3 6:03pm 24.1 6:03am 24 0 0.00 5 24 1:53pm NW 29.90 53 24 46.4 59.0 3:05pm 35.8 2:21am 18 0 0.00 4 22 2:49pm ESE 29.91 42 25 47.4 64.8 1:01pm 27.2 6:09am 18 0 0.00 6 36 6:03pm SSW 29.85 45 26 49.8 59.7 1:24pm 38.6 4:50am 15 0 0.00 7 31 11:24am S 29.75 47 27 46.7 57.2 1:33pm 36.5 6:22am 18 0 0.00 7 39 3:19pm S 29.78 51 28 43.8 56.9 3:58pm 32.3 4:15am 21 0 0.01 5 26 12:05pm NW 30.04 59 29 50.7 70.2 4:30pm 29.4 5:00am 15 1 0.00 4 21 3:07pm NE 30.16 47 30 56.7 76.2 3:06pm 35.7 5:20am 11 3 0.00 4 20 5:43pm ENE 29.98 40 31 62.1 74.1 12:13pm 52.8 4:58am 4 2 0.00 5 28 3:10pm WSW 29.80 37 --------------------------------------------------------------------------------------- TOT 49.8 77.0 5/16/10 24.2 5/23/10 471 14 0.13 5 35 5/25/10 SW 29.93 43 HEAT BASE: 65.0 COOL BASE: 65.0