NOAA-Style Climate Reports

2011: Jan | Feb | Mar | Apr | May | Jun | Jul | Aug | Sep | Oct | Nov | Dec 
2010: Jan | Feb | Mar | Apr | May | Jun | Jul | Aug | Sep | Oct | Nov | Dec 
2009: Jan | Feb | Mar | Apr | May | Jun | Jul | Aug | Sep | Oct | Nov | Dec 
2008: Jan | Feb | Mar | Apr | May | Jun | Jul | Aug | Sep | Oct | Nov | Dec 
2007: Jan | Feb | Mar | Apr | May | Jun | Jul | Aug | Sep | Oct | Nov | Dec 
2006: Jan | Feb | Mar | Apr | May | Jun | Jul | Aug | Sep | Oct | Nov | Dec 
2005: Jan | Feb | Mar | Apr | May | Jun | Jul | Aug | Sep | Oct | Nov | Dec 

Report for 2010 04
MONTHLY CLIMATOLOGICAL SUMMARY FOR 4/2010 HEAT COOL MEAN DEG DEG WIND SPEED DOM MEAN MEAN DAY TEMP HIGH TIME LOW TIME DAYS DAYS RAIN AVG HI TIME DIR BAROM HUM --------------------------------------------------------------------------------------- 1 33.4 46.8 3:04pm 18.0 7:07am 31 0 0.00 3 22 2:04pm ENE 30.00 51 2 37.9 54.7 1:37pm 22.7 5:27am 25 0 0.00 7 36 6:11pm SSW 29.96 56 3 39.6 51.9 2:46pm 26.0 11:58pm 25 0 0.00 6 30 2:42pm NW 29.88 39 4 34.1 47.2 1:45pm 19.9 7:05am 30 0 0.00 10 43 4:26pm SSW 29.78 50 5 34.4 43.7 3:02pm 27.6 6:40am 31 0 0.08 5 27 1:53pm WSW 29.89 63 6 40.1 54.9 5:07pm 25.6 7:05am 54 0 0.00 4 18 4:06pm NW 30.29 40 7 44.2 63.7 6:02pm 24.7 6:36am 20 0 0.00 3 14 1:01pm ENE 30.28 42 8 49.4 67.2 1:23pm 29.8 5:12am 14 0 0.00 5 25 4:22pm NW 29.96 43 9 46.8 59.3 1:10pm 34.6 8:49pm 15 0 0.01 12 41 2:52pm SSW 29.62 38 10 45.6 60.4 1:14pm 29.1 7:01am 18 0 0.00 7 33 9:46pm SSW 29.79 38 11 46.6 59.3 1:10pm 34.6 8:49pm 16 0 0.01 12 41 2:52pm SSW 29.62 39 12 41.0 49.6 2:29pm 31.3 2:37am 38 0 0.00 9 33 10:27am S 29.71 47 13 31.0 35.2 12:00am 28.9 2:28am 7 0 0.00 2 7 12:15am ENE 29.94 70 14 44.1 59.4 2:52pm 25.7 6:09am 20 0 0.00 6 37 1:35pm S 29.93 44 15 50.2 63.2 11:58am 42.2 3:41am 7 0 0.00 2 16 10:58am WNW 29.93 40 16 52.8 65.5 12:50pm 41.2 11:35pm 11 0 0.00 5 25 3:03pm WNW 29.93 39 17 50.2 72.1 3:28pm 28.9 6:17am 26 1 0.00 3 20 5:05pm WNW 29.98 39 18 54.7 76.0 4:47pm 31.6 6:41am 12 2 0.00 3 17 6:00pm NE 29.86 33 19 54.9 71.6 1:52pm 34.2 5:45am 23 3 0.00 6 31 8:54pm S 29.76 38 20 46.8 56.3 12:55am 31.4 11:59pm 37 3 0.02 9 35 7:51am S 29.58 50 21 36.9 46.6 4:33pm 29.2 2:46am 27 0 0.10 5 21 2:35pm NNW 29.64 64 22 36.1 40.6 3:39pm 32.0 6:18am 28 0 0.89 1 10 4:11pm NW 29.82 91 23 45.7 66.2 5:06pm 28.5 6:53am 19 0 0.01 2 12 5:42pm ENE 30.07 65 24 54.5 75.0 2:00pm 33.5 6:39am 11 2 0.00 4 22 1:43pm SW 29.92 40 25 54.8 69.9 3:42pm 31.9 6:17am 41 1 0.00 4 19 3:43pm ENE 30.11 39 26 54.4 75.0 2:00pm 33.5 6:39am 12 2 0.00 4 22 1:43pm SW 29.91 40 27 50.2 58.9 2:20am 35.4 11:49pm 15 0 0.06 17 51 4:45am SW 29.58 48 28 37.2 45.0 2:58pm 30.9 11:57pm 27 0 0.00 8 33 12:11am SW 29.80 56 29 36.9 47.8 3:21pm 28.8 6:17am 28 0 0.02 5 23 2:20pm NNW 29.99 58 30 43.7 58.2 3:55pm 28.5 4:56am 48 0 0.00 6 22 11:11am NNW 30.06 45 --------------------------------------------------------------------------------------- TOT 44.4 76.0 4/18/10 18.0 4/1/10 714 13 1.19 6 51 4/27/10 SW 29.91 48 HEAT BASE: 65.0 COOL BASE: 65.0