NOAA-Style Climate Reports

2011: Jan | Feb | Mar | Apr | May | Jun | Jul | Aug | Sep | Oct | Nov | Dec 
2010: Jan | Feb | Mar | Apr | May | Jun | Jul | Aug | Sep | Oct | Nov | Dec 
2009: Jan | Feb | Mar | Apr | May | Jun | Jul | Aug | Sep | Oct | Nov | Dec 
2008: Jan | Feb | Mar | Apr | May | Jun | Jul | Aug | Sep | Oct | Nov | Dec 
2007: Jan | Feb | Mar | Apr | May | Jun | Jul | Aug | Sep | Oct | Nov | Dec 
2006: Jan | Feb | Mar | Apr | May | Jun | Jul | Aug | Sep | Oct | Nov | Dec 
2005: Jan | Feb | Mar | Apr | May | Jun | Jul | Aug | Sep | Oct | Nov | Dec 

Report for 2009 11
MONTHLY CLIMATOLOGICAL SUMMARY FOR 11/2009 HEAT COOL MEAN DEG DEG WIND SPEED DOM MEAN MEAN DAY TEMP HIGH TIME LOW TIME DAYS DAYS RAIN AVG HI TIME DIR BAROM HUM --------------------------------------------------------------------------------------- 1 49.2 70.8 2:52pm 33.7 6:49am 16 1 0.00 2 12 11:17am N 30.21 49 2 48.7 72.3 2:30pm 30.7 6:15am 17 1 0.00 2 9 1:31pm NE 30.28 53 3 48.1 70.4 1:53pm 30.3 6:25am 17 1 0.00 2 11 2:16pm NE 30.21 52 4 52.0 76.1 3:05pm 30.7 6:34am 14 1 0.00 3 16 3:48pm NE 30.07 41 5 54.9 68.8 12:25pm 39.6 11:15pm 10 0 0.00 9 38 1:29pm S 29.95 30 6 49.5 63.2 11:55am 36.6 6:45am 15 0 0.00 5 21 12:14pm ENE 30.01 44 7 46.3 61.2 12:50pm 29.4 11:58pm 18 0 0.00 4 22 1:18pm NW 30.01 47 8 37.8 58.7 2:17pm 23.5 6:12am 26 0 0.00 3 12 3:34pm NE 30.16 48 9 41.8 62.3 2:49pm 22.2 6:58am 22 0 0.00 3 22 3:04pm NE 30.21 34 10 46.5 62.6 2:45pm 30.4 4:05am 16 0 0.00 2 12 12:05am ENE 30.18 23 11 47.5 67.9 1:30pm 30.3 7:07am 16 0 0.00 5 29 1:35pm NE 29.99 30 12 42.4 50.2 2:20am 30.0 11:55pm 20 0 0.00 5 26 2:20am N 29.84 59 13 34.9 48.0 2:13pm 21.9 6:40am 30 0 0.00 3 15 4:19pm NNW 29.98 61 14 33.3 49.4 2:35pm 19.2 5:51am 32 0 0.00 4 16 3:12pm N 30.25 53 15 30.7 48.5 2:00pm 16.1 6:46am 34 0 0.00 2 11 2:39pm NW 30.49 44 16 35.1 60.9 2:57pm 17.7 6:50am 29 0 0.00 2 8 1:57pm NE 30.40 45 17 45.1 51.7 1:29pm 31.8 8:47pm 17 0 0.00 7 22 11:30am N 30.01 42 18 43.1 51.7 1:29pm 25.3 11:20pm 21 0 0.00 6 22 11:30am N 30.04 46 19 34.1 58.9 3:08pm 18.8 6:35am 30 0 0.00 2 9 12:06am NE 30.27 56 20 44.5 56.7 10:37am 26.7 1:13am 20 0 0.02 17 52 12:38pm S 29.86 38 21 37.2 47.0 2:20pm 25.6 11:11pm 27 0 0.00 4 27 12:00am NE 29.97 50 22 42.6 58.3 1:30pm 26.3 12:23am 20 0 0.00 4 21 10:10am NNW 30.03 53 23 34.2 50.2 2:11pm 22.4 7:01am 29 0 0.00 2 14 2:54pm NE 30.33 55 24 33.2 54.2 2:36pm 18.4 6:20am 32 0 0.00 2 11 3:18pm NNE 30.43 47 25 32.9 54.2 3:04pm 18.4 6:55am 29 0 0.00 2 9 3:28pm ENE 30.41 46 26 36.3 57.3 3:13pm 18.0 7:12am 28 0 0.00 2 8 4:59pm ENE 30.28 45 27 43.5 58.7 10:25am 33.2 9:07pm 21 0 0.16 9 35 5:18pm N 29.90 48 28 33.0 40.9 2:21pm 25.0 11:23pm 31 0 0.11 8 30 12:04am N 30.14 68 29 27.8 43.9 3:47pm 15.7 7:16am 37 0 0.00 2 8 12:39am NE 30.48 64 30 28.8 47.6 2:38pm 16.4 5:39am 36 0 0.00 2 6 3:00pm NE 30.43 65 --------------------------------------------------------------------------------------- TOT 40.5 76.1 11/4/09 15.7 11/29/09 711 4 0.30 4 52 11/20/09 NE 30.17 48 HEAT BASE: 65.0 COOL BASE: 65.0