NOAA-Style Climate Reports

2011: Jan | Feb | Mar | Apr | May | Jun | Jul | Aug | Sep | Oct | Nov | Dec 
2010: Jan | Feb | Mar | Apr | May | Jun | Jul | Aug | Sep | Oct | Nov | Dec 
2009: Jan | Feb | Mar | Apr | May | Jun | Jul | Aug | Sep | Oct | Nov | Dec 
2008: Jan | Feb | Mar | Apr | May | Jun | Jul | Aug | Sep | Oct | Nov | Dec 
2007: Jan | Feb | Mar | Apr | May | Jun | Jul | Aug | Sep | Oct | Nov | Dec 
2006: Jan | Feb | Mar | Apr | May | Jun | Jul | Aug | Sep | Oct | Nov | Dec 
2005: Jan | Feb | Mar | Apr | May | Jun | Jul | Aug | Sep | Oct | Nov | Dec 

Report for 2009 10
MONTHLY CLIMATOLOGICAL SUMMARY FOR 10/2009 HEAT COOL MEAN DEG DEG WIND SPEED DOM MEAN MEAN DAY TEMP HIGH TIME LOW TIME DAYS DAYS RAIN AVG HI TIME DIR BAROM HUM --------------------------------------------------------------------------------------- 1 46.1 66.0 5:02pm 25.7 6:10am 37 0 0.00 3 16 5:48pm NNW 30.30 28 2 52.0 73.5 1:26pm 31.6 5:41am 14 1 0.00 4 26 2:07pm NE 30.01 27 3 53.1 67.3 1:56pm 35.0 11:51pm 12 0 0.01 8 38 4:18pm NE 29.61 33 4 36.9 49.5 2:10pm 32.4 5:39am 27 0 0.18 4 26 2:37pm WNW 29.74 80 5 42.0 53.6 3:42pm 27.8 6:52am 49 0 0.01 3 17 4:15pm WNW 30.08 61 6 46.8 59.3 4:16pm 35.0 11:58pm 18 0 0.00 4 22 2:08pm NE 30.11 49 7 46.2 67.1 3:36pm 27.9 5:56am 19 0 0.00 2 17 3:32pm NE 30.06 45 8 51.9 74.6 3:55pm 31.3 6:51am 14 2 0.00 3 15 7:36pm NE 30.10 38 9 54.3 75.3 3:19pm 34.7 6:30am 27 3 0.00 4 19 4:00pm NE 30.07 38 10 51.3 70.8 3:54pm 34.6 6:17am 14 1 0.00 3 16 4:03pm NNW 29.93 38 11 53.7 72.5 2:02pm 32.4 7:25am 12 1 0.00 4 19 2:17pm NW 29.79 40 12 50.6 67.4 2:32pm 33.8 7:11am 14 0 0.00 4 22 3:00pm N 29.67 44 13 47.8 51.9 8:00am 44.1 12:03am 17 0 0.96 12 41 9:25pm SE 29.56 67 14 43.5 48.6 8:59am 41.6 8:01am 2 0 0.00 1 6 7:39am W 30.24 79 15 58.9 71.1 4:24pm 41.6 8:01am 5 1 0.00 3 14 5:10pm NW 30.23 56 16 55.4 72.8 3:39pm 40.6 6:32am 11 1 0.00 3 14 4:03pm ENE 30.21 67 17 58.6 81.2 2:38pm 40.5 7:35am 9 3 0.00 2 17 3:01pm NE 30.06 58 18 63.3 78.1 12:43pm 53.5 7:24am 4 2 0.00 7 32 4:05pm SW 29.83 38 19 51.2 60.9 10:07am 39.9 10:07pm 14 0 0.00 6 33 8:47am WNW 29.83 54 20 48.4 62.9 4:33pm 39.2 3:50am 17 0 0.00 2 18 4:37pm ENE 30.11 60 21 48.3 70.1 4:34pm 31.9 6:55am 17 0 0.00 2 10 10:30am NE 30.13 59 22 51.3 69.9 3:38pm 33.5 7:01am 14 1 0.00 3 14 4:49pm N 30.11 54 23 52.7 72.7 3:43pm 35.3 7:15am 13 1 0.00 2 15 3:02pm NNE 30.16 53 24 54.1 72.8 2:03pm 37.0 7:11am 11 1 0.00 5 24 2:56pm NE 30.07 48 25 46.3 63.9 3:47pm 31.6 7:47am 16 0 0.00 3 15 3:49pm NNE 30.23 46 26 52.5 74.0 2:53pm 32.5 7:05am 13 1 0.00 5 31 8:47pm NNE 30.14 37 27 40.1 58.1 12:00am 31.5 10:21pm 25 0 0.00 13 38 3:10am N 29.97 47 28 33.2 42.9 3:59pm 24.2 11:37pm 31 0 0.00 8 33 12:23am N 30.19 45 29 36.5 54.1 4:03pm 18.6 6:15am 27 0 0.00 2 9 11:23am NE 30.34 47 30 48.2 66.6 3:48pm 33.1 7:49am 16 0 0.00 2 12 3:33pm NW 30.30 60 31 49.7 76.1 3:12pm 31.3 6:16am 16 1 0.00 2 10 3:24pm N 30.26 51 --------------------------------------------------------------------------------------- TOT 49.4 81.2 10/17/09 18.6 10/29/09 535 22 1.23 4 41 10/13/09 NE 30.03 49 HEAT BASE: 65.0 COOL BASE: 65.0