NOAA-Style Climate Reports

2011: Jan | Feb | Mar | Apr | May | Jun | Jul | Aug | Sep | Oct | Nov | Dec 
2010: Jan | Feb | Mar | Apr | May | Jun | Jul | Aug | Sep | Oct | Nov | Dec 
2009: Jan | Feb | Mar | Apr | May | Jun | Jul | Aug | Sep | Oct | Nov | Dec 
2008: Jan | Feb | Mar | Apr | May | Jun | Jul | Aug | Sep | Oct | Nov | Dec 
2007: Jan | Feb | Mar | Apr | May | Jun | Jul | Aug | Sep | Oct | Nov | Dec 
2006: Jan | Feb | Mar | Apr | May | Jun | Jul | Aug | Sep | Oct | Nov | Dec 
2005: Jan | Feb | Mar | Apr | May | Jun | Jul | Aug | Sep | Oct | Nov | Dec 

Report for 2009 07
MONTHLY CLIMATOLOGICAL SUMMARY FOR 7/2009 HEAT COOL MEAN DEG DEG WIND SPEED DOM MEAN MEAN DAY TEMP HIGH TIME LOW TIME DAYS DAYS RAIN AVG HI TIME DIR BAROM HUM --------------------------------------------------------------------------------------- 1 75.0 92.7 2:25pm 51.1 5:02am 6 39 0.00 5 29 6:25pm ENE 29.75 26 2 72.5 88.6 12:15pm 53.8 6:05am 2 9 0.03 3 25 5:50pm NE 29.76 29 3 71.8 88.0 3:15pm 52.9 5:25am 2 9 0.00 4 22 4:00pm NW 29.85 29 4 71.8 89.9 2:56pm 51.7 4:21am 2 8 0.00 4 29 3:27pm ENE 29.86 27 5 70.9 89.9 2:41pm 50.1 5:56am 2 7 0.00 4 23 6:12pm WSW 29.82 29 6 71.6 84.5 1:32pm 54.2 5:36am 2 7 0.00 6 28 3:16am W 29.78 21 7 64.8 84.7 2:33pm 44.1 6:06am 4 4 0.00 5 27 3:09pm W 29.75 23 8 67.1 83.0 2:58pm 47.7 5:55am 3 5 0.00 6 22 3:39pm NE 29.77 23 9 66.5 85.3 3:43pm 43.9 6:10am 8 11 0.00 3 19 4:41pm NE 29.82 29 10 69.7 88.8 3:28pm 46.8 6:09am 4 8 0.00 5 25 3:55pm SSW 29.84 21 11 73.5 88.2 12:08pm 60.2 5:55am 0 8 0.00 6 37 5:18pm SW 29.82 22 12 73.2 86.7 12:42pm 61.3 6:11am 0 8 0.00 7 32 12:43pm SW 29.84 30 13 70.6 88.0 3:53pm 50.4 4:48am 3 8 0.00 5 21 7:38pm NNW 29.91 22 14 72.0 92.5 5:04pm 47.7 5:40am 3 9 0.00 4 22 6:55pm NW 29.87 23 15 77.1 96.6 3:00pm 55.4 5:56am 2 13 0.00 4 20 4:26pm ENE 29.85 28 16 77.0 96.3 3:07pm 54.2 6:08am 1 12 0.00 4 26 4:45pm ENE 29.91 24 17 79.1 99.9 4:01pm 54.5 6:04am 1 14 0.00 3 24 7:09pm WNW 29.91 22 18 81.2 99.2 1:33pm 60.2 5:47am 0 15 0.00 4 22 3:27pm NNW 29.82 26 19 80.2 98.5 1:37pm 61.0 6:25am 0 14 0.00 4 24 3:53pm NW 29.80 25 20 79.3 95.6 2:54pm 59.6 5:51am 1 27 0.00 4 22 3:13pm NW 29.80 26 21 77.0 95.1 1:48pm 52.9 6:12am 2 39 0.00 4 22 1:01pm NW 29.81 22 22 78.6 99.7 3:31pm 53.2 6:16am 2 14 0.00 3 21 5:26pm NNE 29.75 20 23 83.6 98.7 1:17pm 70.6 4:12am 0 17 0.00 4 20 5:25pm ENE 29.66 21 24 79.5 97.1 4:12pm 58.1 6:00am 0 15 0.00 4 19 5:05pm NE 29.70 27 25 77.9 97.8 2:00pm 58.0 6:14am 1 12 0.00 4 25 4:04pm NE 29.78 22 26 79.2 98.7 2:22pm 55.3 5:47am 1 15 0.00 4 20 5:19pm NW 29.85 22 27 79.5 99.2 4:24pm 57.8 4:47am 1 14 0.00 3 20 5:14pm NE 29.81 23 28 75.3 97.8 2:58pm 57.8 6:08am 1 10 0.10 3 35 4:03pm NE 29.73 37 29 73.9 94.3 1:59pm 54.1 5:41am 2 10 0.00 4 29 2:24pm NW 29.75 41 30 76.2 94.5 1:58pm 54.2 5:43am 2 12 0.00 4 24 4:03pm NE 29.77 32 31 72.8 96.1 1:33pm 58.0 6:24am 1 9 0.17 4 33 1:31pm N 29.79 42 --------------------------------------------------------------------------------------- TOT 74.9 99.9 7/17/09 43.9 7/9/09 59 401 0.30 4 37 7/11/09 NW 29.80 26 HEAT BASE: 65.0 COOL BASE: 65.0