NOAA-Style Climate Reports

2011: Jan | Feb | Mar | Apr | May | Jun | Jul | Aug | Sep | Oct | Nov | Dec 
2010: Jan | Feb | Mar | Apr | May | Jun | Jul | Aug | Sep | Oct | Nov | Dec 
2009: Jan | Feb | Mar | Apr | May | Jun | Jul | Aug | Sep | Oct | Nov | Dec 
2008: Jan | Feb | Mar | Apr | May | Jun | Jul | Aug | Sep | Oct | Nov | Dec 
2007: Jan | Feb | Mar | Apr | May | Jun | Jul | Aug | Sep | Oct | Nov | Dec 
2006: Jan | Feb | Mar | Apr | May | Jun | Jul | Aug | Sep | Oct | Nov | Dec 
2005: Jan | Feb | Mar | Apr | May | Jun | Jul | Aug | Sep | Oct | Nov | Dec 

Report for 2009 02
MONTHLY CLIMATOLOGICAL SUMMARY FOR 2/2009 HEAT COOL MEAN DEG DEG WIND SPEED DOM MEAN MEAN DAY TEMP HIGH TIME LOW TIME DAYS DAYS RAIN AVG HI TIME DIR BAROM HUM --------------------------------------------------------------------------------------- 1 35.1 53.5 2:25pm 20.2 6:38am 29 0 0.00 2 11 3:07pm NE 30.43 62 2 36.1 56.3 2:03pm 21.8 6:59am 29 0 0.00 2 13 3:37pm NE 30.46 64 3 37.0 57.6 2:34pm 22.7 6:49am 27 0 0.00 2 13 2:28pm NE 30.34 65 4 38.5 57.2 4:04pm 23.8 6:07am 27 0 0.00 2 10 3:32pm NE 30.16 62 5 37.2 48.9 10:50am 26.7 7:09am 27 0 0.00 5 34 12:10pm ENE 29.91 60 6 35.1 39.3 11:48am 29.5 2:29am 30 0 0.10 1 9 3:09am W 29.89 83 7 36.5 41.5 1:10pm 34.0 6:26am 29 0 0.10 8 30 5:48am N 29.97 83 8 36.1 46.8 12:53pm 25.0 7:10am 29 0 0.00 6 28 4:04pm SW 29.81 70 9 29.6 36.2 1:44pm 17.8 11:31pm 35 0 0.02 6 29 3:55pm NW 29.82 56 10 28.0 44.9 1:55pm 11.1 7:15am 37 0 0.00 3 21 6:55pm W 30.16 54 11 34.9 44.3 1:25pm 27.8 11:56pm 29 0 0.00 6 21 1:14pm SSW 30.04 50 12 31.1 42.3 1:00pm 18.1 6:56am 34 0 0.00 4 20 1:35pm ENE 30.10 53 13 31.4 39.2 2:24pm 26.9 1:38am 34 0 0.00 9 30 11:27pm S 29.90 47 14 33.4 43.1 2:13pm 23.9 6:21am 32 0 0.00 6 33 12:10am S 29.97 49 15 34.1 43.9 9:56am 23.5 11:41pm 31 0 0.00 8 44 10:17am SSW 29.81 65 16 30.0 37.3 3:50pm 23.6 12:30am 35 0 0.04 2 14 10:55pm NE 29.72 81 17 35.1 43.6 2:20pm 27.3 3:01am 30 0 0.01 6 26 1:20pm SSW 29.94 59 18 33.4 47.0 3:55pm 20.5 6:23am 32 0 0.00 3 16 12:34pm ENE 30.31 69 19 34.2 52.2 4:02pm 19.5 6:22am 30 0 0.00 2 12 2:23pm ENE 30.36 58 20 36.6 56.2 1:43pm 20.3 5:33am 28 0 0.00 3 20 11:51am NE 30.27 50 21 41.8 58.0 3:48pm 20.2 6:55am 23 0 0.00 3 25 7:27pm ENE 30.16 40 22 49.3 54.5 1:22pm 44.5 11:58pm 16 0 0.00 13 38 4:17pm S 29.94 49 23 48.6 58.0 11:16am 42.5 6:36am 16 0 0.00 8 35 9:36pm SW 29.97 56 24 51.7 63.7 12:59pm 39.2 7:01am 13 0 0.00 7 27 11:34am SW 29.95 29 25 44.1 53.9 2:20pm 36.0 5:18am 20 0 0.00 7 30 11:09am SW 29.94 40 26 44.6 53.6 2:12pm 34.1 11:59pm 20 0 0.00 10 31 11:32am SW 30.04 46 27 38.9 56.3 3:39pm 22.4 6:42am 25 0 0.00 3 14 4:21pm ENE 30.18 45 28 40.9 59.2 2:33pm 26.3 4:43am 24 0 0.00 2 13 3:05pm NW 30.22 46 --------------------------------------------------------------------------------------- TOT 37.2 63.7 2/24/09 11.1 2/10/09 769 0 0.27 5 44 2/15/09 NE 30.06 57 HEAT BASE: 65.0 COOL BASE: 65.0