NOAA-Style Climate Reports

2011: Jan | Feb | Mar | Apr | May | Jun | Jul | Aug | Sep | Oct | Nov | Dec 
2010: Jan | Feb | Mar | Apr | May | Jun | Jul | Aug | Sep | Oct | Nov | Dec 
2009: Jan | Feb | Mar | Apr | May | Jun | Jul | Aug | Sep | Oct | Nov | Dec 
2008: Jan | Feb | Mar | Apr | May | Jun | Jul | Aug | Sep | Oct | Nov | Dec 
2007: Jan | Feb | Mar | Apr | May | Jun | Jul | Aug | Sep | Oct | Nov | Dec 
2006: Jan | Feb | Mar | Apr | May | Jun | Jul | Aug | Sep | Oct | Nov | Dec 
2005: Jan | Feb | Mar | Apr | May | Jun | Jul | Aug | Sep | Oct | Nov | Dec 

Report for 2008 08
MONTHLY CLIMATOLOGICAL SUMMARY FOR 8/2008 HEAT COOL MEAN DEG DEG WIND SPEED DOM MEAN MEAN DAY TEMP HIGH TIME LOW TIME DAYS DAYS RAIN AVG HI TIME DIR BAROM HUM --------------------------------------------------------------------------------------- 1 74.6 92.3 4:03pm 49.5 5:58am 2 11 0.00 5 31 8:22pm W 29.86 21 2 74.0 91.8 2:48pm 51.4 5:59am 2 11 0.00 5 24 6:32pm NW 29.83 18 3 72.8 92.5 2:42pm 48.0 6:22am 3 11 0.00 4 24 1:38pm ENE 29.83 23 4 73.5 92.9 2:49pm 48.0 6:24am 3 11 0.00 4 27 3:44pm ENE 29.88 21 5 78.9 92.3 4:10pm 63.7 6:23am 0 13 0.00 3 21 3:58pm NNW 29.87 22 6 78.4 94.0 2:25pm 61.8 6:41am 0 13 0.00 4 23 3:45pm NE 29.86 29 7 76.5 95.9 2:44pm 57.5 6:27am 1 13 0.00 5 30 3:37pm SW 29.82 31 8 76.1 89.7 2:47pm 60.7 5:49am 0 11 0.00 8 35 3:04pm SSW 29.79 27 9 74.2 87.6 3:29pm 59.0 11:54pm 0 9 0.00 8 33 1:35pm SSW 29.85 25 10 70.1 89.5 3:41pm 47.3 5:28am 4 9 0.00 4 29 2:51pm NNW 29.95 25 11 72.0 93.6 4:30pm 48.5 5:56am 4 11 0.00 4 22 6:04pm ENE 29.92 25 12 75.4 95.9 2:30pm 51.3 6:14am 2 13 0.00 4 23 4:06pm NW 29.82 24 13 77.4 98.5 4:03pm 52.8 6:26am 2 14 0.00 4 22 7:35pm NE 29.83 24 14 82.5 99.4 3:07pm 55.6 6:36am 1 26 0.00 4 22 4:34pm NE 29.85 21 15 80.2 101.2 4:12pm 58.7 4:38am 2 32 0.00 4 24 2:32pm NE 29.83 24 16 79.7 99.4 4:05pm 58.4 5:58am 1 31 0.00 4 23 2:48pm NE 29.78 24 17 76.1 94.0 12:56pm 56.0 6:21am 2 25 0.00 4 36 4:33pm NE 29.74 26 18 73.7 86.7 3:10pm 59.6 11:59pm 1 18 0.00 5 31 1:20pm NE 29.77 30 19 67.3 81.6 2:45pm 55.4 6:58am 5 9 0.00 4 24 3:57pm NE 29.85 33 20 68.5 88.6 3:38pm 45.8 5:19am 10 17 0.00 4 24 5:41pm NE 29.87 36 21 73.2 89.9 2:00pm 53.1 4:43am 10 29 0.00 5 26 3:00pm NE 29.76 37 22 73.3 92.7 3:47pm 51.7 6:33am 4 20 0.00 4 23 4:41pm NE 29.81 37 23 77.1 99.4 3:07pm 54.7 6:45am 3 26 0.00 3 22 4:34pm NW 29.84 29 24 76.6 95.6 2:18pm 54.4 6:19am 1 13 0.00 3 22 5:58pm NE 29.83 28 25 75.4 91.0 1:55pm 62.1 6:01am 0 10 0.00 8 30 1:55pm ENE 29.75 24 26 71.4 89.5 4:15pm 49.5 6:40am 2 9 0.00 4 23 11:40am NE 29.80 30 27 74.0 95.4 4:56pm 51.6 6:28am 3 12 0.00 4 17 2:24pm NE 29.89 27 28 73.5 92.1 4:56pm 51.9 6:48am 2 10 0.00 5 22 3:03pm ENE 29.91 24 29 74.0 96.8 3:27pm 51.4 5:54am 3 12 0.00 3 22 4:51pm ENE 29.83 24 30 77.1 91.6 2:46pm 62.4 11:29pm 0 12 0.00 7 29 1:25pm ENE 29.62 17 31 66.7 76.8 1:00pm 53.1 3:29am 2 4 0.00 8 37 11:48am WSW 29.59 11 --------------------------------------------------------------------------------------- TOT 74.5 101.2 8/15/08 45.8 8/20/08 75 464 0.00 5 37 8/31/08 ENE 29.82 27 HEAT BASE: 65.0 COOL BASE: 65.0