NOAA-Style Climate Reports

2011: Jan | Feb | Mar | Apr | May | Jun | Jul | Aug | Sep | Oct | Nov | Dec 
2010: Jan | Feb | Mar | Apr | May | Jun | Jul | Aug | Sep | Oct | Nov | Dec 
2009: Jan | Feb | Mar | Apr | May | Jun | Jul | Aug | Sep | Oct | Nov | Dec 
2008: Jan | Feb | Mar | Apr | May | Jun | Jul | Aug | Sep | Oct | Nov | Dec 
2007: Jan | Feb | Mar | Apr | May | Jun | Jul | Aug | Sep | Oct | Nov | Dec 
2006: Jan | Feb | Mar | Apr | May | Jun | Jul | Aug | Sep | Oct | Nov | Dec 
2005: Jan | Feb | Mar | Apr | May | Jun | Jul | Aug | Sep | Oct | Nov | Dec 

Report for 2008 07
MONTHLY CLIMATOLOGICAL SUMMARY FOR 7/2008 HEAT COOL MEAN DEG DEG WIND SPEED DOM MEAN MEAN DAY TEMP HIGH TIME LOW TIME DAYS DAYS RAIN AVG HI TIME DIR BAROM HUM --------------------------------------------------------------------------------------- 1 71.7 90.3 3:07pm 47.4 5:30am 3 10 0.00 4 20 4:08pm NW 29.83 24 2 74.1 93.6 2:22pm 53.6 6:11am 2 11 0.00 4 30 3:15pm NE 29.92 30 3 73.9 93.2 3:06pm 53.9 4:36am 2 11 0.00 4 25 4:53pm NE 29.80 29 4 72.1 85.7 3:52pm 58.6 4:57am 1 8 0.00 5 22 1:39pm ENE 29.82 31 5 71.1 91.2 3:58pm 47.3 5:50am 4 10 0.00 5 25 6:12pm NE 29.87 33 6 74.8 93.4 3:57pm 54.1 5:25am 2 10 0.00 4 19 7:26pm ENE 29.78 33 7 76.6 97.1 4:39pm 54.2 6:00am 2 13 0.00 4 19 7:12pm ENE 29.82 25 8 78.1 97.5 3:24pm 56.5 5:30am 1 14 0.00 4 28 1:18pm ENE 29.86 22 9 78.6 99.2 2:57pm 54.7 5:57am 1 15 0.00 4 23 4:37pm NW 29.85 18 10 79.2 99.2 1:16pm 56.6 5:35am 1 15 0.00 4 28 3:03pm NE 29.77 20 11 75.7 92.5 3:53pm 55.7 5:59am 1 11 0.00 4 20 3:15pm ENE 29.83 23 12 75.4 95.6 3:18pm 54.4 6:07am 2 12 0.00 4 33 5:15pm ENE 29.94 22 13 76.1 95.6 3:16pm 56.6 6:14am 1 12 0.00 4 26 3:03pm NE 29.89 35 14 74.8 94.9 1:56pm 56.6 6:24am 1 10 0.00 4 34 3:52pm ENE 29.85 40 15 75.4 92.5 3:55pm 58.1 5:23am 1 11 0.00 4 22 12:15pm W 29.92 38 16 74.7 91.6 2:26pm 54.5 5:46am 2 11 0.00 4 26 3:37pm NW 29.97 27 17 73.5 91.6 3:45pm 49.4 5:59am 2 10 0.00 5 24 12:34pm W 29.95 23 18 75.1 94.3 3:37pm 48.9 5:57am 2 12 0.00 4 22 4:04pm ENE 29.85 21 19 76.2 97.8 3:13pm 53.1 6:06am 2 13 0.00 4 25 6:22pm ENE 29.74 23 20 76.7 88.6 12:22pm 62.9 5:56am 0 12 0.01 4 20 11:16pm ESE 29.77 29 21 74.2 90.5 2:37pm 59.8 6:14am 0 9 0.01 4 27 5:58pm ENE 29.82 47 22 73.9 88.0 2:39pm 55.7 6:20am 1 9 0.00 6 24 6:28pm NW 29.84 27 23 72.9 93.2 3:59pm 51.4 5:26am 3 10 0.00 4 23 4:58pm ENE 29.88 28 24 74.1 95.6 3:03pm 50.7 6:07am 3 12 0.00 4 23 6:31pm NE 29.85 27 25 73.2 95.1 2:56pm 47.7 6:10am 3 11 0.00 4 21 4:44pm ENE 29.87 23 26 74.8 94.9 2:38pm 51.1 6:05am 2 12 0.00 4 21 3:24pm ENE 29.87 19 27 72.9 93.8 1:58pm 50.5 6:32am 3 11 0.00 5 26 3:06pm ENE 29.87 24 28 74.0 94.5 2:50pm 49.4 5:59am 3 12 0.00 4 24 1:24pm NE 29.90 23 29 73.0 91.2 3:47pm 53.9 4:18am 2 10 0.00 5 26 5:38pm ENE 29.89 21 30 72.2 91.8 3:00pm 48.2 5:35am 3 10 0.00 4 25 5:55pm NW 29.89 23 31 73.3 92.5 3:13pm 52.3 6:12am 2 11 0.00 4 24 3:55pm ENE 29.83 28 --------------------------------------------------------------------------------------- TOT 74.6 99.2 7/9/08 47.3 7/5/08 58 348 0.02 4 34 7/14/08 ENE 29.86 27 HEAT BASE: 65.0 COOL BASE: 65.0