NOAA-Style Climate Reports

2011: Jan | Feb | Mar | Apr | May | Jun | Jul | Aug | Sep | Oct | Nov | Dec 
2010: Jan | Feb | Mar | Apr | May | Jun | Jul | Aug | Sep | Oct | Nov | Dec 
2009: Jan | Feb | Mar | Apr | May | Jun | Jul | Aug | Sep | Oct | Nov | Dec 
2008: Jan | Feb | Mar | Apr | May | Jun | Jul | Aug | Sep | Oct | Nov | Dec 
2007: Jan | Feb | Mar | Apr | May | Jun | Jul | Aug | Sep | Oct | Nov | Dec 
2006: Jan | Feb | Mar | Apr | May | Jun | Jul | Aug | Sep | Oct | Nov | Dec 
2005: Jan | Feb | Mar | Apr | May | Jun | Jul | Aug | Sep | Oct | Nov | Dec 

Report for 2008 06
MONTHLY CLIMATOLOGICAL SUMMARY FOR 6/2008 HEAT COOL MEAN DEG DEG WIND SPEED DOM MEAN MEAN DAY TEMP HIGH TIME LOW TIME DAYS DAYS RAIN AVG HI TIME DIR BAROM HUM --------------------------------------------------------------------------------------- 1 62.7 74.6 2:16pm 50.4 11:57pm 4 2 0.00 5 23 1:42pm NE 29.83 35 2 59.3 77.4 3:44pm 38.5 5:54am 8 3 0.00 4 26 2:46pm NE 29.88 39 3 59.4 70.3 10:10am 45.1 4:33am 6 1 0.00 5 24 1:06pm WSW 29.75 41 4 54.8 60.1 4:07pm 42.1 11:57pm 9 0 0.00 11 33 11:51am N 29.66 34 5 55.1 76.5 2:59pm 33.2 4:33am 11 2 0.00 4 26 5:46pm ENE 29.85 36 6 61.7 72.8 1:01pm 47.3 11:59pm 5 2 0.00 7 29 3:22pm NW 29.70 31 7 56.5 71.8 4:41pm 37.8 5:32am 10 1 0.00 5 21 1:21am N 29.86 30 8 59.8 79.4 4:35pm 36.3 5:55am 9 4 0.00 3 17 7:51pm ENE 29.94 26 9 66.8 86.1 2:34pm 43.2 5:57am 6 7 0.00 6 30 9:55pm ENE 29.83 28 10 66.5 77.6 1:17pm 49.5 11:59pm 2 4 0.00 10 31 2:31pm NNW 29.69 22 11 57.3 75.3 5:04pm 36.5 6:00am 10 2 0.00 5 27 2:55pm N 29.91 24 12 59.1 78.5 4:48pm 36.8 5:44am 9 3 0.00 6 28 3:31pm ENE 29.97 24 13 66.1 88.8 3:17pm 40.2 5:48am 7 8 0.00 4 20 3:59pm ENE 29.96 21 14 69.8 88.0 2:16pm 48.0 5:45am 4 9 0.00 5 29 3:20pm ENE 29.84 28 15 70.6 88.6 3:35pm 48.0 5:01am 3 9 0.00 4 22 4:11pm ENE 29.79 26 16 70.8 90.3 2:17pm 43.1 5:47am 4 10 0.00 4 25 3:10pm W 29.79 20 17 71.0 87.0 1:46pm 51.1 6:10am 2 8 0.00 5 26 5:19pm ENE 29.88 17 18 68.9 85.7 4:26pm 46.1 6:10am 4 8 0.00 4 21 1:14pm NW 29.95 19 19 67.9 89.3 3:08pm 43.2 5:20am 5 8 0.00 3 21 5:56pm ENE 29.92 21 20 72.9 90.3 4:18pm 51.9 5:41am 2 10 0.00 4 22 4:10pm ENE 29.88 24 21 73.1 91.0 3:25pm 53.2 5:58am 2 10 0.00 6 40 4:27pm ENE 29.88 29 22 71.6 86.5 2:17pm 52.0 5:43am 2 9 0.00 6 27 11:58am WSW 29.87 30 23 69.3 87.4 2:35pm 47.0 5:45am 4 8 0.00 5 25 4:37pm NE 29.82 27 24 68.8 91.2 3:03pm 46.1 5:56am 5 8 0.00 4 25 4:49pm NE 29.80 28 25 70.0 89.5 2:45pm 49.2 5:11am 3 8 0.00 4 27 4:37pm ENE 29.76 28 26 71.4 90.5 4:02pm 49.4 6:03am 3 9 0.00 4 18 7:07pm NW 29.76 29 27 73.4 93.8 3:59pm 52.0 5:03am 3 11 0.00 3 20 2:45pm ENE 29.78 27 28 75.5 94.9 3:35pm 53.6 5:48am 1 12 0.00 5 23 5:16pm ENE 29.78 29 29 75.0 93.8 3:55pm 53.8 5:12am 2 11 0.00 5 32 5:39pm SW 29.81 27 30 75.0 93.2 1:48pm 54.1 5:55am 1 11 0.00 5 31 4:38pm WSW 29.78 24 --------------------------------------------------------------------------------------- TOT 66.7 94.9 6/28/08 33.2 6/5/08 146 197 0.00 5 40 6/21/08 ENE 29.83 27 HEAT BASE: 65.0 COOL BASE: 65.0