NOAA-Style Climate Reports

2011: Jan | Feb | Mar | Apr | May | Jun | Jul | Aug | Sep | Oct | Nov | Dec 
2010: Jan | Feb | Mar | Apr | May | Jun | Jul | Aug | Sep | Oct | Nov | Dec 
2009: Jan | Feb | Mar | Apr | May | Jun | Jul | Aug | Sep | Oct | Nov | Dec 
2008: Jan | Feb | Mar | Apr | May | Jun | Jul | Aug | Sep | Oct | Nov | Dec 
2007: Jan | Feb | Mar | Apr | May | Jun | Jul | Aug | Sep | Oct | Nov | Dec 
2006: Jan | Feb | Mar | Apr | May | Jun | Jul | Aug | Sep | Oct | Nov | Dec 
2005: Jan | Feb | Mar | Apr | May | Jun | Jul | Aug | Sep | Oct | Nov | Dec 

Report for 2008 05
MONTHLY CLIMATOLOGICAL SUMMARY FOR 5/2008 HEAT COOL MEAN DEG DEG WIND SPEED DOM MEAN MEAN DAY TEMP HIGH TIME LOW TIME DAYS DAYS RAIN AVG HI TIME DIR BAROM HUM --------------------------------------------------------------------------------------- 1 43.5 61.3 4:44pm 24.1 5:59am 21 0 0.00 3 18 1:23pm ENE 30.10 29 2 49.6 67.3 2:20pm 29.8 6:12am 16 0 0.00 4 28 5:38pm NE 30.04 31 3 52.7 70.1 3:12pm 32.5 6:17am 13 1 0.00 5 22 5:08pm ENE 29.89 38 4 49.5 67.1 12:33pm 34.6 6:02am 16 0 0.02 4 28 1:34pm ENE 29.78 55 5 55.1 74.7 4:39pm 33.2 4:33am 12 2 0.00 4 26 9:47pm ENE 29.88 51 6 60.0 77.4 2:37pm 39.6 6:12am 8 3 0.00 5 25 4:07pm ENE 29.80 40 7 58.4 68.4 12:25pm 45.7 6:05am 7 0 0.00 7 28 3:19pm N 29.74 34 8 53.5 70.6 3:19pm 34.3 5:07am 12 1 0.00 4 23 1:38pm NE 29.85 38 9 55.1 69.3 2:10pm 39.5 4:07am 11 1 0.00 5 24 2:54pm NW 29.80 34 10 57.3 77.0 3:47pm 36.9 6:08am 10 3 0.00 4 22 6:31pm ENE 29.92 40 11 61.0 75.8 2:15pm 45.5 3:03am 6 2 0.00 6 25 2:26pm ENE 29.74 30 12 51.8 62.9 4:18pm 40.9 11:59pm 13 0 0.00 10 31 2:09am N 29.81 27 13 54.0 73.2 5:00pm 31.9 6:02am 12 1 0.00 3 15 3:29pm NE 30.07 22 14 61.3 75.8 3:20pm 43.2 5:09am 7 3 0.00 6 25 3:50pm ENE 30.08 36 15 66.5 80.3 4:11pm 50.4 5:05am 3 5 0.00 7 26 12:22pm NE 30.06 38 16 69.5 90.3 5:03pm 46.0 6:09am 5 9 0.00 3 18 2:48pm ENE 30.02 34 17 71.9 93.4 4:05pm 48.2 5:58am 4 10 0.00 5 25 7:11pm NE 29.98 28 18 73.4 92.7 2:30pm 53.1 4:59am 2 10 0.00 5 27 5:11pm ENE 29.86 34 19 70.3 92.1 2:46pm 44.9 6:05am 4 10 0.00 4 23 5:59pm NE 29.81 28 20 67.5 81.6 12:21pm 51.0 10:38pm 3 5 0.05 11 40 3:21pm SW 29.67 25 21 51.0 60.1 4:36pm 43.6 6:00am 14 0 0.00 11 32 4:40pm N 29.74 43 22 46.1 54.1 5:08pm 37.6 7:36am 19 0 0.00 10 27 5:29pm N 29.55 48 23 46.8 57.8 2:34pm 39.2 3:50am 18 0 0.12 4 22 2:35pm NNW 29.48 69 24 46.3 53.5 2:47pm 41.5 10:50pm 19 0 0.10 4 16 2:11pm S 29.76 73 25 45.9 56.6 2:17pm 40.3 4:12am 19 0 0.23 3 21 3:43pm NE 29.82 79 26 50.6 63.1 3:51pm 41.3 4:11am 14 0 0.00 5 27 5:47pm NW 29.82 66 27 49.3 57.8 3:09pm 44.5 5:10am 16 0 0.05 3 20 4:02pm ENE 29.85 71 28 50.8 62.7 2:39pm 39.9 5:27am 13 0 0.00 4 23 4:50pm E 29.90 59 29 52.4 66.1 2:49pm 37.2 5:59am 12 0 0.00 4 24 4:21pm NNW 29.96 52 30 57.0 74.2 4:06pm 36.3 5:56am 9 2 0.00 3 23 6:31pm NNW 29.96 49 31 62.7 75.3 3:17pm 48.5 5:33am 4 2 0.00 4 24 5:30pm NE 29.85 42 --------------------------------------------------------------------------------------- TOT 56.1 93.4 5/17/08 24.1 5/1/08 342 70 0.57 5 40 5/20/08 ENE 29.86 43 HEAT BASE: 65.0 COOL BASE: 65.0