NOAA-Style Climate Reports

2011: Jan | Feb | Mar | Apr | May | Jun | Jul | Aug | Sep | Oct | Nov | Dec 
2010: Jan | Feb | Mar | Apr | May | Jun | Jul | Aug | Sep | Oct | Nov | Dec 
2009: Jan | Feb | Mar | Apr | May | Jun | Jul | Aug | Sep | Oct | Nov | Dec 
2008: Jan | Feb | Mar | Apr | May | Jun | Jul | Aug | Sep | Oct | Nov | Dec 
2007: Jan | Feb | Mar | Apr | May | Jun | Jul | Aug | Sep | Oct | Nov | Dec 
2006: Jan | Feb | Mar | Apr | May | Jun | Jul | Aug | Sep | Oct | Nov | Dec 
2005: Jan | Feb | Mar | Apr | May | Jun | Jul | Aug | Sep | Oct | Nov | Dec 

Report for 2007 12
MONTHLY CLIMATOLOGICAL SUMMARY FOR 12/2007 HEAT COOL MEAN DEG DEG WIND SPEED DOM MEAN MEAN DAY TEMP HIGH TIME LOW TIME DAYS DAYS RAIN AVG HI TIME DIR BAROM HUM --------------------------------------------------------------------------------------- 1 29.6 41.1 1:05pm 18.8 6:21am 310 0 0.00 6 29 2:26pm ENE 29.84 50 2 38.4 54.2 12:52pm 21.3 6:57am 336 0 0.00 5 37 4:05pm ENE 30.25 22 3 57.1 70.4 2:52pm 37.3 3:57am 345 1 0.00 9 35 9:40am ENE 30.27 10 4 57.1 67.9 2:51pm 47.3 11:58pm 353 1 0.00 3 20 7:18pm ENE 30.19 46 5 46.4 62.6 2:07pm 34.4 7:21am 372 1 0.00 3 21 4:13pm ENE 29.96 67 6 40.0 47.6 10:43am 34.4 4:50am 397 1 0.22 2 26 5:48pm ENE 29.77 76 7 32.2 37.5 12:00am 21.9 11:22pm 428 1 0.36 3 23 7:24pm ENE 29.81 86 8 26.7 31.8 1:32pm 20.3 2:56am 37 0 0.01 5 22 8:36pm N 30.09 78 9 27.7 34.9 1:45pm 19.2 3:07am 37 0 0.02 1 11 1:39pm SSW 30.34 71 10 26.3 35.6 1:30pm 15.1 7:10am 38 0 0.00 4 19 9:51pm NE 30.21 73 11 24.3 35.3 2:29pm 16.5 7:21am 41 0 0.00 2 18 2:07am NE 30.39 65 12 22.5 32.4 3:05pm 16.9 12:00am 42 0 0.00 1 6 12:41pm E 30.52 76 13 23.9 38.3 2:32pm 12.9 3:48am 41 0 0.00 2 16 3:04pm E 30.46 73 14 25.2 41.6 2:20pm 12.8 7:27am 40 0 0.00 1 9 3:29pm ENE 30.44 72 15 33.2 55.0 2:03pm 18.0 6:53am 32 0 0.00 3 23 4:02pm WSW 30.29 64 16 34.6 51.3 2:39pm 17.5 6:00am 30 0 0.00 8 40 9:11pm SSW 30.03 55 17 40.1 49.6 1:17pm 36.0 5:46pm 25 0 0.00 7 41 1:24am SSW 29.89 51 18 41.4 49.9 11:25am 31.9 11:59pm 24 0 0.00 7 36 11:01am S 29.89 59 19 41.3 53.1 1:31pm 31.8 1:56am 23 0 0.00 5 36 9:28pm E 30.03 48 20 33.9 42.9 12:00am 20.0 11:51pm 30 0 0.05 9 39 12:38am S 30.01 62 21 22.6 35.9 2:45pm 12.9 5:49am 42 0 0.00 2 12 3:58pm WSW 30.46 67 22 25.4 35.2 3:28pm 11.4 6:56am 38 0 0.00 1 9 10:13pm WSW 30.64 65 23 38.0 58.0 3:28pm 26.3 2:46am 64 0 0.00 1 7 12:47am WSW 30.53 66 24 36.0 49.6 1:49pm 18.6 11:31pm 92 0 0.00 7 33 2:34pm WSW 30.32 60 25 26.5 40.8 11:20pm 11.1 7:20am 130 0 0.00 2 25 10:51pm NE 30.45 56 26 29.5 38.2 12:41am 17.3 11:58pm 165 0 0.00 10 26 12:42pm N 30.19 40 27 19.7 31.8 2:35pm 6.7 7:03am 206 0 0.00 1 10 11:17pm N 30.31 63 28 30.5 37.8 12:44pm 23.9 1:38am 35 0 0.01 3 16 5:08am ENE 30.13 78 29 39.1 48.9 3:47pm 27.2 2:16am 26 0 0.01 3 19 9:25am NW 30.10 66 30 42.3 52.2 12:49pm 27.9 11:59pm 23 0 0.00 6 28 7:30pm N 30.15 48 31 27.2 37.2 1:50pm 17.3 11:55pm 38 0 0.00 2 14 12:48pm NNW 30.52 69 --------------------------------------------------------------------------------------- TOT 33.6 70.4 12/3/07 6.7 12/27/07 3838 5 0.68 4 41 12/17/07 ENE 30.21 61 HEAT BASE: 65.0 COOL BASE: 65.0