NOAA-Style Climate Reports

2011: Jan | Feb | Mar | Apr | May | Jun | Jul | Aug | Sep | Oct | Nov | Dec 
2010: Jan | Feb | Mar | Apr | May | Jun | Jul | Aug | Sep | Oct | Nov | Dec 
2009: Jan | Feb | Mar | Apr | May | Jun | Jul | Aug | Sep | Oct | Nov | Dec 
2008: Jan | Feb | Mar | Apr | May | Jun | Jul | Aug | Sep | Oct | Nov | Dec 
2007: Jan | Feb | Mar | Apr | May | Jun | Jul | Aug | Sep | Oct | Nov | Dec 
2006: Jan | Feb | Mar | Apr | May | Jun | Jul | Aug | Sep | Oct | Nov | Dec 
2005: Jan | Feb | Mar | Apr | May | Jun | Jul | Aug | Sep | Oct | Nov | Dec 

Report for 2007 11
MONTHLY CLIMATOLOGICAL SUMMARY FOR 11/2007 HEAT COOL MEAN DEG DEG WIND SPEED DOM MEAN MEAN DAY TEMP HIGH TIME LOW TIME DAYS DAYS RAIN AVG HI TIME DIR BAROM HUM --------------------------------------------------------------------------------------- 1 44.7 60.2 4:07pm 31.2 7:26am 20 0 0.00 4 20 2:14pm NNE 30.22 65 2 43.8 60.2 3:18pm 30.1 7:01am 20 0 0.00 4 24 3:31pm E 30.30 56 3 42.3 61.3 3:45pm 26.1 6:40am 40 0 0.00 3 18 3:50pm E 30.39 49 4 44.1 63.4 2:22pm 25.1 6:31am 19 0 0.00 2 14 2:51pm ENE 30.29 39 5 44.5 62.9 11:35am 28.2 6:15am 40 0 0.00 1 6 12:25am ENE 30.22 32 6 45.2 68.6 2:13pm 26.1 6:51am 60 0 0.00 1 16 3:35pm ENE 30.21 34 7 46.5 70.1 2:22pm 27.6 6:11am 79 1 0.00 2 12 3:33pm E 30.19 37 8 49.5 72.3 2:13pm 30.0 5:24am 95 2 0.00 2 11 3:17pm ENE 30.05 38 9 48.1 64.5 11:32am 35.8 11:59pm 112 2 0.00 3 26 1:35pm ENE 29.90 49 10 46.3 62.3 11:58am 28.8 6:51am 130 2 0.03 2 17 3:58pm ENE 29.95 66 11 41.4 49.4 3:18pm 28.1 11:57pm 153 2 0.15 5 27 6:27am ENE 30.03 78 12 38.9 55.3 1:48pm 21.9 6:19am 179 2 0.01 2 8 6:01pm ENE 30.32 68 13 49.8 67.8 2:09pm 34.6 3:01am 195 2 0.00 2 13 12:33pm ENE 30.21 69 14 42.6 53.8 3:26pm 33.8 11:35pm 22 0 0.00 1 7 11:49am NE 30.21 85 15 46.4 71.3 3:07pm 27.8 5:07am 19 1 0.01 2 19 3:14pm NE 30.13 65 16 54.9 68.4 2:43pm 41.8 11:59pm 10 0 0.00 4 21 2:27pm ENE 29.99 31 17 50.0 71.3 1:24pm 35.3 6:35am 26 1 0.00 3 16 3:08pm ENE 30.05 40 18 49.1 71.1 1:30pm 30.6 5:38am 42 2 0.00 3 22 1:15pm ENE 30.03 38 19 50.9 62.7 10:19am 33.1 11:33pm 56 2 0.00 8 36 12:33pm ENE 29.95 35 20 36.5 47.3 2:13pm 28.1 2:49am 84 2 0.00 3 17 3:06pm ENE 30.19 62 21 29.4 44.1 1:56pm 18.9 7:07am 117 2 0.00 3 15 1:10pm ENE 30.38 52 22 28.9 45.8 3:12pm 14.9 5:26am 33 0 0.00 2 13 12:37pm ENE 30.32 49 23 25.6 44.5 2:53pm 11.2 6:29am 71 0 0.00 2 9 10:57am ENE 30.43 44 24 28.0 50.1 2:15pm 10.2 6:46am 105 0 0.00 1 6 7:35am ENE 30.37 37 25 32.6 44.1 3:01pm 23.0 5:58am 138 0 0.00 1 6 4:13am ENE 30.22 35 26 34.2 53.5 1:57pm 17.3 6:06am 168 0 0.00 2 15 10:30pm ENE 30.34 39 27 43.7 52.3 1:56pm 24.1 11:48pm 190 0 0.00 5 24 12:32pm ENE 30.18 36 28 30.7 47.6 2:49pm 16.7 6:51am 224 0 0.00 2 11 10:32pm ENE 30.43 47 29 43.9 59.8 11:53am 26.0 2:33am 244 0 0.00 5 27 2:17pm ENE 30.06 32 30 33.8 40.5 12:46pm 28.2 11:47pm 275 0 0.00 7 33 7:33am ENE 29.72 51 --------------------------------------------------------------------------------------- TOT 41.6 72.3 11/8/07 10.2 11/24/07 2965 21 0.20 3 36 11/19/07 ENE 30.17 49 HEAT BASE: 65.0 COOL BASE: 65.0