NOAA-Style Climate Reports

2011: Jan | Feb | Mar | Apr | May | Jun | Jul | Aug | Sep | Oct | Nov | Dec 
2010: Jan | Feb | Mar | Apr | May | Jun | Jul | Aug | Sep | Oct | Nov | Dec 
2009: Jan | Feb | Mar | Apr | May | Jun | Jul | Aug | Sep | Oct | Nov | Dec 
2008: Jan | Feb | Mar | Apr | May | Jun | Jul | Aug | Sep | Oct | Nov | Dec 
2007: Jan | Feb | Mar | Apr | May | Jun | Jul | Aug | Sep | Oct | Nov | Dec 
2006: Jan | Feb | Mar | Apr | May | Jun | Jul | Aug | Sep | Oct | Nov | Dec 
2005: Jan | Feb | Mar | Apr | May | Jun | Jul | Aug | Sep | Oct | Nov | Dec 

Report for 2007 09
MONTHLY CLIMATOLOGICAL SUMMARY FOR 9/2007 HEAT COOL MEAN DEG DEG WIND SPEED DOM MEAN MEAN DAY TEMP HIGH TIME LOW TIME DAYS DAYS RAIN AVG HI TIME DIR BAROM HUM --------------------------------------------------------------------------------------- 1 74.3 89.7 2:28pm 55.9 5:45am 1 11 0.00 4 24 1:40pm NE 29.84 43 2 76.5 93.2 3:37pm 59.6 7:29am 0 11 0.00 4 23 3:54pm ENE 29.77 27 3 76.4 92.9 2:15pm 57.0 4:33am 1 12 0.00 5 33 1:34pm SW 29.73 26 4 71.7 79.6 3:05pm 59.0 11:58pm 0 7 0.00 9 40 12:56pm W 29.62 22 5 62.2 77.0 5:21pm 44.3 6:52am 6 3 0.00 5 23 12:21am ENE 29.76 39 6 65.9 83.2 4:33pm 47.6 6:58am 5 6 0.00 4 22 2:18pm ENE 29.86 34 7 69.7 88.6 2:53pm 50.2 7:08am 3 8 0.00 4 25 6:08pm ENE 29.86 28 8 69.6 87.2 3:58pm 50.4 6:24am 3 8 0.00 4 42 5:45pm NE 29.82 29 9 69.7 85.9 3:53pm 53.8 5:46am 2 7 0.00 4 26 4:07pm ENE 29.83 27 10 65.9 80.9 5:19pm 48.5 6:57am 4 5 0.00 5 23 4:33pm N 29.97 19 11 68.3 88.2 3:01pm 47.4 6:50am 5 8 0.00 3 21 4:46pm NNE 29.93 23 12 70.7 87.4 3:01pm 53.3 6:41am 2 8 0.00 5 26 2:07pm SSW 29.79 25 13 68.4 78.8 2:42pm 52.5 11:47pm 1 5 0.00 9 34 3:33pm S 29.72 24 14 57.7 73.5 2:05pm 39.9 6:36am 9 2 0.00 5 26 4:46pm ENE 29.86 32 15 58.9 77.2 3:26pm 40.6 7:01am 8 2 0.00 3 19 5:44pm ENE 29.93 33 16 59.4 74.0 1:53pm 41.2 7:11am 7 2 0.00 4 26 4:37pm ENE 29.86 33 17 59.6 73.2 3:48pm 44.5 7:33am 7 2 0.00 3 17 4:26pm NNW 29.86 40 18 59.7 75.8 3:30pm 40.9 6:56am 8 3 0.00 5 26 3:39pm ENE 29.82 37 19 56.7 64.8 11:54am 41.6 10:40pm 8 0 0.08 13 44 11:51am SSW 29.60 36 20 53.5 69.3 5:20pm 40.5 5:00am 12 1 0.11 6 38 3:08pm ENE 29.77 55 21 61.6 71.8 3:46pm 49.8 5:00am 5 1 0.00 7 26 10:52am E 29.77 38 22 51.7 58.1 3:27pm 45.1 11:17pm 13 0 0.08 4 23 4:41pm E 29.70 63 23 50.6 58.4 2:37pm 44.3 11:38pm 27 0 0.01 5 24 2:58pm NNW 29.88 58 24 48.9 61.5 4:52pm 34.0 6:46am 16 0 0.00 4 21 4:05pm ENE 30.13 47 25 51.9 68.9 3:39pm 34.4 7:04am 14 0 0.00 4 19 3:43pm ENE 30.15 35 26 55.6 73.3 4:59pm 37.5 6:30am 11 2 0.00 4 19 3:43pm ENE 30.11 32 27 59.5 75.8 1:55pm 39.3 5:57am 8 3 0.00 4 21 3:20pm ENE 29.90 31 28 56.4 67.3 2:31pm 35.2 11:57pm 9 0 0.00 10 41 11:41pm SSW 29.61 37 29 42.6 58.4 4:24pm 29.0 7:11am 22 0 0.01 3 34 12:02am ENE 30.02 56 30 52.5 76.1 3:06pm 30.6 7:10am 14 2 0.00 5 32 3:55pm ENE 30.02 34 --------------------------------------------------------------------------------------- TOT 61.5 93.2 9/2/07 29.0 9/29/07 234 116 0.29 5 44 9/19/07 ENE 29.85 35 HEAT BASE: 65.0 COOL BASE: 65.0