NOAA-Style Climate Reports

2011: Jan | Feb | Mar | Apr | May | Jun | Jul | Aug | Sep | Oct | Nov | Dec 
2010: Jan | Feb | Mar | Apr | May | Jun | Jul | Aug | Sep | Oct | Nov | Dec 
2009: Jan | Feb | Mar | Apr | May | Jun | Jul | Aug | Sep | Oct | Nov | Dec 
2008: Jan | Feb | Mar | Apr | May | Jun | Jul | Aug | Sep | Oct | Nov | Dec 
2007: Jan | Feb | Mar | Apr | May | Jun | Jul | Aug | Sep | Oct | Nov | Dec 
2006: Jan | Feb | Mar | Apr | May | Jun | Jul | Aug | Sep | Oct | Nov | Dec 
2005: Jan | Feb | Mar | Apr | May | Jun | Jul | Aug | Sep | Oct | Nov | Dec 

Report for 2007 06
MONTHLY CLIMATOLOGICAL SUMMARY FOR 6/2007 HEAT COOL MEAN DEG DEG WIND SPEED DOM MEAN MEAN DAY TEMP HIGH TIME LOW TIME DAYS DAYS RAIN AVG HI TIME DIR BAROM HUM --------------------------------------------------------------------------------------- 1 67.5 85.7 1:25pm 52.0 5:39am 2 5 0.00 4 35 1:57pm ENE 29.73 33 2 69.1 86.7 2:13pm 49.4 5:00am 3 7 0.00 5 29 4:36pm ENE 29.75 34 3 69.5 85.1 4:03pm 47.4 6:10am 3 8 0.00 6 27 4:29pm W 29.82 24 4 69.1 83.2 3:02pm 54.4 5:49am 2 6 0.00 5 28 5:01pm ENE 29.78 22 5 57.7 63.9 3:23am 41.2 11:31pm 7 0 0.01 14 40 10:02am WSW 29.65 32 6 45.7 52.8 7:14pm 38.2 11:50pm 19 0 0.01 8 31 1:36pm W 29.89 42 7 50.7 68.1 5:53pm 30.4 4:32am 14 0 0.00 4 21 2:27pm NE 29.97 35 8 58.6 75.3 3:51pm 38.9 4:57am 9 2 0.00 5 25 6:35pm ENE 29.86 30 9 64.3 80.3 2:19pm 44.6 5:53am 6 5 0.00 5 26 5:22pm NE 29.84 29 10 65.3 78.1 2:32pm 47.7 4:56am 4 4 0.00 7 34 4:32pm W 29.73 32 11 64.6 79.0 3:32pm 47.7 6:44am 5 4 0.00 5 26 3:59pm ENE 29.73 43 12 67.7 84.1 2:50pm 48.2 5:54am 4 7 0.00 5 25 5:43pm NE 29.88 33 13 71.8 87.6 2:32pm 52.0 5:25am 2 9 0.00 5 24 3:50pm ENE 29.89 26 14 73.4 90.1 3:09pm 54.8 5:57am 2 10 0.00 5 27 3:46pm ENE 29.77 27 15 73.5 90.1 2:48pm 52.9 4:47am 2 10 0.00 5 27 1:47pm ENE 29.71 26 16 75.9 89.0 1:04pm 63.2 11:55pm 0 11 0.00 8 32 2:00pm ENE 29.67 21 17 70.3 85.9 5:30pm 48.3 5:52am 2 8 0.00 5 23 7:34pm NNW 29.78 21 18 70.9 89.3 3:42pm 49.6 5:57am 3 9 0.00 4 23 6:52pm ENE 29.74 19 19 73.6 89.9 2:40pm 55.7 4:14am 2 10 0.00 5 26 4:18pm ENE 29.76 25 20 73.9 85.7 3:44pm 56.3 6:03am 0 9 0.00 6 30 11:50am W 29.85 19 21 71.8 88.8 3:13pm 48.8 5:58am 2 9 0.00 4 26 5:09pm NNW 29.89 19 22 71.6 90.7 2:11pm 49.4 5:30am 3 10 0.00 6 32 4:53pm ENE 29.83 17 23 71.1 86.5 1:24pm 47.9 6:03am 2 8 0.00 8 33 3:17pm W 29.73 14 24 66.5 80.9 1:48pm 48.8 5:19am 3 5 0.00 6 27 1:46pm ENE 29.73 16 25 65.5 83.0 5:41pm 42.5 5:40am 6 6 0.00 4 19 3:15pm NNW 29.91 24 26 69.4 86.3 2:10pm 49.4 5:51am 3 8 0.00 5 25 5:16pm ENE 29.86 20 27 70.8 86.5 3:13pm 48.5 5:47am 3 8 0.00 5 28 5:04pm W 29.85 23 28 71.5 84.7 2:53pm 55.4 6:51am 1 8 0.00 7 31 5:34pm W 29.81 23 29 72.1 84.0 3:11pm 59.0 3:11am 1 8 0.00 7 29 11:02am W 29.79 28 30 72.6 87.2 2:54pm 55.3 6:15am 1 8 0.00 5 28 3:51pm W 29.83 26 --------------------------------------------------------------------------------------- TOT 67.9 90.7 6/22/07 30.4 6/7/07 119 204 0.02 6 40 6/5/07 ENE 29.80 26 HEAT BASE: 65.0 COOL BASE: 65.0