NOAA-Style Climate Reports

2011: Jan | Feb | Mar | Apr | May | Jun | Jul | Aug | Sep | Oct | Nov | Dec 
2010: Jan | Feb | Mar | Apr | May | Jun | Jul | Aug | Sep | Oct | Nov | Dec 
2009: Jan | Feb | Mar | Apr | May | Jun | Jul | Aug | Sep | Oct | Nov | Dec 
2008: Jan | Feb | Mar | Apr | May | Jun | Jul | Aug | Sep | Oct | Nov | Dec 
2007: Jan | Feb | Mar | Apr | May | Jun | Jul | Aug | Sep | Oct | Nov | Dec 
2006: Jan | Feb | Mar | Apr | May | Jun | Jul | Aug | Sep | Oct | Nov | Dec 
2005: Jan | Feb | Mar | Apr | May | Jun | Jul | Aug | Sep | Oct | Nov | Dec 

Report for 2007 04
MONTHLY CLIMATOLOGICAL SUMMARY FOR 4/2007 HEAT COOL MEAN DEG DEG WIND SPEED DOM MEAN MEAN DAY TEMP HIGH TIME LOW TIME DAYS DAYS RAIN AVG HI TIME DIR BAROM HUM --------------------------------------------------------------------------------------- 1 53.2 66.1 12:52pm 37.2 6:26am 12 0 0.00 6 28 4:14pm SW 29.85 36 2 54.8 68.4 3:55pm 40.2 6:34am 10 0 0.00 6 21 1:21pm ENE 29.90 22 3 54.9 73.2 2:44pm 35.9 6:13am 11 1 0.00 3 19 9:56pm ENE 30.00 33 4 60.2 75.6 3:47pm 41.8 7:13am 7 2 0.00 5 24 2:41pm ENE 29.95 27 5 56.7 71.6 4:42pm 43.8 5:32am 9 1 0.00 4 28 7:28pm ENE 29.98 33 6 60.6 77.6 2:54pm 44.8 6:55am 6 2 0.00 5 35 3:32pm ENE 29.83 41 7 57.7 66.6 1:25pm 49.1 5:17am 7 0 0.00 8 31 4:14pm W 29.73 41 8 55.7 67.1 3:45pm 43.3 6:49am 9 0 0.00 6 28 5:20pm W 29.79 41 9 55.0 64.3 3:37pm 44.6 11:32pm 9 0 0.00 14 36 6:33am WSW 29.83 32 10 45.9 58.0 4:01pm 31.3 6:47am 16 0 0.00 6 26 3:55pm NNW 30.06 33 11 41.7 49.1 12:54pm 31.9 6:18am 23 0 0.01 7 29 8:24am W 29.88 42 12 37.7 48.0 5:05pm 27.8 6:53am 26 0 0.00 8 28 7:36am NNE 30.02 47 13 45.7 64.2 4:55pm 25.7 6:42am 19 0 0.00 4 18 8:17pm ENE 30.16 44 14 46.3 52.8 9:28am 38.9 9:21pm 19 0 0.00 8 33 12:04pm SSW 29.89 46 15 42.1 50.7 6:10pm 37.2 5:47am 18 0 0.00 9 31 9:56am N 30.00 58 16 48.0 66.9 6:15pm 28.5 6:34am 15 0 0.00 3 15 1:53pm ENE 30.10 41 17 47.9 62.0 11:46am 26.6 10:36pm 17 0 0.00 11 42 2:25pm SW 29.92 44 18 33.1 41.6 3:57pm 26.3 3:33am 32 0 0.14 7 33 2:58pm NNW 30.11 61 19 35.6 48.9 3:30pm 23.3 6:28am 28 0 0.00 5 23 5:39pm E 29.97 55 20 41.1 52.2 5:57pm 33.4 7:00am 23 0 0.00 6 18 6:52pm N 29.81 55 21 43.1 52.5 12:48pm 29.5 6:27am 22 0 0.00 6 30 2:50pm W 29.90 55 22 43.2 49.8 1:19pm 38.0 7:37am 21 0 0.03 8 35 1:51pm SSW 29.83 58 23 46.3 59.0 5:48pm 36.5 3:54am 16 0 0.00 4 17 5:00pm NNW 30.10 54 24 53.6 70.4 5:37pm 33.1 6:13am 12 1 0.00 3 16 2:46pm NE 30.16 42 25 54.1 69.8 1:17pm 38.5 5:35am 11 0 0.00 6 28 3:26pm ENE 29.97 36 26 55.8 71.1 5:35pm 36.9 6:13am 10 1 0.00 5 26 1:26pm ENE 29.98 41 27 60.9 80.9 3:51pm 41.5 6:24am 7 3 0.00 3 17 4:55pm ENE 29.99 36 28 65.9 81.4 2:08pm 45.8 6:31am 4 5 0.00 4 24 3:13pm ENE 29.91 32 29 65.5 76.1 4:30pm 52.9 5:24am 3 3 0.00 7 27 11:25am SW 29.85 25 30 64.4 75.8 3:19pm 51.7 3:33am 4 3 0.00 6 24 4:42pm ENE 29.83 24 --------------------------------------------------------------------------------------- TOT 50.9 81.4 4/28/07 23.3 4/19/07 426 24 0.18 6 42 4/17/07 ENE 29.94 41 HEAT BASE: 65.0 COOL BASE: 65.0