NOAA-Style Climate Reports

2011: Jan | Feb | Mar | Apr | May | Jun | Jul | Aug | Sep | Oct | Nov | Dec 
2010: Jan | Feb | Mar | Apr | May | Jun | Jul | Aug | Sep | Oct | Nov | Dec 
2009: Jan | Feb | Mar | Apr | May | Jun | Jul | Aug | Sep | Oct | Nov | Dec 
2008: Jan | Feb | Mar | Apr | May | Jun | Jul | Aug | Sep | Oct | Nov | Dec 
2007: Jan | Feb | Mar | Apr | May | Jun | Jul | Aug | Sep | Oct | Nov | Dec 
2006: Jan | Feb | Mar | Apr | May | Jun | Jul | Aug | Sep | Oct | Nov | Dec 
2005: Jan | Feb | Mar | Apr | May | Jun | Jul | Aug | Sep | Oct | Nov | Dec 

Report for 2007 01
MONTHLY CLIMATOLOGICAL SUMMARY FOR 1/2007 HEAT COOL MEAN DEG DEG WIND SPEED DOM MEAN MEAN DAY TEMP HIGH TIME LOW TIME DAYS DAYS RAIN AVG HI TIME DIR BAROM HUM --------------------------------------------------------------------------------------- 1 33.7 45.1 2:55pm 24.1 11:59pm 30 0 0.00 3 14 3:19pm ENE 30.47 67 2 32.7 45.1 1:46pm 21.0 4:37am 32 0 0.00 2 10 11:30am E 30.41 65 3 46.9 59.0 12:06pm 29.1 2:45am 50 0 0.00 8 35 12:21pm WSW 30.04 41 4 37.1 49.6 1:50am 26.9 11:51pm 28 0 0.21 9 35 9:07pm NW 29.96 74 5 23.3 29.7 1:46pm 15.2 7:36am 41 0 0.00 4 24 12:05am N 30.61 62 6 29.3 46.7 2:06pm 14.8 6:26am 77 0 0.00 3 22 3:23pm N 30.62 64 7 32.4 49.4 2:51pm 21.1 6:27am 31 0 0.00 2 7 12:39am ENE 30.72 68 8 32.4 47.6 1:49pm 20.0 7:35am 32 0 0.00 2 15 2:40pm ENE 30.69 61 9 32.3 50.5 3:11pm 18.1 7:32am 32 0 0.00 2 8 11:58pm ENE 30.38 63 10 40.8 53.8 9:52am 22.1 4:57am 23 0 0.00 10 41 2:47pm WSW 29.89 37 11 22.7 43.9 12:00am 5.6 9:50pm 38 0 0.00 10 34 12:00am ENE 29.94 68 12 10.7 19.2 1:14pm -0.4 11:39pm 51 0 0.00 5 21 9:09am ENE 30.38 62 13 8.3 23.9 3:03pm -5.6 7:27am 57 0 0.00 2 7 12:33am ENE 30.59 54 14 15.3 28.8 1:09pm 4.5 4:28am 50 0 0.00 4 21 1:36pm ENE 30.57 58 15 14.2 30.0 3:43pm 1.7 7:09am 49 0 0.00 2 7 12:00am ENE 30.84 62 16 16.7 34.3 3:18pm 2.4 7:03am 47 0 0.00 2 9 4:02pm ENE 30.56 62 17 24.0 35.3 3:52pm 13.5 10:43pm 41 0 0.00 3 23 11:25am ENE 30.42 57 18 22.2 39.6 3:27pm 8.4 6:36am 41 0 0.00 3 13 2:40pm ENE 30.65 58 19 25.2 41.2 3:01pm 9.9 5:35am 37 0 0.00 2 12 3:06pm ENE 30.46 55 20 28.2 43.3 2:57pm 14.0 4:59am 37 0 0.00 4 22 2:33pm ENE 30.31 55 21 24.1 37.6 3:50pm 12.9 6:14am 41 0 0.00 3 14 11:03am ENE 30.51 54 22 24.7 43.1 3:47pm 10.9 6:55am 81 0 0.00 2 10 10:50pm ENE 30.62 47 23 29.1 48.6 3:22pm 13.8 7:12am 33 0 0.00 2 12 3:35pm ENE 30.59 48 24 31.6 50.2 2:31pm 17.8 6:45am 33 0 0.00 2 12 2:48pm ENE 30.47 52 25 33.7 54.4 2:53pm 17.7 6:25am 31 0 0.00 2 10 3:42pm ENE 30.31 53 26 32.5 49.6 2:47pm 20.5 7:21am 33 0 0.00 3 16 2:01pm ENE 30.13 55 27 35.1 48.6 2:40pm 18.3 7:17am 29 0 0.00 4 16 12:40pm NE 30.09 52 28 32.1 42.5 3:08pm 23.3 7:52am 26 0 0.00 4 21 1:51pm ENE 30.22 63 29 32.0 46.8 3:45pm 19.9 4:26am 46 0 0.00 3 14 1:51pm ENE 30.28 63 30 32.6 48.8 2:38pm 20.5 7:53am 32 0 0.00 3 22 2:25pm ENE 30.06 58 31 31.4 48.3 3:25pm 18.4 6:59am 34 0 0.00 2 13 1:51pm ENE 30.05 53 --------------------------------------------------------------------------------------- TOT 27.9 59.0 1/3/07 -5.6 1/13/07 1243 0 0.21 4 41 1/10/07 ENE 30.38 58 HEAT BASE: 65.0 COOL BASE: 65.0