NOAA-Style Climate Reports

2011: Jan | Feb | Mar | Apr | May | Jun | Jul | Aug | Sep | Oct | Nov | Dec 
2010: Jan | Feb | Mar | Apr | May | Jun | Jul | Aug | Sep | Oct | Nov | Dec 
2009: Jan | Feb | Mar | Apr | May | Jun | Jul | Aug | Sep | Oct | Nov | Dec 
2008: Jan | Feb | Mar | Apr | May | Jun | Jul | Aug | Sep | Oct | Nov | Dec 
2007: Jan | Feb | Mar | Apr | May | Jun | Jul | Aug | Sep | Oct | Nov | Dec 
2006: Jan | Feb | Mar | Apr | May | Jun | Jul | Aug | Sep | Oct | Nov | Dec 
2005: Jan | Feb | Mar | Apr | May | Jun | Jul | Aug | Sep | Oct | Nov | Dec 

Report for 2006 12
MONTHLY CLIMATOLOGICAL SUMMARY FOR 12/2006 HEAT COOL MEAN DEG DEG WIND SPEED DOM MEAN MEAN DAY TEMP HIGH TIME LOW TIME DAYS DAYS RAIN AVG HI TIME DIR BAROM HUM --------------------------------------------------------------------------------------- 1 33.1 48.2 2:12pm 19.4 6:58am 31 0 0.00 4 19 1:16pm NE 30.45 50 2 25.6 38.9 2:01pm 15.7 6:46am 39 0 0.00 3 14 2:04pm ENE 30.64 69 3 23.8 40.5 3:03pm 12.3 6:39am 40 0 0.00 3 12 3:29pm ENE 30.74 65 4 27.7 47.7 2:54pm 12.9 7:13am 37 0 0.00 2 8 1:51pm ENE 30.61 57 5 30.6 51.3 3:43pm 14.9 5:58am 33 0 0.00 2 9 5:54am ENE 30.51 51 6 32.1 51.7 2:45pm 18.1 6:35am 32 0 0.00 2 12 3:36pm ENE 30.51 44 7 31.6 53.9 2:17pm 16.1 6:35am 32 0 0.00 2 7 5:59pm ENE 30.47 44 8 33.3 48.6 2:40pm 17.5 5:47am 32 0 0.00 4 25 11:58pm ENE 30.13 43 9 48.9 56.7 11:46am 39.2 11:58pm 16 0 0.00 12 39 11:11pm SSW 29.74 44 10 38.0 43.3 2:45pm 28.4 11:36pm 27 0 0.00 8 30 1:13am SW 30.02 52 11 35.3 50.4 2:21pm 18.4 6:32am 30 0 0.00 3 22 2:44pm ENE 30.40 57 12 46.7 53.6 11:59am 40.3 11:29pm 18 0 0.00 5 27 3:26pm ENE 30.26 58 13 51.1 58.6 1:30pm 41.1 3:31am 14 0 0.02 4 26 2:36pm W 30.23 61 14 52.6 61.8 1:37pm 42.3 7:05am 25 0 0.00 6 30 1:45pm W 30.05 41 15 43.7 53.5 12:03am 30.3 11:51pm 21 0 0.00 12 34 12:03pm WSW 29.90 46 16 25.7 30.4 12:00am 21.1 11:59pm 32 0 0.00 3 17 12:07am N 29.99 62 17 22.1 33.7 12:57pm 10.2 11:43pm 44 0 0.10 2 9 3:40pm ENE 30.24 76 18 13.9 34.9 2:49pm 2.8 6:55am 13 0 0.00 1 6 1:50am ENE 30.60 60 19 14.0 34.9 2:49pm 2.8 6:55am 14 0 0.00 2 6 1:50am ENE 30.60 60 20 25.6 37.6 2:11pm 9.5 7:52am 40 0 0.00 2 7 6:32pm ENE 30.48 53 21 29.8 41.1 5:49pm 15.9 3:25am 34 0 0.09 2 14 9:14pm E 30.31 72 22 32.8 40.2 3:29pm 22.9 10:56pm 28 0 0.00 3 15 5:50am ENE 30.34 71 23 35.8 52.8 12:19pm 18.8 6:33am 29 0 0.00 3 17 4:01pm E 30.45 67 24 35.5 46.2 3:24pm 25.1 7:17am 29 0 0.00 2 9 4:59pm ENE 30.42 73 25 50.0 59.9 11:29am 35.9 12:00am 15 0 0.00 7 37 8:55pm SW 30.22 24 26 49.9 58.0 6:03am 37.9 9:49pm 15 0 0.08 19 55 5:31pm S 29.85 43 27 34.0 42.8 11:23am 24.2 11:19pm 29 0 0.04 12 34 3:18pm N 29.84 64 28 23.5 31.8 12:14pm 16.2 11:57pm 41 0 0.00 4 18 1:48pm ENE 30.46 60 29 22.6 35.5 2:45pm 12.3 6:53am 42 0 0.00 2 10 3:29pm ENE 30.59 66 30 25.3 41.5 2:58pm 13.8 7:19am 38 0 0.00 2 14 3:31pm ENE 30.48 67 31 27.4 39.3 2:54pm 17.0 3:34am 36 0 0.00 2 9 1:11pm NE 30.39 72 --------------------------------------------------------------------------------------- TOT 34.3 61.8 12/14/06 2.8 12/19/06 905 0 0.33 5 55 12/26/06 ENE 30.31 57 HEAT BASE: 65.0 COOL BASE: 65.0