NOAA-Style Climate Reports

2011: Jan | Feb | Mar | Apr | May | Jun | Jul | Aug | Sep | Oct | Nov | Dec 
2010: Jan | Feb | Mar | Apr | May | Jun | Jul | Aug | Sep | Oct | Nov | Dec 
2009: Jan | Feb | Mar | Apr | May | Jun | Jul | Aug | Sep | Oct | Nov | Dec 
2008: Jan | Feb | Mar | Apr | May | Jun | Jul | Aug | Sep | Oct | Nov | Dec 
2007: Jan | Feb | Mar | Apr | May | Jun | Jul | Aug | Sep | Oct | Nov | Dec 
2006: Jan | Feb | Mar | Apr | May | Jun | Jul | Aug | Sep | Oct | Nov | Dec 
2005: Jan | Feb | Mar | Apr | May | Jun | Jul | Aug | Sep | Oct | Nov | Dec 

Report for 2006 09
MONTHLY CLIMATOLOGICAL SUMMARY FOR 9/2006 HEAT COOL MEAN DEG DEG WIND SPEED DOM MEAN MEAN DAY TEMP HIGH TIME LOW TIME DAYS DAYS RAIN AVG HI TIME DIR BAROM HUM --------------------------------------------------------------------------------------- 1 68.6 86.1 4:41pm 47.6 5:18am 4 8 0.00 5 24 3:55pm ENE 30.12 23 2 70.8 89.3 3:20pm 52.9 6:44am 3 9 0.00 4 25 6:15pm ENE 30.06 26 3 72.9 88.6 3:32pm 54.1 6:42am 1 9 0.00 4 22 2:21pm ENE 30.01 27 4 72.3 90.5 4:18pm 52.6 6:10am 4 19 0.00 4 20 5:22pm ENE 30.10 31 5 73.7 91.4 2:33pm 52.9 6:48am 2 11 0.00 4 27 4:20pm ENE 30.21 29 6 73.9 89.7 2:25pm 56.6 5:21am 1 10 0.00 5 24 3:20pm WNW 30.15 31 7 69.8 87.2 3:24pm 51.1 6:52am 3 8 0.00 4 19 4:07pm ENE 30.02 32 8 69.0 84.0 2:36pm 54.4 6:13am 2 6 0.00 4 27 4:27pm E 29.93 33 9 65.9 80.3 1:50pm 46.8 6:01am 3 4 0.00 5 26 3:20pm NW 30.00 27 10 65.4 83.8 4:10pm 46.0 6:50am 6 6 0.00 5 23 5:03pm ENE 30.12 26 11 70.0 87.2 2:55pm 49.5 7:00am 3 8 0.00 5 23 4:23pm ENE 30.18 22 12 70.6 90.1 3:07pm 50.5 6:18am 3 9 0.00 4 19 6:18pm ENE 30.11 22 13 71.3 89.0 1:21pm 51.3 7:01am 3 9 0.00 4 20 4:07pm ENE 29.71 27 14 66.2 75.8 1:40pm 56.5 11:49pm 1 3 0.00 10 37 2:12pm WSW 29.43 28 15 51.9 57.5 12:14am 40.3 11:53pm 13 0 0.00 10 40 1:25pm W 29.65 30 16 47.9 65.0 4:50pm 30.0 6:00am 17 0 0.00 4 19 1:19pm ENE 30.11 39 17 54.8 73.9 4:28pm 35.5 5:59am 12 2 0.00 4 26 4:45pm ENE 30.12 30 18 61.5 82.0 3:13pm 41.9 6:11am 8 4 0.00 4 23 5:04pm ENE 29.94 29 19 64.2 74.0 12:50pm 52.3 11:59pm 3 2 0.00 9 39 2:28pm WSW 29.75 21 20 51.9 65.3 5:36pm 36.5 7:16am 13 0 0.00 4 26 12:02am ENE 30.04 36 21 58.9 76.0 3:50pm 39.8 6:43am 8 2 0.00 6 31 11:05pm NE 29.84 34 22 50.8 60.2 4:35pm 38.9 7:14am 14 0 0.00 6 35 4:16pm NE 29.93 31 23 50.2 66.8 5:11pm 32.5 6:50am 15 0 0.00 4 20 1:13pm ENE 30.13 33 24 53.7 72.1 5:01pm 33.8 7:05am 12 1 0.00 4 19 6:03pm ENE 30.13 25 25 56.1 76.0 5:05pm 36.6 7:00am 11 2 0.00 3 18 2:53pm ENE 30.08 22 26 59.5 79.6 3:56pm 39.8 7:14am 9 4 0.00 4 19 3:00pm ENE 30.08 19 27 61.3 81.4 2:40pm 39.3 7:11am 8 4 0.00 4 25 2:38pm ENE 30.11 21 28 63.4 84.3 3:57pm 41.9 7:07am 7 6 0.00 3 19 7:08pm ENE 30.06 20 29 63.9 84.5 4:10pm 43.3 7:04am 6 5 0.00 4 20 2:56pm ENE 29.96 23 30 64.6 81.6 2:26pm 47.0 7:31am 4 4 0.00 3 18 3:53pm W 29.83 22 --------------------------------------------------------------------------------------- TOT 63.2 91.4 9/5/06 30.0 9/16/06 202 155 0.00 5 40 9/15/06 ENE 30.00 27 HEAT BASE: 65.0 COOL BASE: 65.0