NOAA-Style Climate Reports

2011: Jan | Feb | Mar | Apr | May | Jun | Jul | Aug | Sep | Oct | Nov | Dec 
2010: Jan | Feb | Mar | Apr | May | Jun | Jul | Aug | Sep | Oct | Nov | Dec 
2009: Jan | Feb | Mar | Apr | May | Jun | Jul | Aug | Sep | Oct | Nov | Dec 
2008: Jan | Feb | Mar | Apr | May | Jun | Jul | Aug | Sep | Oct | Nov | Dec 
2007: Jan | Feb | Mar | Apr | May | Jun | Jul | Aug | Sep | Oct | Nov | Dec 
2006: Jan | Feb | Mar | Apr | May | Jun | Jul | Aug | Sep | Oct | Nov | Dec 
2005: Jan | Feb | Mar | Apr | May | Jun | Jul | Aug | Sep | Oct | Nov | Dec 

Report for 2006 07
MONTHLY CLIMATOLOGICAL SUMMARY FOR 7/2006 HEAT COOL MEAN DEG DEG WIND SPEED DOM MEAN MEAN DAY TEMP HIGH TIME LOW TIME DAYS DAYS RAIN AVG HI TIME DIR BAROM HUM --------------------------------------------------------------------------------------- 1 74.4 89.3 3:28pm 56.9 5:40am 2 20 0.00 4 23 4:09pm NNW 30.13 35 2 73.9 88.8 2:26pm 58.0 6:10am 1 10 0.00 5 27 3:33pm ENE 30.12 31 3 73.3 68.4 12:00am 68.4 12:00am 3 20 0.00 5 5 12:00am ENE 30.19 29 4 75.4 88.6 1:44pm 52.2 6:05am 4 30 0.00 5 29 5:03pm W 30.17 24 5 71.8 85.9 2:34pm 53.5 5:02am 2 8 0.00 6 25 4:20pm W 30.09 28 6 70.7 83.4 2:00pm 56.0 5:22am 2 7 0.00 6 26 2:31pm WNW 30.13 31 7 71.1 90.5 5:33pm 48.0 6:19am 4 10 0.00 4 22 2:37pm ENE 30.26 28 8 73.6 91.4 2:40pm 56.0 6:29am 1 10 0.00 5 32 6:47pm ENE 30.19 31 9 73.9 91.2 3:42pm 54.1 6:28am 2 11 0.00 4 23 4:57pm W 30.10 36 10 75.2 89.0 3:36pm 57.3 6:06am 1 11 0.00 6 37 2:23pm E 30.04 30 11 75.4 88.2 3:00pm 61.5 3:57am 0 11 0.00 8 38 2:49pm W 30.04 25 12 73.1 84.1 1:18pm 59.6 5:27am 0 9 0.00 7 28 3:12pm W 30.13 26 13 71.2 90.3 3:31pm 48.9 6:12am 4 10 0.00 5 22 6:07pm ENE 30.24 30 14 75.7 93.4 3:17pm 53.9 5:57am 2 12 0.00 5 24 5:17pm ENE 30.18 26 15 77.9 93.2 3:38pm 57.3 6:14am 1 13 0.00 4 19 2:23pm ENE 30.18 29 16 79.4 94.9 3:35pm 61.2 5:23am 0 15 0.00 5 23 5:08pm W 30.20 30 17 80.1 98.5 2:45pm 59.6 5:37am 1 16 0.00 5 25 3:31pm NE 30.17 30 18 78.6 95.9 2:48pm 62.6 6:11am 0 14 0.00 5 37 5:53pm E 30.10 34 19 79.5 93.4 3:44pm 64.7 6:18am 0 14 0.00 5 24 5:39pm NE 30.10 38 20 77.9 93.8 12:32pm 61.8 6:15am 0 13 0.00 5 40 3:52pm NE 30.20 36 21 75.6 93.6 5:33pm 64.0 7:06am 0 11 0.01 4 30 6:50pm ENE 30.25 46 22 79.1 96.8 3:01pm 60.7 5:40am 0 15 0.01 5 31 7:46pm ENE 30.19 48 23 81.9 93.2 5:05pm 68.9 5:36am 0 17 0.00 3 18 1:58pm ENE 30.12 36 24 82.7 96.6 4:18pm 66.3 6:01am 0 17 0.00 4 21 6:31pm WNW 30.05 32 25 82.1 96.3 3:32pm 64.7 6:00am 0 34 0.00 5 23 4:21pm W 30.02 29 26 80.7 94.5 1:32pm 62.4 6:18am 0 16 0.00 5 26 4:57pm NW 30.10 24 27 80.2 96.6 2:56pm 60.5 6:05am 0 31 0.00 4 26 4:26pm NW 30.13 24 28 77.7 93.2 2:42pm 57.5 5:48am 0 13 0.00 6 26 3:19pm ENE 30.11 24 29 75.0 89.5 2:50pm 58.1 5:12am 1 11 0.00 6 30 3:47pm ENE 30.11 24 30 72.3 85.1 3:32pm 54.1 6:00am 1 8 0.00 5 25 2:57pm E 30.13 26 31 68.7 79.8 3:07pm 53.5 6:30am 2 5 0.00 8 28 2:21pm W 30.05 32 --------------------------------------------------------------------------------------- TOT 76.1 98.5 7/17/06 48.0 7/7/06 34 440 0.02 5 40 7/20/06 ENE 30.14 31 HEAT BASE: 65.0 COOL BASE: 65.0