NOAA-Style Climate Reports

2011: Jan | Feb | Mar | Apr | May | Jun | Jul | Aug | Sep | Oct | Nov | Dec 
2010: Jan | Feb | Mar | Apr | May | Jun | Jul | Aug | Sep | Oct | Nov | Dec 
2009: Jan | Feb | Mar | Apr | May | Jun | Jul | Aug | Sep | Oct | Nov | Dec 
2008: Jan | Feb | Mar | Apr | May | Jun | Jul | Aug | Sep | Oct | Nov | Dec 
2007: Jan | Feb | Mar | Apr | May | Jun | Jul | Aug | Sep | Oct | Nov | Dec 
2006: Jan | Feb | Mar | Apr | May | Jun | Jul | Aug | Sep | Oct | Nov | Dec 
2005: Jan | Feb | Mar | Apr | May | Jun | Jul | Aug | Sep | Oct | Nov | Dec 

Report for 2006 05
MONTHLY CLIMATOLOGICAL SUMMARY FOR 5/2006 HEAT COOL MEAN DEG DEG WIND SPEED DOM MEAN MEAN DAY TEMP HIGH TIME LOW TIME DAYS DAYS RAIN AVG HI TIME DIR BAROM HUM --------------------------------------------------------------------------------------- 1 59.8 74.9 3:49pm 44.2 4:46am 8 3 0.00 5 26 2:17pm ENE 29.87 41 2 56.0 68.8 4:20pm 41.1 6:25am 9 1 0.00 5 23 2:32pm NNW 29.89 39 3 53.6 67.4 3:41pm 39.8 5:31am 12 0 0.00 5 28 5:17pm ENE 29.82 43 4 54.1 68.3 3:25pm 37.3 5:49am 11 0 0.00 5 20 11:32am NNW 29.86 46 5 55.4 68.9 5:04pm 37.9 6:23am 10 0 0.00 5 17 3:02pm NNW 29.90 34 6 56.7 68.3 1:55pm 42.1 5:56am 9 0 0.00 6 25 3:52pm NW 29.86 46 7 58.5 74.0 3:24pm 41.1 5:42am 8 2 0.00 5 24 2:21pm NE 29.90 48 8 59.6 72.8 1:47pm 44.3 5:15am 7 1 0.00 6 28 3:32pm WNW 29.86 45 9 55.9 68.9 5:55pm 39.8 6:14am 10 1 0.00 5 24 5:25pm ENE 30.00 35 10 58.1 74.7 4:07pm 38.5 5:28am 9 2 0.00 4 18 12:20pm ENE 30.20 32 11 63.2 79.4 2:41pm 47.0 6:16am 6 4 0.00 5 24 2:35pm ENE 30.07 39 12 64.7 81.1 2:15pm 43.9 5:31am 5 5 0.00 4 21 5:25pm NE 30.04 34 13 65.7 79.8 3:23pm 48.2 5:40am 4 5 0.00 5 21 2:55pm ENE 30.05 31 14 65.0 83.8 4:19pm 45.1 4:04am 6 6 0.00 5 19 2:35pm ENE 30.16 36 15 67.4 82.8 4:43pm 51.0 5:44am 3 6 0.00 3 15 10:22am ENE 30.09 39 16 68.7 84.9 1:33pm 52.2 6:05am 2 6 0.00 4 22 3:37pm ENE 30.16 39 17 67.8 85.3 2:00pm 51.9 6:10am 3 6 0.00 4 21 6:29pm ENE 30.13 44 18 68.8 84.3 2:18pm 51.4 5:14am 3 7 0.00 5 25 1:44pm WSW 30.07 43 19 60.7 72.5 4:39pm 49.2 5:52am 5 1 0.06 8 39 6:01pm ENE 30.04 51 20 61.0 74.6 1:55pm 47.4 3:55am 6 2 0.00 5 23 2:24pm SSW 29.98 41 21 56.4 65.0 11:53am 48.3 4:39am 9 0 0.00 7 39 1:14pm ENE 29.83 50 22 52.7 62.3 1:59pm 44.3 11:59pm 12 0 0.04 7 32 5:43pm WSW 29.86 55 23 55.4 68.4 3:52pm 39.2 5:22am 10 0 0.00 7 30 2:21pm SSW 30.13 47 24 62.7 76.0 4:03pm 49.1 5:55am 5 3 0.00 7 25 4:04pm SW 30.12 37 25 62.1 76.0 2:08pm 43.6 5:11am 6 3 0.00 6 28 3:06pm W 30.02 29 26 57.6 67.3 1:08pm 44.5 11:46pm 8 0 0.00 11 34 8:41pm WSW 29.81 26 27 41.4 47.7 6:31pm 31.9 7:17am 24 0 0.02 9 27 3:39pm NNW 29.97 54 28 46.4 59.8 5:34pm 29.0 5:47am 19 0 0.00 5 23 5:02pm NNW 30.02 48 29 0.0 85.9 2:55pm 85.9 2:55pm 0 0 0.00 0 0 2:55pm --- 0.00 0 --------------------------------------------------------------------------------------- TOT 0.0 85.9 6/6/06 85.9 6/6/06 230 65 0.00 0 0 6/6/06 --- 0.00 0 HEAT BASE: 65.0 COOL BASE: 65.0