NOAA-Style Climate Reports

2011: Jan | Feb | Mar | Apr | May | Jun | Jul | Aug | Sep | Oct | Nov | Dec 
2010: Jan | Feb | Mar | Apr | May | Jun | Jul | Aug | Sep | Oct | Nov | Dec 
2009: Jan | Feb | Mar | Apr | May | Jun | Jul | Aug | Sep | Oct | Nov | Dec 
2008: Jan | Feb | Mar | Apr | May | Jun | Jul | Aug | Sep | Oct | Nov | Dec 
2007: Jan | Feb | Mar | Apr | May | Jun | Jul | Aug | Sep | Oct | Nov | Dec 
2006: Jan | Feb | Mar | Apr | May | Jun | Jul | Aug | Sep | Oct | Nov | Dec 
2005: Jan | Feb | Mar | Apr | May | Jun | Jul | Aug | Sep | Oct | Nov | Dec 

Report for 2006 04
MONTHLY CLIMATOLOGICAL SUMMARY FOR 4/2006 HEAT COOL MEAN DEG DEG WIND SPEED DOM MEAN MEAN DAY TEMP HIGH TIME LOW TIME DAYS DAYS RAIN AVG HI TIME DIR BAROM HUM --------------------------------------------------------------------------------------- 1 37.0 47.0 2:31pm 25.4 5:53am 27 0 0.09 6 29 3:46pm WSW 30.06 53 2 43.8 51.9 5:28pm 32.7 6:39am 20 0 0.00 4 32 4:42pm N 29.98 56 3 50.9 58.9 2:11pm 44.8 7:14am 14 0 0.05 13 50 12:24pm S 29.76 59 4 43.8 53.2 1:41pm 36.8 11:46pm 21 0 0.03 7 37 1:49pm S 29.63 74 5 40.3 48.5 4:21pm 33.8 6:05am 25 0 0.01 6 28 2:25pm WSW 29.70 56 6 43.9 57.6 5:35pm 28.5 7:15am 21 0 0.00 4 16 2:45pm ENE 30.03 44 7 46.4 64.5 3:06pm 32.8 7:37am 19 0 0.00 8 40 5:30pm ENE 29.84 52 8 47.7 55.9 3:23pm 39.5 6:32am 17 0 0.00 8 32 2:32am SW 29.92 38 9 43.7 49.8 4:36pm 34.6 6:25am 21 0 0.00 6 30 1:06pm ENE 29.88 50 10 42.9 51.1 3:28pm 35.9 7:09am 22 0 0.00 5 28 5:31pm S 29.78 55 11 46.0 52.2 4:58pm 37.8 1:55am 19 0 0.00 8 31 6:47pm S 29.79 50 12 49.5 61.0 3:23pm 40.9 5:20am 15 0 0.08 7 35 5:50pm SW 29.92 54 13 52.7 68.3 4:52pm 33.8 6:37am 13 0 0.00 4 22 5:33pm SW 29.96 48 14 52.0 61.8 2:50pm 40.8 6:43am 13 0 0.00 7 31 10:36am ENE 29.64 49 15 48.9 56.3 12:02pm 39.3 6:16am 16 0 0.00 14 40 4:25pm SSW 29.71 46 16 41.1 47.7 3:56am 30.9 11:41pm 24 0 0.07 12 40 2:24am S 29.73 67 17 36.5 46.2 4:29pm 28.8 2:58am 29 0 0.00 8 23 6:44pm NW 30.16 46 18 39.4 54.7 3:59pm 23.5 6:28am 26 0 0.00 5 22 3:58pm ENE 30.25 45 19 46.6 64.0 5:35pm 27.9 5:56am 18 0 0.00 4 17 3:12pm ENE 30.06 40 20 53.3 72.0 3:11pm 34.0 6:38am 12 1 0.00 5 29 4:10pm ENE 29.87 37 21 53.2 62.6 1:36pm 42.8 11:44pm 12 0 0.09 5 25 3:04pm NNW 29.72 47 22 46.0 56.0 12:38pm 39.8 6:42am 20 0 0.10 5 23 3:48pm ENE 29.78 73 23 44.5 48.2 10:03am 41.1 6:18am 20 0 0.27 2 14 10:32am S 29.90 83 24 50.2 60.1 2:28pm 41.9 3:40am 15 0 0.00 5 27 3:14pm NW 29.95 59 25 46.5 61.0 2:27pm 35.8 6:12am 17 0 0.23 4 29 3:31pm NE 29.92 71 26 54.0 66.0 4:22pm 37.8 6:12am 9 0 0.07 8 27 5:49pm N 29.89 59 27 57.2 70.6 5:24pm 40.8 6:25am 9 1 0.00 7 25 12:47pm ENE 29.94 49 28 59.7 74.4 4:27pm 42.3 6:14am 8 2 0.00 4 21 4:43pm ENE 29.99 48 29 62.0 77.4 2:35pm 45.1 6:10am 6 3 0.00 5 25 5:30pm ENE 29.92 48 30 60.3 73.5 3:47pm 46.8 6:33am 7 2 0.00 4 20 3:54pm NE 29.92 50 --------------------------------------------------------------------------------------- TOT 48.0 77.4 4/29/06 23.5 4/18/06 515 10 1.09 6 50 4/3/06 ENE 29.89 53 HEAT BASE: 65.0 COOL BASE: 65.0