NOAA-Style Climate Reports

2011: Jan | Feb | Mar | Apr | May | Jun | Jul | Aug | Sep | Oct | Nov | Dec 
2010: Jan | Feb | Mar | Apr | May | Jun | Jul | Aug | Sep | Oct | Nov | Dec 
2009: Jan | Feb | Mar | Apr | May | Jun | Jul | Aug | Sep | Oct | Nov | Dec 
2008: Jan | Feb | Mar | Apr | May | Jun | Jul | Aug | Sep | Oct | Nov | Dec 
2007: Jan | Feb | Mar | Apr | May | Jun | Jul | Aug | Sep | Oct | Nov | Dec 
2006: Jan | Feb | Mar | Apr | May | Jun | Jul | Aug | Sep | Oct | Nov | Dec 
2005: Jan | Feb | Mar | Apr | May | Jun | Jul | Aug | Sep | Oct | Nov | Dec 

Report for 2006 01
MONTHLY CLIMATOLOGICAL SUMMARY FOR 1/2006 HEAT COOL MEAN DEG DEG WIND SPEED DOM MEAN MEAN DAY TEMP HIGH TIME LOW TIME DAYS DAYS RAIN AVG HI TIME DIR BAROM HUM --------------------------------------------------------------------------------------- 1 40.1 48.2 8:45am 30.3 5:45am 25 0 0.04 12 44 8:28am S 29.70 57 2 35.1 42.9 12:16am 31.5 10:37pm 30 0 0.53 2 15 12:00am NW 29.66 91 3 33.8 40.8 12:25pm 25.3 6:48am 31 0 0.23 4 27 12:44pm ENE 30.21 62 4 35.3 47.1 12:35pm 26.1 11:50pm 30 0 0.21 3 13 12:59am ENE 30.51 77 5 29.2 45.4 2:35pm 18.9 6:30am 36 0 0.00 2 6 12:27am ENE 30.63 84 6 29.5 45.7 1:34pm 17.5 7:12am 35 0 0.01 1 10 10:26pm ENE 30.33 83 7 44.6 52.0 1:18pm 34.3 12:38am 20 0 0.00 7 33 5:25am SW 30.00 48 8 37.9 48.2 12:56pm 29.4 10:59pm 27 0 0.00 4 17 1:39am NNW 30.27 66 9 35.6 47.9 3:12pm 26.6 7:12am 29 0 0.00 2 7 1:36am ENE 30.39 74 10 43.8 59.2 1:54pm 26.4 4:27am 21 0 0.00 5 25 5:29pm WSW 30.17 48 11 47.2 53.1 3:12pm 34.3 11:58pm 17 0 0.00 7 33 6:32am SSW 29.94 53 12 39.8 49.6 3:29pm 27.0 7:25am 28 0 0.00 2 9 12:00am ENE 30.17 64 13 44.8 61.2 12:55pm 29.0 6:29am 19 0 0.00 8 37 4:11pm ENE 29.96 57 14 38.0 50.8 12:00am 29.8 11:58pm 27 0 0.00 13 46 5:50am SSW 29.73 72 15 25.7 34.7 1:56pm 12.9 11:43pm 39 0 0.14 3 17 12:41am ENE 30.30 80 16 23.2 33.7 3:34pm 11.4 12:38am 42 0 0.01 2 9 12:44pm E 30.59 75 17 36.1 52.2 2:53pm 19.9 6:30am 29 0 0.00 8 34 1:39pm SW 30.28 68 18 34.1 41.1 3:27am 26.7 9:31pm 30 0 0.09 7 33 12:43am SW 29.89 74 19 27.5 40.6 2:45pm 18.9 11:59pm 38 0 0.03 2 11 1:30am ENE 30.21 70 20 28.4 42.8 3:04pm 15.4 2:53am 37 0 0.00 2 12 10:45pm ENE 30.26 67 21 34.0 46.0 3:32pm 22.4 7:19am 31 0 0.00 2 16 11:15pm ENE 30.19 69 22 32.6 41.5 1:33pm 23.8 11:56pm 32 0 0.00 5 22 3:21pm N 30.40 63 23 30.4 46.8 3:37pm 18.9 5:39am 35 0 0.00 3 14 2:07pm ENE 30.52 64 24 31.4 47.0 2:16pm 20.0 7:16am 34 0 0.00 2 11 3:16pm ENE 30.29 67 25 36.5 56.2 2:01pm 20.5 6:55am 29 0 0.00 3 26 8:27pm ENE 30.02 55 26 39.9 48.3 12:38pm 31.8 11:59pm 25 0 0.00 7 28 5:48pm SW 29.95 46 27 36.8 44.9 3:43pm 29.5 9:58pm 29 0 0.00 4 18 1:51am NW 30.10 50 28 39.8 47.1 3:51pm 28.4 2:17am 25 0 0.00 5 27 3:15pm SSW 30.04 59 29 46.5 57.3 2:04pm 35.2 6:06am 19 0 0.00 5 32 1:20am ENE 30.03 48 30 44.5 56.7 1:02pm 32.7 9:05pm 21 0 0.04 9 39 3:58pm SW 29.88 68 31 36.2 43.9 9:45pm 24.2 6:41am 29 0 0.02 3 15 10:26pm ENE 30.09 68 --------------------------------------------------------------------------------------- TOT 36.5 61.2 1/13/06 11.4 1/16/06 896 0 1.35 5 46 1/14/06 ENE 30.13 64 HEAT BASE: 65.0 COOL BASE: 65.0