NOAA style reports
2011: Jan | Feb | Mar | Apr | May | Jun | Jul | Aug | Sep | Oct | Nov | Dec 
2010: Jan | Feb | Mar | Apr | May | Jun | Jul | Aug | Sep | Oct | Nov | Dec 
2009: Jan | Feb | Mar | Apr | May | Jun | Jul | Aug | Sep | Oct | Nov | Dec 
2008: Jan | Feb | Mar | Apr | May | Jun | Jul | Aug | Sep | Oct | Nov | Dec 
2007: Jan | Feb | Mar | Apr | May | Jun | Jul | Aug | Sep | Oct | Nov | Dec 
2006: Jan | Feb | Mar | Apr | May | Jun | Jul | Aug | Sep | Oct | Nov | Dec 
2005: Jan | Feb | Mar | Apr | May | Jun | Jul | Aug | Sep | Oct | Nov | Dec 

Report for 2011 06
MONTHLY CLIMATOLOGICAL SUMMARY FOR 6/2011 HEAT COOL MEAN DEG DEG WIND SPEED DOM MEAN MEAN DAY TEMP HIGH TIME LOW TIME DAYS DAYS RAIN AVG HI TIME DIR BAROM HUM --------------------------------------------------------------------------------------- 1 48.6 56.5 1:04pm 35.8 9:06pm 16 0 0.00 14 38 12:10am SSW 29.82 41 2 44.6 57.5 3:55pm 30.8 5:08am 19 0 0.00 5 27 4:46pm NW 30.05 44 3 48.3 63.3 1:35pm 27.5 5:52am 16 0 0.00 4 41 8:44pm NNE 29.92 44 4 52.7 59.6 12:28pm 48.1 11:50pm 11 0 0.12 5 23 6:49am WNW 29.80 59 5 53.4 66.5 2:26pm 45.7 11:59pm 11 0 0.76 4 21 3:50pm NNE 29.87 75 6 47.7 59.5 1:44pm 38.7 4:32am 16 0 0.59 6 22 2:53pm W 29.87 72 7 53.3 72.0 4:58pm 35.5 4:52am 12 1 0.00 3 19 7:37pm NE 29.94 63 8 57.3 73.7 3:36pm 40.4 5:08am 9 2 0.00 4 22 5:12pm NNE 29.86 58 9 60.8 78.2 4:29pm 40.4 5:41am 7 3 0.00 4 18 7:09pm E 29.91 51 10 62.2 77.5 2:02pm 44.5 5:57am 6 3 0.00 5 24 5:53pm ENE 29.80 47 11 59.9 76.5 2:44pm 42.4 4:40am 8 3 0.00 5 24 2:43pm NE 29.71 46 12 61.9 78.4 2:46pm 42.7 5:17am 7 3 0.00 4 24 2:44pm ESE 29.74 42 13 66.1 77.9 2:24pm 52.4 5:41am 3 4 0.00 5 28 1:22pm NW 29.84 43 14 67.4 86.9 3:53pm 47.7 5:45am 5 7 0.00 4 21 6:28pm NE 29.93 47 15 67.7 85.6 2:15pm 47.3 5:46am 4 7 0.00 4 22 2:04pm WNW 29.76 41 16 62.0 74.5 1:31pm 47.5 4:31am 5 2 0.00 8 28 3:28pm N 29.65 34 17 61.4 79.6 3:39pm 39.9 5:58am 8 4 0.00 4 24 3:06pm NE 29.76 33 18 64.0 80.8 2:37pm 45.1 5:36am 5 4 0.00 5 32 5:48pm NE 29.76 46 19 63.1 76.5 4:34pm 50.6 11:52pm 4 3 0.00 8 27 3:29pm N 29.75 40 20 65.8 89.3 4:46pm 42.2 5:57am 6 7 0.00 3 14 9:30pm ENE 29.81 36 21 71.1 92.4 3:17pm 48.8 5:19am 4 9 0.00 4 20 4:36pm NE 29.76 40 22 73.3 91.1 2:05pm 51.5 5:44am 2 11 0.00 5 26 4:19pm NE 29.73 38 23 69.7 87.1 3:16pm 49.6 5:58am 3 8 0.00 6 26 1:30pm W 29.71 32 24 68.9 84.6 1:59pm 46.7 5:35am 3 7 0.00 5 30 2:48pm ENE 29.71 25 25 65.5 82.9 2:07pm 43.9 5:47am 5 6 0.00 4 28 4:56pm NW 29.71 31 26 66.1 84.1 3:00pm 43.8 4:56am 5 7 0.00 4 20 4:54pm NW 29.76 32 27 69.8 87.6 2:16pm 49.1 5:57am 4 8 0.00 4 25 4:58pm NE 29.67 38 28 67.1 76.7 3:39pm 53.3 11:05pm 1 4 0.03 12 40 3:53pm SSW 29.55 39 29 56.3 69.4 5:02pm 47.7 7:23am 9 1 0.17 4 17 9:18am NNW 29.73 65 30 63.0 83.7 4:09pm 42.8 6:01am 7 5 0.00 4 20 4:41pm NNW 29.90 51 --------------------------------------------------------------------------------------- TOT 61.4 92.4 6/21/11 27.5 6/3/11 225 119 1.67 5 40 6/3/11 NW 29.79 45 HEAT BASE: 65.0 COOL BASE: 65.0

Special thanks go to Ken at http://saratoga-weather.com for the scripts used to produce these NOAA reports.
USA Weather
	 Finder

Updated Automatically by Ambient Software's Virtual Weather Station  v14.00 p101
©All rights reserved. Unauthorized duplication or distribution is prohibited
Disclaimer:
Never make important decisions based on this or any weather information obtained from the Internet

Webpage layout revised 01/01/2007 @4:22pm PT