NOAA style reports
2011: Jan | Feb | Mar | Apr | May | Jun | Jul | Aug | Sep | Oct | Nov | Dec 
2010: Jan | Feb | Mar | Apr | May | Jun | Jul | Aug | Sep | Oct | Nov | Dec 
2009: Jan | Feb | Mar | Apr | May | Jun | Jul | Aug | Sep | Oct | Nov | Dec 
2008: Jan | Feb | Mar | Apr | May | Jun | Jul | Aug | Sep | Oct | Nov | Dec 
2007: Jan | Feb | Mar | Apr | May | Jun | Jul | Aug | Sep | Oct | Nov | Dec 
2006: Jan | Feb | Mar | Apr | May | Jun | Jul | Aug | Sep | Oct | Nov | Dec 
2005: Jan | Feb | Mar | Apr | May | Jun | Jul | Aug | Sep | Oct | Nov | Dec 

Report for 2011 05
MONTHLY CLIMATOLOGICAL SUMMARY FOR 5/2011 HEAT COOL MEAN DEG DEG WIND SPEED DOM MEAN MEAN DAY TEMP HIGH TIME LOW TIME DAYS DAYS RAIN AVG HI TIME DIR BAROM HUM --------------------------------------------------------------------------------------- 1 44.8 64.5 4:57pm 23.0 5:49am 20 0 0.00 4 19 3:30pm ENE 30.29 32 2 52.1 71.0 2:44pm 32.0 6:20am 12 1 0.00 6 29 12:39pm E 30.23 30 3 58.1 74.1 2:55pm 40.3 3:08am 9 2 0.00 7 24 6:33pm ENE 30.06 28 4 52.7 72.4 4:29pm 33.4 5:38am 12 1 0.00 4 19 2:28pm NNW 30.16 28 5 59.0 80.2 2:54pm 35.2 6:23am 10 4 0.00 5 25 3:02pm NE 30.02 34 6 62.3 79.2 2:42pm 40.7 6:19am 7 4 0.00 6 25 1:40pm ENE 29.80 29 7 59.5 72.6 12:44pm 49.7 10:37pm 7 1 0.00 10 41 6:25pm ENE 29.66 35 8 49.5 59.5 2:13pm 37.3 11:59pm 14 0 0.00 9 28 4:12am W 29.64 41 9 39.5 50.9 2:51pm 29.7 11:58pm 26 0 0.02 8 32 2:52pm NNW 29.84 61 10 47.4 66.8 5:20pm 26.9 1:44am 16 0 0.00 4 19 5:06pm NW 29.97 52 11 53.9 72.0 2:14pm 32.8 5:00am 12 1 0.00 4 21 4:12pm ENE 29.92 46 12 59.9 74.8 4:37pm 39.3 5:27am 7 3 0.00 5 24 1:41pm WSW 29.95 39 13 61.3 80.3 1:55pm 39.2 5:43am 7 3 0.00 6 27 3:07pm SW 29.83 35 14 54.8 65.5 12:28pm 42.6 11:52pm 10 0 0.00 11 39 6:34pm SW 29.56 46 15 38.7 46.7 1:20pm 28.5 11:43pm 25 0 0.03 10 36 10:36am SW 29.74 58 16 38.1 52.3 2:51pm 23.4 5:41am 26 0 0.01 4 19 6:47pm E 29.94 55 17 41.7 50.4 5:36pm 31.7 4:16am 22 0 0.01 6 40 1:17pm ENE 29.73 67 18 42.7 54.0 1:48pm 35.3 5:11am 22 0 0.08 5 30 3:08pm NW 29.75 72 19 49.2 64.0 5:09pm 36.1 12:01am 16 0 0.00 3 15 11:30am SW 29.95 62 20 54.3 71.8 4:37pm 32.7 5:28am 12 1 0.00 4 27 4:28pm NNW 29.97 52 21 58.6 72.7 3:07pm 47.2 11:59pm 8 1 0.00 5 25 4:13pm W 29.81 50 22 54.4 69.4 1:26pm 35.6 6:02am 11 1 0.00 6 29 3:37pm ENE 29.77 47 23 51.0 64.8 1:29pm 33.7 5:15am 14 0 0.00 6 28 7:21pm W 29.81 40 24 52.9 68.8 3:42pm 35.7 5:57am 12 0 0.00 4 21 4:32pm NE 29.95 45 25 51.8 66.8 10:26am 41.1 7:27pm 24 0 0.05 14 50 1:26pm NE 29.80 41 26 50.3 62.2 3:26pm 36.3 6:11am 15 0 0.00 9 33 12:53pm W 29.95 27 27 50.5 56.6 10:57am 39.2 2:59am 15 0 0.00 5 30 7:58pm W 29.92 48 28 47.8 54.7 1:13pm 34.8 8:58pm 16 0 0.06 8 30 12:47pm W 29.71 44 29 40.2 51.4 1:00pm 31.2 4:28am 24 0 0.13 5 44 4:56pm NW 29.77 72 30 49.2 63.5 3:06pm 30.1 4:56am 15 0 0.00 6 32 5:42pm ENE 29.93 48 31 55.2 63.8 1:11pm 44.9 3:01am 9 0 0.00 16 46 3:05pm SSW 29.78 30 --------------------------------------------------------------------------------------- TOT 51.0 80.3 5/13/11 23.0 5/1/11 454 25 0.39 7 50 5/25/11 W 29.88 45 HEAT BASE: 65.0 COOL BASE: 65.0

Special thanks go to Ken at http://saratoga-weather.com for the scripts used to produce these NOAA reports.
USA Weather
	 Finder

Updated Automatically by Ambient Software's Virtual Weather Station  v14.00 p101
©All rights reserved. Unauthorized duplication or distribution is prohibited
Disclaimer:
Never make important decisions based on this or any weather information obtained from the Internet

Webpage layout revised 01/01/2007 @4:22pm PT