NOAA style reports
2011: Jan | Feb | Mar | Apr | May | Jun | Jul | Aug | Sep | Oct | Nov | Dec 
2010: Jan | Feb | Mar | Apr | May | Jun | Jul | Aug | Sep | Oct | Nov | Dec 
2009: Jan | Feb | Mar | Apr | May | Jun | Jul | Aug | Sep | Oct | Nov | Dec 
2008: Jan | Feb | Mar | Apr | May | Jun | Jul | Aug | Sep | Oct | Nov | Dec 
2007: Jan | Feb | Mar | Apr | May | Jun | Jul | Aug | Sep | Oct | Nov | Dec 
2006: Jan | Feb | Mar | Apr | May | Jun | Jul | Aug | Sep | Oct | Nov | Dec 
2005: Jan | Feb | Mar | Apr | May | Jun | Jul | Aug | Sep | Oct | Nov | Dec 

Report for 2011 04
MONTHLY CLIMATOLOGICAL SUMMARY FOR 4/2011 HEAT COOL MEAN DEG DEG WIND SPEED DOM MEAN MEAN DAY TEMP HIGH TIME LOW TIME DAYS DAYS RAIN AVG HI TIME DIR BAROM HUM --------------------------------------------------------------------------------------- 1 57.9 81.4 3:28pm 37.2 5:21am 10 3 0.00 3 23 3:44pm ESE 29.84 45 2 55.2 66.9 10:33am 40.1 11:53pm 10 0 0.00 9 33 4:22pm SW 29.64 41 3 41.7 54.1 4:37pm 30.2 4:50am 23 0 0.00 6 27 12:44am N 30.05 39 4 47.6 69.9 5:23pm 28.0 6:22am 18 0 0.00 3 17 10:37am NE 30.19 42 5 52.3 68.9 12:41pm 37.1 3:54am 13 0 0.00 7 29 1:00pm W 29.88 50 6 47.3 62.5 2:00pm 28.4 6:40am 18 0 0.00 10 46 7:34pm WSW 29.85 42 7 33.4 42.4 12:00am 20.6 11:57pm 29 0 0.00 7 28 1:57am SW 29.65 56 8 27.6 38.9 5:38pm 17.3 5:16am 36 0 0.00 3 19 5:58pm SE 29.82 70 9 35.3 47.0 3:04pm 22.1 5:22am 28 0 0.00 5 28 4:18pm W 29.98 61 10 43.8 61.7 4:06pm 26.7 4:58am 21 0 0.00 4 21 6:41pm ESE 30.21 48 11 46.4 61.9 2:09pm 33.0 6:25am 19 0 0.00 6 27 3:56pm ENE 30.11 49 12 45.3 62.1 2:50pm 27.7 6:02am 19 0 0.00 4 25 4:22pm W 29.96 44 13 38.8 46.4 9:44am 30.0 11:59pm 26 0 0.00 8 33 9:39am W 30.01 42 14 40.6 59.1 3:19pm 21.3 6:53am 24 0 0.00 3 20 3:14pm ESE 30.32 37 15 51.4 64.3 12:39pm 38.1 5:37am 14 0 0.00 4 20 6:49pm WSW 30.18 46 16 54.2 71.7 2:46pm 34.7 6:30am 11 1 0.00 4 24 5:41pm ENE 29.99 51 17 55.9 70.2 1:12pm 40.5 6:52am 9 1 0.00 7 28 2:41pm ENE 29.81 51 18 52.3 60.2 3:57pm 45.7 4:43am 13 0 0.00 8 31 12:29am SW 29.75 49 19 52.5 66.1 2:50pm 39.7 6:18am 12 0 0.00 5 24 5:47pm NW 29.86 49 20 51.4 60.8 3:16pm 40.3 6:13am 13 0 0.00 9 43 2:12pm SW 29.80 42 21 48.1 59.0 3:16pm 36.4 11:59pm 17 0 0.03 9 43 3:59am WSW 29.87 48 22 40.9 52.8 1:18pm 29.5 6:01am 24 0 0.13 3 16 2:29pm NE 29.98 68 23 44.3 55.5 3:44pm 37.6 6:29am 20 0 0.00 4 22 4:56pm W 29.88 75 24 46.8 53.7 3:21pm 40.4 11:35pm 18 0 0.00 7 30 11:21am WSW 29.87 56 25 48.5 57.4 11:33am 39.7 12:22am 16 0 0.00 13 47 2:59pm WSW 29.94 47 26 46.6 58.9 2:30pm 31.6 6:11am 18 0 0.00 5 21 1:24pm NNW 30.03 40 27 49.2 67.3 2:57pm 29.5 6:18am 15 0 0.00 4 25 2:18pm SE 30.05 41 28 51.1 62.9 1:01pm 39.5 6:25am 14 0 0.00 12 45 4:50pm WSW 29.93 37 29 40.1 50.3 3:34pm 29.4 5:46am 24 0 0.00 9 29 4:13am N 30.12 36 30 40.2 56.0 3:31pm 22.9 6:11am 24 0 0.00 5 26 2:20pm E 30.28 39 --------------------------------------------------------------------------------------- TOT 46.2 81.4 4/1/11 17.3 4/8/11 554 5 0.16 6 47 4/25/11 WSW 29.96 48 HEAT BASE: 65.0 COOL BASE: 65.0

Special thanks go to Ken at http://saratoga-weather.com for the scripts used to produce these NOAA reports.
USA Weather
	 Finder

Updated Automatically by Ambient Software's Virtual Weather Station  v14.00 p101
©All rights reserved. Unauthorized duplication or distribution is prohibited
Disclaimer:
Never make important decisions based on this or any weather information obtained from the Internet

Webpage layout revised 01/01/2007 @4:22pm PT