NOAA style reports
2011: Jan | Feb | Mar | Apr | May | Jun | Jul | Aug | Sep | Oct | Nov | Dec 
2010: Jan | Feb | Mar | Apr | May | Jun | Jul | Aug | Sep | Oct | Nov | Dec 
2009: Jan | Feb | Mar | Apr | May | Jun | Jul | Aug | Sep | Oct | Nov | Dec 
2008: Jan | Feb | Mar | Apr | May | Jun | Jul | Aug | Sep | Oct | Nov | Dec 
2007: Jan | Feb | Mar | Apr | May | Jun | Jul | Aug | Sep | Oct | Nov | Dec 
2006: Jan | Feb | Mar | Apr | May | Jun | Jul | Aug | Sep | Oct | Nov | Dec 
2005: Jan | Feb | Mar | Apr | May | Jun | Jul | Aug | Sep | Oct | Nov | Dec 

Report for 2011 02
MONTHLY CLIMATOLOGICAL SUMMARY FOR 2/2011 HEAT COOL MEAN DEG DEG WIND SPEED DOM MEAN MEAN DAY TEMP HIGH TIME LOW TIME DAYS DAYS RAIN AVG HI TIME DIR BAROM HUM --------------------------------------------------------------------------------------- 1 28.2 40.7 2:03pm 17.8 11:59pm 36 0 0.00 5 21 2:36pm NE 30.40 57 2 24.5 43.3 2:25pm 8.8 6:25am 41 0 0.00 3 15 3:44pm ENE 30.64 39 3 30.3 52.9 3:08pm 14.3 7:12am 33 0 0.00 2 15 3:50pm ENE 30.71 40 4 36.0 58.6 3:39pm 19.8 4:49am 29 0 0.00 2 10 7:03pm ENE 30.59 53 5 41.8 54.9 1:06pm 25.2 5:02am 20 0 0.00 3 19 1:25pm NE 30.41 63 6 42.3 59.6 3:46pm 29.0 6:50am 22 0 0.00 2 10 1:26am ENE 30.37 65 7 43.2 64.7 12:24pm 26.1 4:10am 21 0 0.00 7 40 9:29pm ENE 30.18 47 8 31.5 38.7 2:46pm 22.1 7:27am 33 0 0.00 5 23 2:47pm NE 30.17 46 9 27.9 42.2 2:57pm 16.2 7:10am 37 0 0.00 3 19 3:15pm ENE 30.43 55 10 28.8 49.7 3:44pm 12.8 6:56am 36 0 0.00 3 15 2:53pm NE 30.43 51 11 33.8 55.8 3:29pm 15.9 7:10am 30 0 0.00 2 10 2:47pm ENE 30.45 45 12 43.1 67.9 2:48pm 22.3 5:14am 21 0 0.00 4 22 3:30pm ENE 30.32 33 13 47.6 64.4 1:26pm 25.9 7:15am 17 0 0.00 4 25 9:36pm S 30.05 15 14 49.4 57.1 3:19pm 44.5 7:01am 15 0 0.00 16 47 5:52am S 29.86 30 15 48.9 59.0 12:35pm 40.7 11:51pm 16 0 0.00 17 47 2:17pm SSW 29.77 24 16 29.5 41.0 12:00am 24.1 7:53pm 34 0 0.41 9 36 4:04am S 29.67 85 17 28.8 35.0 11:39am 21.6 7:15am 36 0 0.08 6 32 12:32pm S 29.90 82 18 31.4 37.6 11:34am 29.1 12:12am 33 0 0.45 1 10 10:01am NW 29.83 87 19 28.2 38.3 2:05pm 11.8 11:24pm 37 0 0.05 4 23 10:55am NE 29.73 73 20 20.6 38.2 3:54pm 3.8 4:50am 44 0 0.00 3 21 4:54pm ENE 30.15 68 21 21.9 34.1 3:29pm 7.7 6:03am 42 0 0.00 2 10 12:00am SW 30.13 72 22 23.1 40.2 3:44pm 7.5 4:52am 39 0 0.00 2 10 7:46pm WSW 30.20 70 23 25.8 38.3 2:58pm 11.0 5:14am 39 0 0.00 2 13 6:40pm NE 30.13 62 24 32.2 39.3 1:26pm 24.6 6:26am 33 0 0.00 9 30 3:01pm SSW 30.04 54 25 29.3 40.7 11:19am 18.2 11:44pm 35 0 0.02 12 52 11:02am S 29.71 76 26 19.1 29.1 4:03pm 10.8 6:30am 46 0 0.00 4 17 10:38am NNW 29.92 70 27 21.7 38.7 3:27pm 7.9 6:17am 42 0 0.00 2 11 11:32pm WSW 30.17 63 28 35.1 49.0 2:19pm 14.0 12:12am 30 0 0.00 6 26 9:10am S 30.21 45 --------------------------------------------------------------------------------------- TOT 32.2 67.9 2/12/11 3.8 2/20/11 898 0 1.01 5 52 2/25/11 ENE 30.16 56 HEAT BASE: 65.0 COOL BASE: 65.0

Special thanks go to Ken at http://saratoga-weather.com for the scripts used to produce these NOAA reports.
USA Weather
	 Finder

Updated Automatically by Ambient Software's Virtual Weather Station  v14.00 p101
©All rights reserved. Unauthorized duplication or distribution is prohibited
Disclaimer:
Never make important decisions based on this or any weather information obtained from the Internet

Webpage layout revised 01/01/2007 @4:22pm PT