NOAA style reports
2011: Jan | Feb | Mar | Apr | May | Jun | Jul | Aug | Sep | Oct | Nov | Dec 
2010: Jan | Feb | Mar | Apr | May | Jun | Jul | Aug | Sep | Oct | Nov | Dec 
2009: Jan | Feb | Mar | Apr | May | Jun | Jul | Aug | Sep | Oct | Nov | Dec 
2008: Jan | Feb | Mar | Apr | May | Jun | Jul | Aug | Sep | Oct | Nov | Dec 
2007: Jan | Feb | Mar | Apr | May | Jun | Jul | Aug | Sep | Oct | Nov | Dec 
2006: Jan | Feb | Mar | Apr | May | Jun | Jul | Aug | Sep | Oct | Nov | Dec 
2005: Jan | Feb | Mar | Apr | May | Jun | Jul | Aug | Sep | Oct | Nov | Dec 

Report for 2011 01
MONTHLY CLIMATOLOGICAL SUMMARY FOR 1/2011 HEAT COOL MEAN DEG DEG WIND SPEED DOM MEAN MEAN DAY TEMP HIGH TIME LOW TIME DAYS DAYS RAIN AVG HI TIME DIR BAROM HUM --------------------------------------------------------------------------------------- 1 21.6 29.9 1:31pm 16.0 7:33pm 43 0 0.22 1 11 2:01pm S 30.27 80 2 22.3 27.1 1:49pm 18.8 12:44am 43 0 0.00 1 9 12:18pm SSW 30.26 84 3 26.0 35.7 1:33pm 17.0 12:54am 38 0 0.00 1 8 1:04pm SSW 30.30 79 4 22.7 35.4 4:11pm 10.9 7:36am 41 0 0.00 1 7 4:00am S 30.42 75 5 17.6 36.3 2:11pm 4.9 6:49am 46 0 0.00 1 9 2:17pm S 30.62 76 6 20.7 37.4 3:02pm 9.8 6:24am 44 0 0.00 2 7 12:44pm SSE 30.58 75 7 22.7 40.0 3:23pm 10.1 6:16am 41 0 0.00 1 7 11:44pm SW 30.35 72 8 9 27.9 34.6 1:42pm 14.4 7:28am 60 0 0.00 5 25 3:08pm N 30.13 68 10 24.7 34.7 2:51pm 15.4 7:12am 39 0 0.00 1 8 12:00am NNE 30.33 66 11 28.3 34.2 2:06pm 21.1 12:38am 37 0 0.00 1 10 11:13pm WSW 30.35 70 12 32.8 48.7 3:41pm 20.4 7:30am 32 0 0.00 2 10 8:51am WSW 30.44 73 13 39.9 53.8 3:49pm 29.2 7:41am 25 0 0.00 3 21 4:40pm E 30.38 71 14 37.2 54.3 3:26pm 25.7 7:21am 28 0 0.00 2 10 12:27am ENE 30.51 72 15 39.6 60.9 3:35pm 27.7 7:54am 52 0 0.00 2 9 11:20pm ENE 30.41 70 16 51.5 67.1 1:56pm 35.2 12:11am 13 0 0.00 3 18 2:34pm NW 30.24 67 17 39.5 65.1 2:48pm 32.9 11:02pm 5 0 0.00 3 17 2:14pm ENE 30.20 57 18 39.8 58.9 3:39pm 27.1 6:19am 25 0 0.00 2 9 11:45pm ENE 30.19 59 19 41.7 50.5 2:03am 27.6 11:54pm 23 0 0.00 7 31 2:33am NE 30.15 52 20 32.7 48.3 2:51pm 22.2 5:59am 30 0 0.00 2 11 4:00pm ENE 30.42 68 21 36.2 57.7 2:53pm 21.8 6:16am 29 0 0.00 2 10 3:04pm NE 30.34 64 22 40.1 55.7 2:43pm 27.1 11:45pm 25 0 0.00 4 23 3:30pm ENE 30.25 60 23 34.7 49.2 1:50pm 21.3 5:45am 29 0 0.00 2 11 9:53am NE 30.34 66 24 37.1 54.8 3:08pm 23.6 6:46am 27 0 0.00 2 14 3:32pm E 30.33 61 25 38.5 56.1 2:45pm 24.1 7:09am 26 0 0.00 3 15 4:49pm ENE 30.32 61 26 36.0 51.9 1:55pm 23.0 7:04am 28 0 0.00 3 16 3:16pm ENE 30.42 68 27 35.8 53.9 3:12pm 22.6 5:09am 57 0 0.00 2 13 2:53pm ENE 30.43 69 28 40.3 66.3 2:40pm 22.0 6:58am 81 0 0.00 3 17 2:37pm ENE 30.19 52 29 43.4 61.4 2:02pm 30.8 1:24am 21 0 0.00 4 26 10:40pm W 29.95 39 30 37.5 44.3 4:12pm 28.1 10:54pm 27 0 0.02 6 51 2:01am N 29.98 68 31 33.0 48.2 2:25pm 21.9 6:05am 32 0 0.00 2 16 3:16pm ENE 30.32 66 --------------------------------------------------------------------------------------- TOT 37.7 66.3 1/28/11 21.3 1/23/11 1049 0 0.24 3 51 1/30/11 ENE 30.26 61 HEAT BASE: 65.0 COOL BASE: 65.0

Special thanks go to Ken at http://saratoga-weather.com for the scripts used to produce these NOAA reports.
USA Weather
	 Finder

Updated Automatically by Ambient Software's Virtual Weather Station  v14.00 p101
©All rights reserved. Unauthorized duplication or distribution is prohibited
Disclaimer:
Never make important decisions based on this or any weather information obtained from the Internet

Webpage layout revised 01/01/2007 @4:22pm PT