NOAA style reports
2011: Jan | Feb | Mar | Apr | May | Jun | Jul | Aug | Sep | Oct | Nov | Dec 
2010: Jan | Feb | Mar | Apr | May | Jun | Jul | Aug | Sep | Oct | Nov | Dec 
2009: Jan | Feb | Mar | Apr | May | Jun | Jul | Aug | Sep | Oct | Nov | Dec 
2008: Jan | Feb | Mar | Apr | May | Jun | Jul | Aug | Sep | Oct | Nov | Dec 
2007: Jan | Feb | Mar | Apr | May | Jun | Jul | Aug | Sep | Oct | Nov | Dec 
2006: Jan | Feb | Mar | Apr | May | Jun | Jul | Aug | Sep | Oct | Nov | Dec 
2005: Jan | Feb | Mar | Apr | May | Jun | Jul | Aug | Sep | Oct | Nov | Dec 

Report for 2010 12
MONTHLY CLIMATOLOGICAL SUMMARY FOR 12/2010 HEAT COOL MEAN DEG DEG WIND SPEED DOM MEAN MEAN DAY TEMP HIGH TIME LOW TIME DAYS DAYS RAIN AVG HI TIME DIR BAROM HUM --------------------------------------------------------------------------------------- 1 34.0 53.3 3:37pm 20.8 7:18am 31 0 0.00 1 7 3:46am NE 30.31 69 2 39.1 55.4 12:33pm 24.7 6:36am 26 0 0.00 3 32 12:51pm W 30.10 71 3 47.7 57.5 1:38pm 40.8 11:56pm 16 0 0.00 4 17 12:27am NNW 29.97 58 4 40.3 46.4 2:01pm 36.5 7:48am 24 0 0.00 1 9 3:32pm SE 30.04 82 5 39.6 42.1 12:32pm 36.6 11:54pm 25 0 0.14 2 10 9:28pm NW 30.07 86 6 41.5 55.4 1:09pm 31.2 11:31pm 23 0 0.00 5 24 6:34am ENE 30.19 62 7 36.7 54.8 3:11pm 25.7 7:17am 28 0 0.00 2 8 7:31pm ENE 30.32 68 8 49.1 55.6 8:32am 28.9 1:08am 15 0 0.00 9 38 9:19am SSW 30.12 47 9 49.0 54.8 2:57am 41.2 7:35pm 16 0 0.01 6 25 2:41am ENE 30.04 61 10 51.2 55.0 9:26am 42.0 11:54pm 14 0 0.00 5 24 2:47am S 30.08 53 11 46.4 63.0 1:08pm 34.7 11:54pm 18 0 0.00 3 16 12:36pm ENE 30.25 67 12 39.8 62.5 3:16pm 26.9 7:27am 24 0 0.00 2 9 7:20pm ENE 30.32 69 13 42.1 65.9 1:29pm 24.9 6:59am 23 0 0.00 3 17 3:07pm ENE 30.12 47 14 43.6 54.1 3:55am 32.9 10:18pm 20 0 0.24 9 34 3:20am SSW 29.83 64 15 33.6 41.6 3:11pm 26.8 7:43am 30 0 0.00 2 11 12:26am W 29.96 80 16 32.1 40.5 2:06pm 26.0 7:49pm 33 0 0.00 2 14 3:19pm E 29.99 78 17 29.7 32.1 3:30pm 27.7 12:31am 34 0 0.37 1 10 10:08am NW 29.93 88 18 40.7 47.3 1:39pm 31.1 12:43am 24 0 0.17 8 41 9:38pm SSW 29.74 78 19 38.0 50.9 12:51pm 30.3 11:59pm 27 0 0.64 10 49 12:27pm SW 29.53 80 20 31.8 36.6 12:58pm 26.6 10:18pm 33 0 0.00 1 12 12:49am SSE 29.74 84 21 29.5 38.8 1:45pm 21.2 6:40am 35 0 0.00 1 11 3:00pm NNW 29.90 85 22 33.3 40.5 1:28pm 28.9 11:44pm 30 0 0.00 1 7 2:20pm WNW 29.90 86 23 31.5 46.6 2:16pm 23.4 4:59am 33 0 0.00 1 8 10:50am NNE 30.22 84 24 31.8 49.1 2:42pm 23.5 7:31am 33 0 0.00 2 7 2:44pm WNW 30.23 82 25 36.3 53.6 3:09pm 22.9 6:33am 29 0 0.00 5 51 5:47pm WNW 29.93 70 26 37.7 45.7 12:52pm 31.5 7:05am 26 0 0.00 6 26 3:27pm SSW 30.11 55 27 38.8 51.4 1:30pm 30.2 1:00am 24 0 0.05 5 42 7:15pm S 29.95 73 28 38.7 51.4 1:30pm 30.2 1:00am 25 0 0.05 6 42 7:15pm S 29.94 73 29 31.3 40.2 9:01am 18.5 11:58pm 34 0 0.08 10 41 10:11am S 29.58 73 30 21.0 30.3 2:56pm 11.8 3:11am 44 0 0.00 4 25 11:25am N 29.96 64 31 19.2 30.1 2:02pm 8.3 6:41am 44 0 0.00 1 10 3:04pm E 30.19 69 --------------------------------------------------------------------------------------- TOT 37.1 65.9 12/13/10 8.3 12/31/10 842 0 1.70 4 45 12/19/10 ENE 30.03 71 HEAT BASE: 65.0 COOL BASE: 65.0

Special thanks go to Ken at http://saratoga-weather.com for the scripts used to produce these NOAA reports.
USA Weather
	 Finder

Updated Automatically by Ambient Software's Virtual Weather Station  v14.00 p101
©All rights reserved. Unauthorized duplication or distribution is prohibited
Disclaimer:
Never make important decisions based on this or any weather information obtained from the Internet

Webpage layout revised 01/01/2007 @4:22pm PT