NOAA style reports
2011: Jan | Feb | Mar | Apr | May | Jun | Jul | Aug | Sep | Oct | Nov | Dec 
2010: Jan | Feb | Mar | Apr | May | Jun | Jul | Aug | Sep | Oct | Nov | Dec 
2009: Jan | Feb | Mar | Apr | May | Jun | Jul | Aug | Sep | Oct | Nov | Dec 
2008: Jan | Feb | Mar | Apr | May | Jun | Jul | Aug | Sep | Oct | Nov | Dec 
2007: Jan | Feb | Mar | Apr | May | Jun | Jul | Aug | Sep | Oct | Nov | Dec 
2006: Jan | Feb | Mar | Apr | May | Jun | Jul | Aug | Sep | Oct | Nov | Dec 
2005: Jan | Feb | Mar | Apr | May | Jun | Jul | Aug | Sep | Oct | Nov | Dec 

Report for 2010 10
MONTHLY CLIMATOLOGICAL SUMMARY FOR 10/2010 HEAT COOL MEAN DEG DEG WIND SPEED DOM MEAN MEAN DAY TEMP HIGH TIME LOW TIME DAYS DAYS RAIN AVG HI TIME DIR BAROM HUM --------------------------------------------------------------------------------------- 1 70.4 92.0 3:07pm 51.3 6:30am 3 8 0.00 3 21 4:27pm ENE 29.86 31 2 64.7 84.2 1:53pm 53.2 7:19am 4 3 0.01 3 28 4:04pm ENE 29.86 51 3 57.2 62.2 11:16am 53.0 10:53pm 8 0 0.14 2 12 11:49am SSE 29.86 82 4 51.5 57.7 3:16pm 46.5 10:45pm 14 0 0.48 3 20 9:58pm N 29.82 82 5 45.9 49.1 1:24pm 43.1 9:30pm 18 0 0.43 3 23 4:11am NNW 29.94 89 6 48.1 60.0 1:56pm 35.9 7:01am 17 0 0.10 2 17 3:03pm ENE 30.01 76 7 50.1 59.6 3:40pm 43.5 11:59pm 15 0 0.06 3 22 2:30pm NW 30.05 72 8 49.6 67.3 4:24pm 35.3 6:35am 15 0 0.00 2 12 5:14pm E 30.19 70 9 53.9 72.8 3:37pm 37.8 6:20am 12 1 0.00 3 16 5:15pm ENE 30.26 63 10 57.2 76.8 4:11pm 40.9 6:29am 10 2 0.00 3 18 3:23pm NE 30.13 60 11 57.1 70.0 2:52pm 44.3 5:35am 9 1 0.00 4 19 11:20am ENE 30.07 65 12 53.4 70.2 3:14pm 38.2 6:34am 12 1 0.00 3 16 3:45pm ENE 30.22 50 13 54.0 75.2 4:24pm 36.2 7:09am 13 2 0.00 3 16 3:33pm ENE 30.23 54 14 57.7 78.1 2:10pm 38.9 7:11am 10 3 0.00 3 18 3:53pm ENE 30.15 50 15 58.3 78.7 3:07pm 41.3 7:20am 10 3 0.00 2 16 3:55pm ENE 30.06 44 16 57.9 73.1 2:19pm 43.9 6:03am 9 1 0.01 4 24 11:20pm SSW 29.98 43 17 55.9 66.6 1:33pm 45.2 11:52pm 9 0 0.11 4 22 12:00am SW 29.90 61 18 50.6 63.1 4:40pm 42.5 1:56am 14 0 0.00 2 16 1:55pm NE 30.01 78 19 51.9 69.8 3:41pm 37.9 7:31am 13 0 0.00 3 22 2:56pm ENE 30.04 62 20 52.1 71.1 3:25pm 34.4 7:36am 14 1 0.00 3 15 3:29pm ENE 29.97 59 21 54.4 69.4 2:23pm 40.2 7:21am 11 0 0.00 5 23 2:41pm W 29.91 56 22 51.8 64.1 1:55pm 36.7 7:36am 13 0 0.00 5 26 1:04pm SW 29.88 52 23 51.2 59.3 12:07pm 46.8 8:48am 13 0 0.02 5 26 4:54am W 29.87 64 24 53.9 58.7 7:03am 47.4 11:59pm 11 0 1.10 11 49 11:17pm SSW 29.72 68 25 44.8 52.4 3:35pm 35.3 11:28pm 20 0 0.00 2 44 12:44am WSW 29.92 54 26 38.5 52.3 3:42pm 26.6 7:45am 25 0 0.01 4 27 11:26am NNE 30.08 56 27 36.0 52.8 3:20pm 20.9 7:19am 28 0 0.00 2 10 3:51pm NE 30.24 62 28 45.3 67.3 4:08pm 26.1 7:53am 20 0 0.00 4 31 5:51pm ENE 30.10 48 29 49.8 65.8 3:31pm 37.8 8:21am 15 0 0.00 3 11 4:52am ENE 29.91 35 30 46.8 57.3 1:15pm 38.8 3:44am 18 0 0.00 4 29 2:13pm WSW 29.88 56 31 47.1 63.2 3:54pm 34.2 7:51am 18 0 0.00 3 13 4:09pm ENE 30.17 57 --------------------------------------------------------------------------------------- TOT 52.2 92.0 10/1/10 20.9 10/27/10 418 27 2.47 3 49 10/24/10 ENE 30.01 60 HEAT BASE: 65.0 COOL BASE: 65.0

Special thanks go to Ken at http://saratoga-weather.com for the scripts used to produce these NOAA reports.
USA Weather
	 Finder

Updated Automatically by Ambient Software's Virtual Weather Station  v14.00 p101
©All rights reserved. Unauthorized duplication or distribution is prohibited
Disclaimer:
Never make important decisions based on this or any weather information obtained from the Internet

Webpage layout revised 01/01/2007 @4:22pm PT