NOAA style reports
2011: Jan | Feb | Mar | Apr | May | Jun | Jul | Aug | Sep | Oct | Nov | Dec 
2010: Jan | Feb | Mar | Apr | May | Jun | Jul | Aug | Sep | Oct | Nov | Dec 
2009: Jan | Feb | Mar | Apr | May | Jun | Jul | Aug | Sep | Oct | Nov | Dec 
2008: Jan | Feb | Mar | Apr | May | Jun | Jul | Aug | Sep | Oct | Nov | Dec 
2007: Jan | Feb | Mar | Apr | May | Jun | Jul | Aug | Sep | Oct | Nov | Dec 
2006: Jan | Feb | Mar | Apr | May | Jun | Jul | Aug | Sep | Oct | Nov | Dec 
2005: Jan | Feb | Mar | Apr | May | Jun | Jul | Aug | Sep | Oct | Nov | Dec 

Report for 2010 01
MONTHLY CLIMATOLOGICAL SUMMARY FOR 1/2010 HEAT COOL MEAN DEG DEG WIND SPEED DOM MEAN MEAN DAY TEMP HIGH TIME LOW TIME DAYS DAYS RAIN AVG HI TIME DIR BAROM HUM --------------------------------------------------------------------------------------- 1 42.5 55.0 2:02pm 30.1 5:32am 19 0 0.00 4 23 8:22pm SW 30.30 57 2 36.8 49.8 3:34pm 26.1 11:57pm 27 0 0.00 2 12 1:03am ENE 30.29 59 3 30.4 46.2 3:12pm 21.4 7:01am 34 0 0.00 2 6 6:57pm N 30.39 67 4 30.2 47.3 3:26pm 19.1 7:22am 35 0 0.00 1 6 12:15am N 30.38 71 5 33.5 48.5 4:11pm 24.5 7:01am 31 0 0.00 2 10 2:50pm ENE 30.35 67 6 37.2 53.2 2:24pm 23.8 7:18am 27 0 0.00 1 11 4:23pm NNW 30.29 67 7 37.5 45.8 2:47pm 32.9 6:28pm 27 0 0.00 1 10 4:09pm NW 30.26 77 8 38.7 47.3 1:52pm 32.5 11:48pm 25 0 0.01 1 12 3:29pm NNW 30.28 80 9 35.5 45.5 3:59pm 28.2 6:59am 29 0 0.00 1 9 7:24pm N 30.34 87 10 36.2 39.2 1:48pm 32.9 1:12am 27 0 0.00 1 6 10:38am SW 30.36 90 11 36.1 51.7 11:32pm 32.1 7:38am 29 0 0.00 1 23 11:25pm NNW 30.27 87 12 50.1 58.4 1:28pm 41.8 8:35am 15 0 0.00 17 39 8:09am S 29.99 49 13 39.9 49.4 1:59pm 28.7 11:55pm 25 0 0.64 3 35 3:05am S 30.04 68 14 33.6 48.3 3:14pm 23.8 6:20am 31 0 0.00 0 1 6:08pm ENE 30.46 70 15 35.2 50.1 3:01pm 25.7 6:48am 27 0 0.00 1 8 10:33pm ENE 30.28 69 16 38.0 54.1 2:22pm 24.4 6:50am 27 0 0.00 2 15 5:12pm WNW 30.02 57 17 41.5 50.5 12:47pm 34.0 2:56am 23 0 0.00 6 33 5:00pm S 29.80 55 18 34.9 40.9 2:31am 29.7 11:11pm 29 0 0.35 5 32 4:01pm S 29.54 79 19 36.3 42.3 1:37pm 29.3 12:15am 27 0 0.00 7 40 9:16am S 29.48 63 20 34.2 41.2 11:30am 27.8 11:00pm 30 0 0.07 0 0 12:00am N 29.30 70 21 25.8 30.7 12:19am 18.3 6:19am 37 0 0.16 1 14 1:07am SE 29.19 80 22 28.8 42.9 2:14pm 19.4 4:11am 36 0 0.00 1 9 7:51am E 29.42 68 23 29.0 43.6 3:15pm 15.7 5:37am 31 0 0.00 1 11 1:45am ENE 30.04 61 24 25.9 36.6 2:15pm 15.6 5:02am 38 0 0.00 0 4 12:22am NE 30.28 75 25 33.4 41.5 9:35pm 28.2 12:21am 31 0 0.11 0 0 12:00am N 30.09 82 26 39.0 47.6 12:49pm 33.7 3:20am 25 0 0.02 0 0 12:00am N 29.94 71 27 35.7 41.6 2:45pm 31.0 11:59pm 28 0 0.04 0 0 12:00am N 30.11 81 28 32.5 43.6 3:00pm 23.5 6:30am 31 0 0.00 0 1 12:32am NW 30.24 74 29 32.7 41.1 4:09pm 27.9 7:05am 32 0 0.00 0 5 7:04pm E 30.11 80 30 35.8 47.4 4:09pm 28.2 1:54am 28 0 0.00 0 8 4:04pm ENE 30.02 68 31 32.4 48.5 3:08pm 20.6 7:00am 32 0 0.00 0 5 7:43pm NNE 30.07 63 --------------------------------------------------------------------------------------- TOT 35.1 58.4 1/12/10 15.6 1/24/10 894 0 1.40 2 40 1/19/10 ENE 30.06 71 HEAT BASE: 65.0 COOL BASE: 65.0

Special thanks go to Ken at http://saratoga-weather.com for the scripts used to produce these NOAA reports.
USA Weather
	 Finder

Updated Automatically by Ambient Software's Virtual Weather Station  v14.00 p101
©All rights reserved. Unauthorized duplication or distribution is prohibited
Disclaimer:
Never make important decisions based on this or any weather information obtained from the Internet

Webpage layout revised 01/01/2007 @4:22pm PT