NOAA style reports
2011: Jan | Feb | Mar | Apr | May | Jun | Jul | Aug | Sep | Oct | Nov | Dec 
2010: Jan | Feb | Mar | Apr | May | Jun | Jul | Aug | Sep | Oct | Nov | Dec 
2009: Jan | Feb | Mar | Apr | May | Jun | Jul | Aug | Sep | Oct | Nov | Dec 
2008: Jan | Feb | Mar | Apr | May | Jun | Jul | Aug | Sep | Oct | Nov | Dec 
2007: Jan | Feb | Mar | Apr | May | Jun | Jul | Aug | Sep | Oct | Nov | Dec 
2006: Jan | Feb | Mar | Apr | May | Jun | Jul | Aug | Sep | Oct | Nov | Dec 
2005: Jan | Feb | Mar | Apr | May | Jun | Jul | Aug | Sep | Oct | Nov | Dec 

Report for 2009 12
MONTHLY CLIMATOLOGICAL SUMMARY FOR 12/2009 HEAT COOL MEAN DEG DEG WIND SPEED DOM MEAN MEAN DAY TEMP HIGH TIME LOW TIME DAYS DAYS RAIN AVG HI TIME DIR BAROM HUM --------------------------------------------------------------------------------------- 1 31.9 53.5 2:50pm 18.6 6:54am 32 0 0.00 2 12 3:07pm NNE 30.22 69 2 30.7 47.6 2:49pm 18.6 5:21am 34 0 0.00 2 9 2:24pm NNE 30.20 71 3 28.6 45.4 2:12pm 16.5 6:40am 36 0 0.00 2 8 3:52pm NNE 30.39 73 4 30.7 43.8 3:13pm 16.2 4:52am 32 0 0.01 2 10 8:45pm WSW 30.31 65 5 31.0 44.1 4:18am 16.7 11:56pm 33 0 0.00 6 34 7:25am ENE 29.98 49 6 23.1 39.3 12:58pm 7.6 7:09am 42 0 0.04 5 30 3:26pm ENE 29.82 61 7 18.8 23.6 12:11pm 13.8 11:54pm 44 0 0.21 3 17 1:05am NNW 29.77 80 8 4.7 15.9 1:15pm -6.1 7:03am 59 0 0.00 2 10 11:15am ENE 30.25 74 9 -0.5 14.1 1:47pm -13.0 7:00am 65 0 0.00 1 6 1:50pm ENE 30.57 72 10 12.1 21.6 1:11pm -2.4 12:52am 53 0 0.00 1 5 9:16am W 30.45 73 11 22.3 30.9 1:00pm 17.8 1:41am 39 0 0.01 1 12 8:23pm NW 30.18 77 12 31.8 40.6 10:35am 18.3 1:16am 32 0 0.26 4 23 5:23am ENE 29.88 87 13 35.5 48.8 1:39pm 25.1 11:54pm 29 0 0.00 3 14 2:47am ENE 29.91 74 14 27.9 40.9 12:56pm 18.1 4:56am 35 0 0.00 2 10 3:20am NNW 30.26 78 15 34.0 51.4 1:50pm 21.6 1:33am 29 0 0.00 2 16 3:48pm ENE 30.32 60 16 39.2 53.2 12:55pm 29.8 11:59pm 26 0 0.00 3 12 4:14am NW 30.30 60 17 31.8 44.2 2:12pm 21.9 7:45am 31 0 0.00 2 6 12:53am ENE 30.40 79 18 30.6 46.5 3:07pm 20.8 7:27am 32 0 0.01 1 7 12:49am NE 30.43 78 19 27.9 42.8 2:33pm 18.9 3:52am 36 0 0.00 1 5 2:32am N 30.39 78 20 36.4 55.1 3:18pm 23.5 3:58am 60 0 0.00 3 20 9:23pm N 30.20 65 21 42.6 52.6 10:50am 32.1 11:48pm 22 0 0.03 5 27 7:26pm SSW 29.87 60 22 26.7 32.4 12:12am 16.5 11:57pm 38 0 0.00 8 30 6:37am N 29.98 67 23 21.4 37.9 2:37pm 10.7 6:53am 42 0 0.00 2 9 1:11pm NE 30.51 68 24 21.2 35.5 2:08pm 12.1 6:26am 42 0 0.00 2 9 2:31pm ENE 30.56 71 25 22.2 39.5 2:59pm 11.2 6:24am 41 0 0.00 2 7 1:58am NE 30.43 70 26 21.8 28.8 2:19pm 11.9 7:01am 83 0 0.00 1 7 3:51pm ENE 30.29 75 27 26.5 40.5 1:55pm 17.7 4:59am 120 0 0.00 1 8 5:47am NE 30.33 78 28 27.3 31.9 1:37pm 21.8 12:53am 37 0 0.00 1 6 12:08am NNE 30.29 79 29 30.9 41.5 11:56pm 22.7 6:35am 34 0 0.00 2 25 11:01pm NE 30.16 75 30 36.2 43.3 10:15am 26.1 11:33pm 28 0 0.00 5 26 1:11am SSW 30.17 67 31 34.2 45.7 2:48pm 25.3 12:36am 29 0 0.00 2 15 5:27pm ENE 30.38 69 --------------------------------------------------------------------------------------- TOT 27.0 55.1 12/20/09 -13.0 12/9/09 1296 0 0.58 2 34 12/5/09 NE 30.23 71 HEAT BASE: 65.0 COOL BASE: 65.0

Special thanks go to Ken at http://saratoga-weather.com for the scripts used to produce these NOAA reports.
USA Weather
	 Finder

Updated Automatically by Ambient Software's Virtual Weather Station  v14.00 p101
©All rights reserved. Unauthorized duplication or distribution is prohibited
Disclaimer:
Never make important decisions based on this or any weather information obtained from the Internet

Webpage layout revised 01/01/2007 @4:22pm PT