NOAA style reports
2011: Jan | Feb | Mar | Apr | May | Jun | Jul | Aug | Sep | Oct | Nov | Dec 
2010: Jan | Feb | Mar | Apr | May | Jun | Jul | Aug | Sep | Oct | Nov | Dec 
2009: Jan | Feb | Mar | Apr | May | Jun | Jul | Aug | Sep | Oct | Nov | Dec 
2008: Jan | Feb | Mar | Apr | May | Jun | Jul | Aug | Sep | Oct | Nov | Dec 
2007: Jan | Feb | Mar | Apr | May | Jun | Jul | Aug | Sep | Oct | Nov | Dec 
2006: Jan | Feb | Mar | Apr | May | Jun | Jul | Aug | Sep | Oct | Nov | Dec 
2005: Jan | Feb | Mar | Apr | May | Jun | Jul | Aug | Sep | Oct | Nov | Dec 

Report for 2009 09
MONTHLY CLIMATOLOGICAL SUMMARY FOR 9/2009 HEAT COOL MEAN DEG DEG WIND SPEED DOM MEAN MEAN DAY TEMP HIGH TIME LOW TIME DAYS DAYS RAIN AVG HI TIME DIR BAROM HUM --------------------------------------------------------------------------------------- 1 72.9 87.8 1:49pm 55.4 6:24am 2 9 0.00 7 29 3:01pm SW 29.89 28 2 70.1 89.0 4:13pm 50.2 6:08am 3 8 0.00 3 22 6:23pm ENE 29.99 27 3 72.2 90.7 1:45pm 51.3 5:09am 2 9 0.00 3 20 3:25pm NNW 29.96 29 4 70.1 90.1 3:00pm 50.5 5:55am 3 8 0.00 4 24 2:55pm N 29.86 29 5 71.7 85.5 3:15pm 58.0 6:05am 1 8 0.00 6 27 2:05pm WSW 29.80 23 6 69.2 84.3 2:25pm 54.1 5:05am 2 6 0.00 6 45 1:05pm W 29.85 22 7 63.1 82.0 3:20pm 43.2 6:45am 6 4 0.00 4 18 3:25pm NNW 29.89 29 8 65.9 86.1 4:37pm 42.9 6:20am 5 6 0.00 4 24 1:01pm N 29.86 23 9 68.7 90.1 3:19pm 47.1 6:16am 5 8 0.00 3 17 4:06pm NW 29.93 27 10 71.2 93.8 3:56pm 48.8 6:45am 3 9 0.00 3 14 3:20pm NE 30.01 30 11 73.1 95.1 3:09pm 48.9 6:50am 3 11 0.00 3 19 3:30pm NNE 29.95 23 12 68.9 88.2 12:42pm 57.0 6:23am 2 6 0.01 3 37 2:44pm NNW 29.75 33 13 65.6 83.0 1:57pm 49.8 6:45am 4 4 0.00 6 26 3:08pm SW 29.68 38 14 62.3 74.0 1:21pm 50.8 6:48am 5 2 0.00 5 24 1:09am NW 29.84 39 15 62.5 82.8 3:32pm 40.6 7:05am 8 5 0.00 3 19 4:28pm N 30.07 44 16 67.3 89.7 2:23pm 46.5 7:13am 5 7 0.00 3 17 6:02pm NNW 30.00 35 17 70.4 89.7 2:31pm 48.5 6:45am 3 9 0.00 3 20 4:46pm NW 29.90 33 18 70.4 93.4 3:14pm 48.6 6:33am 4 9 0.00 4 23 4:41pm NE 29.89 27 19 73.3 87.0 3:05pm 61.6 10:33pm 0 8 0.00 6 24 4:05pm SSW 29.84 26 20 66.9 85.1 4:16pm 45.7 6:53am 4 6 0.00 3 19 5:19pm N 30.00 29 21 62.4 80.1 3:56pm 44.5 7:21am 7 4 0.00 5 21 4:19pm ENE 30.17 19 22 62.3 86.3 4:32pm 36.8 6:52am 8 6 0.00 4 16 3:32pm NE 30.21 14 23 65.9 89.9 3:37pm 42.1 7:07am 7 7 0.00 3 18 1:43pm ENE 30.09 16 24 68.2 92.5 3:25pm 44.9 5:58am 6 9 0.00 3 14 7:31pm ENE 29.98 20 25 67.5 92.7 3:35pm 45.4 6:09am 5 8 0.00 4 19 3:52pm NE 30.02 21 26 68.2 92.7 2:36pm 44.8 6:37am 5 9 0.00 3 16 3:49pm NE 30.07 17 27 68.6 94.5 4:08pm 44.8 6:21am 5 9 0.00 2 11 2:58pm N 29.93 17 28 66.2 84.9 12:08pm 48.0 7:05am 5 6 0.00 5 28 1:22pm WSW 29.75 22 29 60.4 71.1 9:43am 44.8 11:23pm 5 0 0.00 11 47 11:35am SW 29.71 24 30 45.3 60.1 3:50pm 30.9 6:23am 19 0 0.00 5 23 12:41am ENE 30.19 41 --------------------------------------------------------------------------------------- TOT 67.0 95.1 9/11/09 30.9 9/30/09 142 201 0.01 4 47 9/29/09 NE 29.94 27 HEAT BASE: 65.0 COOL BASE: 65.0

Special thanks go to Ken at http://saratoga-weather.com for the scripts used to produce these NOAA reports.
USA Weather
	 Finder

Updated Automatically by Ambient Software's Virtual Weather Station  v14.00 p101
©All rights reserved. Unauthorized duplication or distribution is prohibited
Disclaimer:
Never make important decisions based on this or any weather information obtained from the Internet

Webpage layout revised 01/01/2007 @4:22pm PT