NOAA style reports
2011: Jan | Feb | Mar | Apr | May | Jun | Jul | Aug | Sep | Oct | Nov | Dec 
2010: Jan | Feb | Mar | Apr | May | Jun | Jul | Aug | Sep | Oct | Nov | Dec 
2009: Jan | Feb | Mar | Apr | May | Jun | Jul | Aug | Sep | Oct | Nov | Dec 
2008: Jan | Feb | Mar | Apr | May | Jun | Jul | Aug | Sep | Oct | Nov | Dec 
2007: Jan | Feb | Mar | Apr | May | Jun | Jul | Aug | Sep | Oct | Nov | Dec 
2006: Jan | Feb | Mar | Apr | May | Jun | Jul | Aug | Sep | Oct | Nov | Dec 
2005: Jan | Feb | Mar | Apr | May | Jun | Jul | Aug | Sep | Oct | Nov | Dec 

Report for 2009 06
MONTHLY CLIMATOLOGICAL SUMMARY FOR 6/2009 HEAT COOL MEAN DEG DEG WIND SPEED DOM MEAN MEAN DAY TEMP HIGH TIME LOW TIME DAYS DAYS RAIN AVG HI TIME DIR BAROM HUM --------------------------------------------------------------------------------------- 1 59.7 77.0 12:33pm 47.6 5:27am 6 2 0.14 3 22 4:22pm NW 29.79 62 2 56.2 72.5 12:55pm 43.8 6:03am 7 0 0.08 4 25 1:55pm NNW 29.86 72 3 56.8 69.1 1:30pm 49.1 6:13am 7 0 0.20 3 31 2:57pm NE 29.86 70 4 57.9 72.5 2:54pm 41.5 5:55am 13 1 0.00 4 22 1:29pm NW 29.79 54 5 53.0 61.0 4:00pm 44.3 11:48pm 10 0 0.00 6 26 12:30pm W 29.76 59 6 49.7 55.7 12:00pm 43.3 12:53am 13 0 0.10 2 9 6:27am E 29.86 70 7 57.0 71.5 3:25pm 44.8 3:25am 20 1 0.00 4 26 6:24pm E 29.86 61 8 57.7 76.7 2:46pm 42.1 5:53am 8 2 0.03 5 29 4:55pm NE 29.75 60 9 61.3 74.9 1:59pm 50.4 5:22am 5 2 0.00 4 24 3:49pm N 29.72 51 10 58.8 69.6 4:33pm 45.2 6:03am 6 1 0.00 5 21 3:59pm NE 29.76 38 11 57.1 72.1 1:50pm 40.9 5:49am 8 1 0.00 4 22 5:03pm W 29.81 47 12 59.0 73.7 2:24pm 41.3 5:41am 14 2 0.00 4 24 4:36pm NNW 29.79 48 13 59.1 70.3 4:20pm 49.5 11:59pm 19 3 0.00 6 26 5:21pm NNW 29.79 49 14 58.9 74.2 2:35pm 40.6 5:55am 26 4 0.00 4 21 4:29pm NNW 29.84 48 15 58.9 75.4 12:37pm 47.4 4:50am 6 1 0.02 3 25 2:05pm NE 29.82 58 16 63.4 79.9 3:31pm 47.7 5:54am 10 4 0.00 4 21 3:51pm NW 29.83 56 17 66.9 80.5 2:56pm 53.1 5:57am 2 4 0.00 4 28 5:49pm NW 29.75 47 18 68.5 85.5 3:37pm 49.4 5:33am 5 9 0.00 4 19 5:05pm NW 29.77 42 19 69.2 83.4 2:50pm 52.0 4:23am 7 15 0.00 6 25 3:33pm NW 29.60 36 20 62.6 77.2 1:15pm 46.0 5:43am 4 2 0.00 5 23 3:57pm SW 29.55 37 21 59.9 72.8 1:59pm 45.8 5:23am 6 1 0.00 7 24 4:39pm NNW 29.68 33 22 61.7 77.6 3:47pm 41.3 5:08am 5 2 0.00 4 23 3:26pm NE 29.81 32 23 66.8 87.0 4:46pm 43.6 5:25am 9 8 0.00 3 17 2:54pm ENE 29.76 29 24 72.7 92.5 3:44pm 49.2 5:43am 12 18 0.00 4 40 10:25pm ENE 29.75 29 25 71.2 87.4 12:43pm 51.3 5:49am 1 6 0.00 5 27 2:02pm ENE 29.75 27 26 70.8 89.7 4:57pm 46.4 5:54am 4 14 0.00 4 19 5:45pm ENE 29.82 28 27 74.3 94.0 4:16pm 49.6 5:46am 7 24 0.00 4 20 7:25pm ENE 29.92 27 28 75.6 96.1 3:05pm 53.6 5:59am 1 10 0.00 4 22 3:43pm ENE 29.84 23 29 76.4 93.8 1:55pm 54.8 6:00am 3 21 0.00 4 28 5:35pm ENE 29.73 22 30 72.7 88.4 11:37am 55.0 5:34am 4 28 0.00 4 36 1:25pm ENE 29.71 25 --------------------------------------------------------------------------------------- TOT 63.1 96.1 6/28/09 40.6 6/14/09 246 186 0.57 4 40 6/24/09 NW 29.78 45 HEAT BASE: 65.0 COOL BASE: 65.0

Special thanks go to Ken at http://saratoga-weather.com for the scripts used to produce these NOAA reports.
USA Weather
	 Finder

Updated Automatically by Ambient Software's Virtual Weather Station  v14.00 p101
©All rights reserved. Unauthorized duplication or distribution is prohibited
Disclaimer:
Never make important decisions based on this or any weather information obtained from the Internet

Webpage layout revised 01/01/2007 @4:22pm PT