NOAA style reports
2011: Jan | Feb | Mar | Apr | May | Jun | Jul | Aug | Sep | Oct | Nov | Dec 
2010: Jan | Feb | Mar | Apr | May | Jun | Jul | Aug | Sep | Oct | Nov | Dec 
2009: Jan | Feb | Mar | Apr | May | Jun | Jul | Aug | Sep | Oct | Nov | Dec 
2008: Jan | Feb | Mar | Apr | May | Jun | Jul | Aug | Sep | Oct | Nov | Dec 
2007: Jan | Feb | Mar | Apr | May | Jun | Jul | Aug | Sep | Oct | Nov | Dec 
2006: Jan | Feb | Mar | Apr | May | Jun | Jul | Aug | Sep | Oct | Nov | Dec 
2005: Jan | Feb | Mar | Apr | May | Jun | Jul | Aug | Sep | Oct | Nov | Dec 

Report for 2009 05
MONTHLY CLIMATOLOGICAL SUMMARY FOR 5/2009 HEAT COOL MEAN DEG DEG WIND SPEED DOM MEAN MEAN DAY TEMP HIGH TIME LOW TIME DAYS DAYS RAIN AVG HI TIME DIR BAROM HUM --------------------------------------------------------------------------------------- 1 55.8 65.0 1:56pm 44.9 11:44pm 9 0 0.00 7 27 2:27pm SSW 29.86 53 2 50.9 61.8 2:57pm 44.1 2:51am 14 0 0.12 7 25 4:12pm W 29.90 58 3 53.6 62.4 2:28pm 41.8 11:56pm 11 0 0.11 9 33 5:25pm SW 29.98 54 4 52.7 65.2 2:00pm 37.6 6:07am 12 0 0.00 8 36 11:43pm SW 29.95 48 5 57.3 66.4 3:45pm 48.6 10:05pm 7 0 0.00 9 35 1:33pm SW 29.91 44 6 58.5 70.6 4:15pm 42.9 4:31am 7 1 0.00 8 32 12:15pm SW 29.99 38 7 58.9 74.9 3:25pm 41.1 5:56am 9 2 0.00 5 21 3:39pm NE 29.99 32 8 56.8 74.0 4:28pm 38.6 5:24am 9 2 0.00 4 20 10:49am NNE 29.95 27 9 56.3 76.8 3:22pm 37.8 5:40am 10 2 0.00 4 22 6:01pm ENE 29.91 31 10 60.6 80.9 3:37pm 37.8 5:44am 7 3 0.00 4 21 3:34pm NE 29.91 32 11 61.2 78.5 3:04pm 42.3 5:29am 6 3 0.00 6 24 1:58pm W 29.82 27 12 59.3 70.6 1:49pm 41.1 4:13am 5 1 0.00 6 26 12:51pm WNW 29.83 21 13 54.3 72.5 2:57pm 35.9 6:07am 9 1 0.00 4 25 4:50pm NW 29.97 30 14 59.2 76.0 3:55pm 38.5 5:59am 16 3 0.00 5 24 12:23pm NW 29.94 41 15 62.9 81.6 5:27pm 43.1 5:57am 5 4 0.00 3 19 1:41pm NE 29.93 39 16 67.7 88.4 4:37pm 43.5 5:01am 4 7 0.00 3 19 4:56pm NW 29.96 25 17 71.9 92.3 2:21pm 47.1 5:44am 3 9 0.00 4 21 5:15pm NE 29.92 25 18 70.7 88.6 1:04pm 49.6 5:33am 3 7 0.00 5 27 5:09pm NW 29.82 27 19 69.6 80.9 3:15pm 57.2 11:59pm 1 5 0.00 8 32 2:37pm SW 29.72 28 20 68.3 81.6 3:24pm 55.3 11:59pm 3 10 0.00 6 22 2:35pm SW 29.74 26 21 65.1 84.7 2:35pm 42.6 5:32am 5 5 0.00 4 22 3:51pm NE 29.79 32 22 66.7 85.5 2:09pm 48.2 5:58am 8 9 0.00 4 32 5:52pm NW 29.76 35 23 64.0 80.5 1:19pm 47.1 5:08am 5 4 0.00 5 25 3:33pm WNW 29.76 40 24 63.6 79.4 2:54pm 43.5 5:59am 9 7 0.00 5 27 3:37pm WNW 29.78 27 25 62.4 81.6 3:00pm 41.6 5:55am 5 3 0.00 4 25 5:45pm NE 29.82 30 26 67.1 84.7 4:58pm 44.3 5:40am 9 9 0.00 4 21 4:58pm NNW 29.83 30 27 67.5 86.7 2:31pm 48.2 6:00am 3 5 0.00 4 22 4:28pm NE 29.82 33 28 66.3 85.3 12:35pm 49.6 5:52am 3 4 0.12 5 35 1:49pm ENE 29.85 37 29 64.4 84.1 12:18pm 45.8 5:13am 4 4 0.00 3 24 4:37pm ENE 29.92 43 30 65.7 83.8 2:34pm 49.9 5:47am 3 4 0.01 4 29 3:28pm NNE 29.86 46 31 65.8 78.5 11:41am 51.6 5:56am 3 3 0.00 3 21 1:36pm NW 29.82 54 --------------------------------------------------------------------------------------- TOT 61.7 92.3 5/17/09 35.9 5/13/09 210 117 0.36 5 36 5/4/09 NW 29.88 36 HEAT BASE: 65.0 COOL BASE: 65.0

Special thanks go to Ken at http://saratoga-weather.com for the scripts used to produce these NOAA reports.
USA Weather
	 Finder

Updated Automatically by Ambient Software's Virtual Weather Station  v14.00 p101
©All rights reserved. Unauthorized duplication or distribution is prohibited
Disclaimer:
Never make important decisions based on this or any weather information obtained from the Internet

Webpage layout revised 01/01/2007 @4:22pm PT