NOAA style reports
2011: Jan | Feb | Mar | Apr | May | Jun | Jul | Aug | Sep | Oct | Nov | Dec 
2010: Jan | Feb | Mar | Apr | May | Jun | Jul | Aug | Sep | Oct | Nov | Dec 
2009: Jan | Feb | Mar | Apr | May | Jun | Jul | Aug | Sep | Oct | Nov | Dec 
2008: Jan | Feb | Mar | Apr | May | Jun | Jul | Aug | Sep | Oct | Nov | Dec 
2007: Jan | Feb | Mar | Apr | May | Jun | Jul | Aug | Sep | Oct | Nov | Dec 
2006: Jan | Feb | Mar | Apr | May | Jun | Jul | Aug | Sep | Oct | Nov | Dec 
2005: Jan | Feb | Mar | Apr | May | Jun | Jul | Aug | Sep | Oct | Nov | Dec 

Report for 2009 04
MONTHLY CLIMATOLOGICAL SUMMARY FOR 4/2009 HEAT COOL MEAN DEG DEG WIND SPEED DOM MEAN MEAN DAY TEMP HIGH TIME LOW TIME DAYS DAYS RAIN AVG HI TIME DIR BAROM HUM --------------------------------------------------------------------------------------- 1 50.7 64.0 5:00pm 39.6 7:09am 14 0 0.00 5 24 1:14pm NW 29.90 41 2 49.5 62.6 12:29pm 36.8 2:43am 15 0 0.02 8 34 1:30pm SW 29.72 40 3 36.3 45.2 2:16pm 25.7 11:54pm 29 0 0.02 10 31 6:23am N 29.83 48 4 33.6 52.5 4:21pm 16.1 6:34am 29 0 0.00 4 18 2:00pm ENE 30.18 44 5 42.3 62.7 4:45pm 20.8 6:36am 23 0 0.00 4 20 5:42pm ENE 30.25 33 6 48.1 69.3 3:45pm 25.3 6:42am 17 0 0.00 3 15 5:47pm ENE 30.13 28 7 47.9 67.8 1:16pm 30.9 6:49am 17 0 0.00 7 37 2:30pm ENE 29.83 37 8 43.1 51.7 3:22pm 35.3 6:31am 22 0 0.00 8 26 4:15pm WSW 29.87 44 9 43.4 50.4 12:35pm 36.5 5:21am 22 0 0.00 4 18 11:18am W 29.88 48 10 42.2 52.0 1:36pm 33.2 11:59pm 23 0 0.04 4 18 2:27pm NNW 29.76 64 11 45.0 59.3 2:41pm 32.2 12:20am 19 0 0.00 3 23 3:50pm NNW 29.98 58 12 49.1 68.9 3:19pm 29.8 6:22am 16 0 0.00 4 19 4:50pm NNW 30.18 50 13 51.1 68.1 1:40pm 34.0 6:18am 13 0 0.00 4 21 1:29pm ENE 29.96 47 14 33.6 47.1 4:46pm 25.1 5:59am 24 0 0.00 6 22 12:00am N 29.92 44 15 35.3 47.1 4:46pm 25.1 5:59am 29 0 0.00 6 23 6:30pm NNW 29.96 45 16 43.8 59.9 4:21pm 24.8 6:47am 21 0 0.00 5 20 10:48am NNE 30.24 35 17 49.1 71.5 4:47pm 26.6 6:05am 16 1 0.00 3 14 5:44pm NE 30.24 32 18 53.8 73.9 3:58pm 32.8 6:15am 13 2 0.00 4 24 3:34pm ENE 30.18 31 19 57.5 79.0 4:42pm 36.0 6:04am 11 3 0.00 3 15 1:51pm ENE 30.19 32 20 61.1 83.4 5:09pm 38.5 6:33am 9 5 0.00 3 16 2:32pm NE 30.12 29 21 62.8 85.3 3:10pm 39.9 6:17am 7 5 0.00 3 24 3:59pm ENE 30.00 28 22 62.4 79.2 2:57pm 41.1 5:41am 6 4 0.00 5 28 2:33pm SW 29.84 24 23 59.1 70.9 12:40pm 45.5 6:29am 6 0 0.00 8 38 3:51pm SW 29.68 22 24 44.9 51.7 12:00am 34.1 10:19pm 20 0 0.02 9 32 9:25am SW 29.79 44 25 26 47.5 63.7 4:57pm 30.9 5:43am 18 0 0.00 4 18 5:34pm ENE 29.98 44 27 28 48.1 59.2 2:00pm 36.6 6:30am 34 0 0.00 8 33 2:10pm W 29.83 29 29 50.0 68.6 12:50pm 33.7 5:15am 9 0 0.00 4 22 2:47pm W 30.04 22 30 53.3 68.6 12:50pm 33.7 5:15am 12 0 0.00 5 24 5:20pm W 30.02 30 --------------------------------------------------------------------------------------- TOT 48.0 85.3 4/21/09 16.1 4/4/09 493 22 0.12 5 38 4/23/09 ENE 29.97 39 HEAT BASE: 65.0 COOL BASE: 65.0

Special thanks go to Ken at http://saratoga-weather.com for the scripts used to produce these NOAA reports.
USA Weather
	 Finder

Updated Automatically by Ambient Software's Virtual Weather Station  v14.00 p101
©All rights reserved. Unauthorized duplication or distribution is prohibited
Disclaimer:
Never make important decisions based on this or any weather information obtained from the Internet

Webpage layout revised 01/01/2007 @4:22pm PT