NOAA style reports
2011: Jan | Feb | Mar | Apr | May | Jun | Jul | Aug | Sep | Oct | Nov | Dec 
2010: Jan | Feb | Mar | Apr | May | Jun | Jul | Aug | Sep | Oct | Nov | Dec 
2009: Jan | Feb | Mar | Apr | May | Jun | Jul | Aug | Sep | Oct | Nov | Dec 
2008: Jan | Feb | Mar | Apr | May | Jun | Jul | Aug | Sep | Oct | Nov | Dec 
2007: Jan | Feb | Mar | Apr | May | Jun | Jul | Aug | Sep | Oct | Nov | Dec 
2006: Jan | Feb | Mar | Apr | May | Jun | Jul | Aug | Sep | Oct | Nov | Dec 
2005: Jan | Feb | Mar | Apr | May | Jun | Jul | Aug | Sep | Oct | Nov | Dec 

Report for 2009 03
MONTHLY CLIMATOLOGICAL SUMMARY FOR 3/2009 HEAT COOL MEAN DEG DEG WIND SPEED DOM MEAN MEAN DAY TEMP HIGH TIME LOW TIME DAYS DAYS RAIN AVG HI TIME DIR BAROM HUM --------------------------------------------------------------------------------------- 1 47.4 57.3 11:35am 35.3 12:00am 17 0 0.14 10 39 2:29pm SSE 30.03 49 2 43.5 49.6 12:39pm 37.2 11:59pm 21 0 0.42 8 47 4:15pm S 29.87 80 3 37.8 45.2 1:38pm 32.7 7:02am 27 0 0.18 13 43 1:16pm S 29.83 78 4 33.1 41.8 2:55pm 26.6 11:50pm 32 0 0.29 3 20 1:14pm ENE 29.95 69 5 32.5 45.2 2:46pm 18.6 6:43am 33 0 0.00 3 18 4:01pm WNW 30.16 59 6 35.8 43.1 2:20pm 27.3 11:53pm 28 0 0.00 6 23 12:45pm NW 30.06 50 7 33.5 50.1 3:00pm 18.9 6:13am 31 0 0.00 2 11 9:13am NE 30.16 58 8 39.1 53.6 3:07pm 24.1 6:22am 25 0 0.00 7 27 8:35pm SW 29.95 47 9 34.3 42.2 1:58pm 27.6 11:59pm 31 0 0.00 9 32 5:33am NW 29.90 38 10 31.5 51.1 4:52pm 14.0 7:13am 34 0 0.00 3 16 5:56pm NNE 30.20 46 11 34.8 53.8 4:23pm 19.1 7:22am 30 0 0.00 3 16 6:12pm ENE 30.15 45 12 36.7 53.8 3:41pm 20.3 7:11am 28 0 0.00 5 23 5:14pm ENE 30.24 45 13 38.9 62.3 5:15pm 20.8 7:25am 25 0 0.00 3 10 1:36pm ENE 30.21 41 14 40.8 58.0 1:31pm 24.1 4:59am 24 0 0.00 6 28 2:37pm W 29.94 40 15 47.3 59.5 1:27pm 36.3 1:10am 17 0 0.00 6 26 6:15pm SSW 29.95 33 16 51.9 61.6 2:51pm 38.6 11:41pm 13 0 0.00 8 32 8:03am SW 30.05 47 17 50.3 64.7 3:05pm 36.8 1:22am 14 0 0.00 5 22 12:34pm NE 30.16 45 18 49.9 69.1 4:07pm 31.9 6:18am 15 0 0.00 3 18 8:05pm NNW 30.14 45 19 51.2 72.0 3:57pm 35.9 7:45am 14 1 0.00 3 21 5:13pm ENE 29.98 45 20 51.2 69.3 2:10pm 31.2 7:04am 14 1 0.00 3 28 4:47pm NE 29.86 48 21 47.0 58.3 11:31am 36.6 10:48pm 18 0 0.06 8 32 6:30pm SSW 29.75 54 22 34.4 40.8 2:27pm 29.8 9:36pm 30 0 0.07 8 34 3:38pm NW 29.93 61 23 33.5 47.3 4:42pm 19.2 7:18am 32 0 0.00 4 16 3:44am NNW 30.34 44 24 39.6 57.6 4:25pm 19.9 6:32am 25 0 0.00 3 18 2:50pm NE 30.32 42 25 44.9 62.0 3:29pm 27.3 6:04am 19 0 0.00 4 23 1:31pm NE 30.10 46 26 46.9 55.1 4:41pm 33.1 11:58pm 18 0 0.00 6 30 7:18am N 30.02 39 27 42.7 62.6 5:09pm 24.7 5:44am 21 0 0.00 3 17 5:34pm NNW 30.18 33 28 50.1 70.6 2:24pm 27.3 6:33am 15 1 0.00 5 32 6:14pm W 29.98 35 29 44.3 53.5 12:14am 28.5 11:59pm 21 0 0.00 12 36 8:45am N 29.77 26 30 37.1 55.0 4:46pm 18.9 6:54am 46 0 0.00 3 16 10:44am N 30.20 31 31 44.4 62.7 3:26pm 22.1 6:40am 21 0 0.00 4 23 8:54pm ENE 30.08 33 --------------------------------------------------------------------------------------- TOT 41.5 72.0 3/19/09 14.0 3/10/09 738 2 1.16 6 47 3/2/09 ENE 30.05 47 HEAT BASE: 65.0 COOL BASE: 65.0

Special thanks go to Ken at http://saratoga-weather.com for the scripts used to produce these NOAA reports.
USA Weather
	 Finder

Updated Automatically by Ambient Software's Virtual Weather Station  v14.00 p101
©All rights reserved. Unauthorized duplication or distribution is prohibited
Disclaimer:
Never make important decisions based on this or any weather information obtained from the Internet

Webpage layout revised 01/01/2007 @4:22pm PT