NOAA style reports
2011: Jan | Feb | Mar | Apr | May | Jun | Jul | Aug | Sep | Oct | Nov | Dec 
2010: Jan | Feb | Mar | Apr | May | Jun | Jul | Aug | Sep | Oct | Nov | Dec 
2009: Jan | Feb | Mar | Apr | May | Jun | Jul | Aug | Sep | Oct | Nov | Dec 
2008: Jan | Feb | Mar | Apr | May | Jun | Jul | Aug | Sep | Oct | Nov | Dec 
2007: Jan | Feb | Mar | Apr | May | Jun | Jul | Aug | Sep | Oct | Nov | Dec 
2006: Jan | Feb | Mar | Apr | May | Jun | Jul | Aug | Sep | Oct | Nov | Dec 
2005: Jan | Feb | Mar | Apr | May | Jun | Jul | Aug | Sep | Oct | Nov | Dec 

Report for 2009 01
MONTHLY CLIMATOLOGICAL SUMMARY FOR 1/2009 HEAT COOL MEAN DEG DEG WIND SPEED DOM MEAN MEAN DAY TEMP HIGH TIME LOW TIME DAYS DAYS RAIN AVG HI TIME DIR BAROM HUM --------------------------------------------------------------------------------------- 1 41.6 62.6 2:24pm 24.1 4:25am 23 0 0.00 3 20 2:31pm NE 30.15 56 2 42.9 51.4 1:52am 31.6 11:58pm 22 0 0.04 8 33 7:26am SW 29.77 61 3 28.6 35.8 12:25pm 16.1 11:58pm 36 0 0.00 5 20 12:00am N 30.11 59 4 21.8 34.1 3:38pm 10.5 6:16am 43 0 0.00 2 7 1:19pm ENE 30.35 66 5 39.5 49.4 11:52am 25.7 12:00am 25 0 0.00 5 24 12:21pm NW 30.15 55 6 44.6 61.0 1:24pm 31.9 12:00am 20 0 0.00 3 18 11:48am N 30.20 58 7 44.2 67.9 2:04pm 27.0 6:26am 21 0 0.00 2 13 3:24pm ENE 30.24 57 8 44.6 59.9 1:04pm 26.4 11:45pm 20 0 0.00 7 36 3:38pm ENE 30.09 49 9 29.1 44.2 2:30pm 18.3 5:31am 35 0 0.00 3 16 2:35pm NE 30.56 60 10 30.4 52.5 3:27pm 15.2 6:50am 35 0 0.00 2 7 7:01pm NNE 30.84 54 11 35.1 60.7 2:22pm 17.2 6:48am 29 0 0.00 2 15 4:12pm ENE 30.77 42 12 35.3 56.0 3:15pm 21.0 7:24am 29 0 0.00 2 11 1:27pm NE 30.71 57 13 34.7 58.1 3:38pm 20.3 6:11am 30 0 0.00 2 10 3:59pm ENE 30.67 65 14 34.1 59.2 3:33pm 18.1 7:34am 30 0 0.00 2 9 3:54pm N 30.56 49 15 33.4 56.5 3:41pm 17.8 6:57am 32 0 0.00 2 11 2:56pm NE 30.56 47 16 32.7 53.9 3:17pm 17.3 7:13am 32 0 0.00 2 14 3:26pm ENE 30.62 56 17 31.8 53.9 3:00pm 16.4 7:18am 33 0 0.00 2 14 3:55pm ENE 30.57 58 18 29.9 49.9 3:14pm 15.7 7:18am 34 0 0.00 2 11 3:44pm ENE 30.67 64 19 28.7 45.7 2:31pm 15.7 6:01am 36 0 0.00 2 7 1:04pm ENE 30.61 66 20 33.8 52.2 2:25pm 21.9 7:38am 31 0 0.00 2 14 1:26pm ENE 30.43 56 21 34.1 46.0 3:20pm 23.5 2:43am 30 0 0.00 1 6 2:04am WNW 30.26 58 22 37.6 42.2 4:08pm 33.4 7:48am 27 0 0.35 1 7 6:06pm NW 30.08 86 23 40.3 42.9 12:04pm 38.5 5:44am 25 0 0.47 1 10 11:30pm WSW 30.13 93 24 42.2 54.4 1:49pm 35.0 11:30pm 23 0 0.01 3 22 2:06pm WSW 30.02 72 25 33.7 39.1 12:11am 26.6 11:57pm 31 0 0.00 6 30 1:27am NNW 29.90 66 26 26.9 32.4 2:51pm 19.5 10:55pm 36 0 0.00 4 21 4:10pm NE 30.17 71 27 25.9 43.2 3:44pm 13.3 7:09am 39 0 0.00 2 10 11:12am NE 30.64 66 28 34.1 51.0 3:14pm 21.6 7:16am 30 0 0.01 3 18 12:51pm ENE 30.57 65 29 33.3 51.6 3:26pm 20.3 7:30am 32 0 0.00 2 10 3:28pm NE 30.65 68 30 33.4 51.6 2:02pm 20.5 7:25am 31 0 0.00 2 9 3:23pm ENE 30.57 69 31 35.2 58.7 3:10pm 20.0 7:13am 28 0 0.01 2 13 11:00am ENE 30.34 64 --------------------------------------------------------------------------------------- TOT 34.6 67.9 1/7/09 10.5 1/4/09 928 0 0.89 3 36 1/8/09 ENE 30.39 62 HEAT BASE: 65.0 COOL BASE: 65.0

Special thanks go to Ken at http://saratoga-weather.com for the scripts used to produce these NOAA reports.
USA Weather
	 Finder

Updated Automatically by Ambient Software's Virtual Weather Station  v14.00 p101
©All rights reserved. Unauthorized duplication or distribution is prohibited
Disclaimer:
Never make important decisions based on this or any weather information obtained from the Internet

Webpage layout revised 01/01/2007 @4:22pm PT