NOAA style reports
2011: Jan | Feb | Mar | Apr | May | Jun | Jul | Aug | Sep | Oct | Nov | Dec 
2010: Jan | Feb | Mar | Apr | May | Jun | Jul | Aug | Sep | Oct | Nov | Dec 
2009: Jan | Feb | Mar | Apr | May | Jun | Jul | Aug | Sep | Oct | Nov | Dec 
2008: Jan | Feb | Mar | Apr | May | Jun | Jul | Aug | Sep | Oct | Nov | Dec 
2007: Jan | Feb | Mar | Apr | May | Jun | Jul | Aug | Sep | Oct | Nov | Dec 
2006: Jan | Feb | Mar | Apr | May | Jun | Jul | Aug | Sep | Oct | Nov | Dec 
2005: Jan | Feb | Mar | Apr | May | Jun | Jul | Aug | Sep | Oct | Nov | Dec 

Report for 2008 12
MONTHLY CLIMATOLOGICAL SUMMARY FOR 12/2008 HEAT COOL MEAN DEG DEG WIND SPEED DOM MEAN MEAN DAY TEMP HIGH TIME LOW TIME DAYS DAYS RAIN AVG HI TIME DIR BAROM HUM --------------------------------------------------------------------------------------- 1 45.7 71.8 2:40pm 22.7 6:38am 20 1 0.00 3 22 7:16pm NE 30.26 51 2 51.2 63.4 1:20pm 31.2 11:17pm 14 0 0.00 7 28 10:08am SSW 30.09 32 3 35.8 55.9 2:11pm 20.6 7:16am 29 0 0.00 2 13 2:55pm ENE 30.28 55 4 34.2 51.9 1:08pm 17.0 7:07am 29 0 0.00 4 20 2:07pm ENE 30.32 53 5 30.3 47.0 2:21pm 18.6 5:59am 33 0 0.00 3 13 1:05pm ENE 30.48 60 6 31.0 53.5 2:12pm 15.6 7:09am 34 0 0.00 2 9 2:23pm ENE 30.47 56 7 33.5 56.3 2:43pm 15.6 6:07am 32 0 0.00 2 9 9:58pm ENE 30.23 44 8 37.1 46.2 5:09am 22.1 11:29pm 27 0 0.00 7 24 9:19am N 30.12 41 9 27.5 44.8 1:29pm 14.4 5:45am 38 0 0.00 3 15 3:04pm ENE 30.54 51 10 30.4 52.8 1:49pm 16.4 6:58am 33 0 0.00 2 14 2:21pm NE 30.63 48 11 34.2 54.2 2:45pm 18.1 6:59am 31 0 0.00 1 7 3:29pm NE 30.38 45 12 40.5 57.3 3:45pm 19.5 7:29am 24 0 0.00 5 34 11:37pm SW 29.96 41 13 32.9 45.5 12:06am 20.0 11:13pm 32 0 0.00 9 39 1:02am WSW 29.62 48 14 28.6 36.6 1:55pm 20.0 12:00am 36 0 0.00 7 30 3:53pm S 29.86 51 15 26.4 32.5 10:07am 18.9 8:32pm 35 0 0.01 5 20 8:56am S 29.75 72 16 20.4 32.5 12:45pm 8.4 7:18am 43 0 0.01 4 21 12:59am ENE 30.09 62 17 15.4 31.2 2:35pm 4.7 6:17am 49 0 0.00 2 15 2:10pm ENE 30.24 71 18 24.1 44.1 1:10pm 2.4 6:06am 41 0 0.01 6 33 11:42pm SW 30.17 53 19 37.0 44.1 12:36pm 24.8 11:59pm 68 0 0.00 11 41 4:54am SW 30.14 44 20 29.0 43.6 1:49pm 14.1 6:23am 36 0 0.00 2 12 2:32pm ENE 30.35 51 21 39.6 50.1 2:28pm 29.8 2:52am 25 0 0.00 4 33 8:46pm SW 30.04 55 22 34.2 43.2 12:20am 24.5 11:18pm 31 0 0.04 7 35 12:43am SW 29.68 57 23 28.9 38.0 2:30pm 22.9 4:58am 34 0 0.04 2 9 12:47am NE 29.91 64 24 32.2 43.5 10:16pm 23.0 6:53am 31 0 0.00 3 36 11:30pm N 29.88 69 25 30.4 43.5 1:42am 21.8 10:13pm 34 0 0.15 7 41 12:06am SW 29.59 76 26 17.9 29.3 1:06pm 8.4 7:45am 46 0 0.10 2 10 6:53am ENE 30.29 70 27 23.1 36.9 3:05pm 10.7 7:51am 41 0 0.01 1 9 7:00pm NW 30.52 76 28 32.9 48.3 2:45pm 22.5 7:08am 31 0 0.00 2 11 6:02am NW 30.41 80 29 39.2 60.7 2:29pm 21.3 5:15am 26 0 0.00 5 26 12:41pm NW 30.26 59 30 31.5 49.5 3:08pm 20.2 7:11am 33 0 0.00 2 9 2:46am ENE 30.28 64 31 35.4 59.9 2:21pm 19.1 6:54am 28 0 0.00 2 10 11:53am ENE 30.29 53 --------------------------------------------------------------------------------------- TOT 32.0 71.8 12/1/08 2.4 12/18/08 1045 1 0.37 4 41 12/19/08 ENE 30.17 56 HEAT BASE: 65.0 COOL BASE: 65.0

Special thanks go to Ken at http://saratoga-weather.com for the scripts used to produce these NOAA reports.
USA Weather
	 Finder

Updated Automatically by Ambient Software's Virtual Weather Station  v14.00 p101
©All rights reserved. Unauthorized duplication or distribution is prohibited
Disclaimer:
Never make important decisions based on this or any weather information obtained from the Internet

Webpage layout revised 01/01/2007 @4:22pm PT