NOAA style reports
2011: Jan | Feb | Mar | Apr | May | Jun | Jul | Aug | Sep | Oct | Nov | Dec 
2010: Jan | Feb | Mar | Apr | May | Jun | Jul | Aug | Sep | Oct | Nov | Dec 
2009: Jan | Feb | Mar | Apr | May | Jun | Jul | Aug | Sep | Oct | Nov | Dec 
2008: Jan | Feb | Mar | Apr | May | Jun | Jul | Aug | Sep | Oct | Nov | Dec 
2007: Jan | Feb | Mar | Apr | May | Jun | Jul | Aug | Sep | Oct | Nov | Dec 
2006: Jan | Feb | Mar | Apr | May | Jun | Jul | Aug | Sep | Oct | Nov | Dec 
2005: Jan | Feb | Mar | Apr | May | Jun | Jul | Aug | Sep | Oct | Nov | Dec 

Report for 2008 10
MONTHLY CLIMATOLOGICAL SUMMARY FOR 10/2008 HEAT COOL MEAN DEG DEG WIND SPEED DOM MEAN MEAN DAY TEMP HIGH TIME LOW TIME DAYS DAYS RAIN AVG HI TIME DIR BAROM HUM --------------------------------------------------------------------------------------- 1 66.6 86.1 2:32pm 46.1 7:07am 5 6 0.00 4 22 2:31pm ENE 30.04 37 2 66.2 73.9 12:10pm 57.8 11:52pm 1 3 0.00 6 35 1:26pm SW 29.85 34 3 59.4 67.3 11:40am 51.9 5:28am 5 0 0.00 5 27 3:40pm W 29.76 42 4 54.2 63.4 2:18pm 43.8 11:00pm 10 0 0.04 7 32 12:41pm WSW 29.76 53 5 52.1 69.3 2:07pm 34.1 7:01am 13 1 0.00 4 27 3:35pm NNW 30.03 54 6 54.7 77.2 4:17pm 33.7 6:55am 13 2 0.00 3 16 12:30pm NE 30.20 48 7 58.2 82.2 2:13pm 35.8 7:19am 11 4 0.00 3 20 2:49pm ENE 30.24 34 8 58.6 82.2 3:35pm 38.6 5:24am 9 3 0.00 3 27 4:06pm ENE 30.06 31 9 53.2 63.7 12:57pm 39.8 11:58pm 21 3 0.00 10 31 4:43pm N 29.87 25 10 34.6 43.5 1:44pm 28.8 7:24pm 51 3 0.01 7 31 3:36pm N 29.99 58 11 34.0 43.9 3:58pm 24.8 10:50pm 31 0 0.01 7 29 4:32pm N 30.14 55 12 32.6 49.2 3:30pm 17.0 6:33am 31 0 0.00 3 16 3:30pm NE 30.43 46 13 38.6 60.4 3:24pm 18.6 6:45am 25 0 0.00 3 21 5:05pm NE 30.67 39 14 46.2 72.5 3:06pm 25.1 7:07am 19 1 0.00 2 12 3:50pm E 30.44 31 15 53.6 79.4 3:04pm 29.4 6:13am 14 2 0.00 3 18 7:24pm NNE 30.23 32 16 53.8 76.3 2:38pm 32.8 7:06am 13 2 0.00 3 20 3:35pm ENE 30.27 32 17 54.9 79.6 3:24pm 32.7 7:34am 13 3 0.00 2 17 3:55pm NE 30.25 29 18 52.5 69.6 1:47pm 38.8 4:33am 25 3 0.00 2 23 2:46pm ENE 30.14 35 19 51.8 72.7 3:03pm 34.9 4:55am 14 1 0.00 3 19 4:15pm NE 30.16 49 20 51.5 72.8 1:46pm 30.0 7:12am 14 1 0.00 4 22 4:21pm ENE 30.21 41 21 47.0 65.2 3:19pm 30.0 6:07am 18 0 0.00 4 20 5:12pm ENE 30.39 43 22 44.0 64.7 3:37pm 26.9 7:30am 21 0 0.00 4 14 1:47pm ENE 30.53 33 23 48.1 77.0 3:13pm 26.0 7:03am 19 2 0.00 2 13 4:28pm NE 30.35 28 24 51.7 76.3 3:46pm 31.2 7:15am 15 2 0.00 2 18 3:33pm NE 30.27 28 25 52.0 76.1 3:28pm 31.8 7:05am 15 2 0.00 2 13 4:16pm ENE 30.30 25 26 50.9 74.6 3:05pm 31.5 7:10am 16 2 0.00 3 15 2:36pm NE 30.35 26 27 51.3 76.5 2:19pm 30.7 7:10am 15 2 0.00 2 12 2:58pm NE 30.38 28 28 53.7 78.8 3:05pm 36.5 7:04am 13 2 0.00 2 18 4:16pm NE 30.33 25 29 52.4 75.8 3:37pm 30.7 7:29am 14 2 0.00 2 11 4:21pm ENE 30.21 33 30 51.9 69.4 2:19pm 34.9 7:43am 13 0 0.00 5 29 9:27pm S 30.10 42 31 56.7 63.5 2:50pm 51.0 6:36am 8 0 0.00 16 45 10:12am S 30.14 45 --------------------------------------------------------------------------------------- TOT 51.1 86.1 10/1/08 17.0 10/12/08 505 52 0.06 4 45 10/31/08 ENE 30.20 37 HEAT BASE: 65.0 COOL BASE: 65.0

Special thanks go to Ken at http://saratoga-weather.com for the scripts used to produce these NOAA reports.
USA Weather
	 Finder

Updated Automatically by Ambient Software's Virtual Weather Station  v14.00 p101
©All rights reserved. Unauthorized duplication or distribution is prohibited
Disclaimer:
Never make important decisions based on this or any weather information obtained from the Internet

Webpage layout revised 01/01/2007 @4:22pm PT