NOAA style reports
2011: Jan | Feb | Mar | Apr | May | Jun | Jul | Aug | Sep | Oct | Nov | Dec 
2010: Jan | Feb | Mar | Apr | May | Jun | Jul | Aug | Sep | Oct | Nov | Dec 
2009: Jan | Feb | Mar | Apr | May | Jun | Jul | Aug | Sep | Oct | Nov | Dec 
2008: Jan | Feb | Mar | Apr | May | Jun | Jul | Aug | Sep | Oct | Nov | Dec 
2007: Jan | Feb | Mar | Apr | May | Jun | Jul | Aug | Sep | Oct | Nov | Dec 
2006: Jan | Feb | Mar | Apr | May | Jun | Jul | Aug | Sep | Oct | Nov | Dec 
2005: Jan | Feb | Mar | Apr | May | Jun | Jul | Aug | Sep | Oct | Nov | Dec 

Report for 2008 09
MONTHLY CLIMATOLOGICAL SUMMARY FOR 9/2008 HEAT COOL MEAN DEG DEG WIND SPEED DOM MEAN MEAN DAY TEMP HIGH TIME LOW TIME DAYS DAYS RAIN AVG HI TIME DIR BAROM HUM --------------------------------------------------------------------------------------- 1 54.2 72.0 4:45pm 40.2 5:59am 11 1 0.00 5 26 1:04am NNW 30.03 26 2 61.2 85.1 4:34pm 35.3 6:28am 17 10 0.00 4 24 7:40pm NNW 30.10 20 3 66.5 88.4 5:05pm 42.5 6:42am 13 16 0.00 4 19 8:12pm NNW 30.00 21 4 68.6 92.1 3:28pm 44.6 6:30am 10 17 0.00 4 21 6:41pm NNW 29.93 22 5 69.4 94.0 3:13pm 46.4 7:00am 9 17 0.00 3 21 2:21pm NNW 29.93 22 6 70.1 94.0 3:13pm 46.8 6:33am 9 19 0.00 3 21 2:21pm NNW 29.92 22 7 69.8 92.9 3:17pm 46.2 7:01am 9 18 0.00 3 22 3:25pm NNW 29.83 20 8 69.0 91.6 2:44pm 45.7 6:15am 9 17 0.00 4 24 5:08pm NNW 29.81 23 9 69.6 85.3 2:03pm 54.4 11:59pm 5 13 0.00 7 33 11:15am NNW 29.68 21 10 58.8 82.4 3:15pm 40.2 5:59am 17 6 0.00 5 33 3:35pm NNW 29.93 26 11 62.0 84.3 3:02pm 41.1 5:58am 8 5 0.00 3 17 2:20pm NE 29.96 23 12 63.8 88.8 3:41pm 40.8 6:58am 7 6 0.00 3 20 6:42pm NE 29.93 22 13 68.1 89.5 3:08pm 45.2 6:09am 5 7 0.00 3 18 3:26pm ENE 29.92 24 14 68.4 91.0 2:38pm 45.2 6:34am 4 7 0.00 4 23 3:44pm NE 30.02 18 15 68.5 90.7 3:09pm 43.8 6:53am 9 15 0.00 4 20 6:56pm NE 30.04 19 16 65.9 88.0 12:51pm 45.5 6:45am 5 6 0.02 4 52 2:36pm ENE 30.00 24 17 66.3 85.3 1:48pm 47.3 6:07am 5 6 0.00 3 24 4:42pm ENE 29.99 32 18 65.8 84.3 2:03pm 45.7 7:12am 4 5 0.00 4 24 3:19pm NNW 29.95 32 19 63.4 79.8 3:30pm 48.5 6:56am 5 3 0.00 5 25 2:42pm E 29.89 38 20 60.5 75.6 3:30pm 45.7 6:00am 6 2 0.00 5 24 3:39pm NNW 29.92 38 21 56.5 76.8 2:08pm 37.5 6:13am 10 2 0.00 4 23 2:58pm W 29.97 46 22 55.8 74.9 4:17pm 37.2 6:41am 11 2 0.00 3 17 5:19pm NE 30.10 42 23 59.2 83.2 3:46pm 35.8 6:54am 10 4 0.00 3 19 4:45pm NE 30.13 32 24 62.6 85.5 2:15pm 39.6 6:48am 8 6 0.00 4 23 2:36pm ENE 30.04 28 25 68.6 85.7 2:36pm 53.5 1:56am 3 7 0.00 4 22 4:41pm ENE 29.96 27 26 65.0 86.5 3:17pm 42.8 6:25am 6 6 0.00 4 20 4:09pm ENE 30.01 30 27 64.3 86.3 3:27pm 43.6 6:37am 7 6 0.00 3 19 5:06pm NE 30.05 29 28 66.2 87.2 3:38pm 42.6 6:19am 6 7 0.00 4 27 8:56pm ENE 30.06 29 29 61.7 79.6 1:40pm 48.8 6:43am 5 2 0.00 4 30 2:47pm NE 30.05 42 30 63.5 84.9 3:05pm 47.3 6:19am 6 4 0.00 2 17 5:46pm ENE 30.13 45 --------------------------------------------------------------------------------------- TOT 65.1 94.0 9/6/08 35.3 9/2/08 239 241 0.02 4 52 9/16/08 ENE 29.96 27 HEAT BASE: 65.0 COOL BASE: 65.0

Special thanks go to Ken at http://saratoga-weather.com for the scripts used to produce these NOAA reports.
USA Weather
	 Finder

Updated Automatically by Ambient Software's Virtual Weather Station  v14.00 p101
©All rights reserved. Unauthorized duplication or distribution is prohibited
Disclaimer:
Never make important decisions based on this or any weather information obtained from the Internet

Webpage layout revised 01/01/2007 @4:22pm PT