NOAA style reports
2011: Jan | Feb | Mar | Apr | May | Jun | Jul | Aug | Sep | Oct | Nov | Dec 
2010: Jan | Feb | Mar | Apr | May | Jun | Jul | Aug | Sep | Oct | Nov | Dec 
2009: Jan | Feb | Mar | Apr | May | Jun | Jul | Aug | Sep | Oct | Nov | Dec 
2008: Jan | Feb | Mar | Apr | May | Jun | Jul | Aug | Sep | Oct | Nov | Dec 
2007: Jan | Feb | Mar | Apr | May | Jun | Jul | Aug | Sep | Oct | Nov | Dec 
2006: Jan | Feb | Mar | Apr | May | Jun | Jul | Aug | Sep | Oct | Nov | Dec 
2005: Jan | Feb | Mar | Apr | May | Jun | Jul | Aug | Sep | Oct | Nov | Dec 

Report for 2008 04
MONTHLY CLIMATOLOGICAL SUMMARY FOR 4/2008 HEAT COOL MEAN DEG DEG WIND SPEED DOM MEAN MEAN DAY TEMP HIGH TIME LOW TIME DAYS DAYS RAIN AVG HI TIME DIR BAROM HUM --------------------------------------------------------------------------------------- 1 41.7 55.4 2:42pm 30.1 6:20am 23 0 0.00 4 24 3:50pm ENE 30.04 35 2 43.3 59.8 4:33pm 25.4 6:50am 22 0 0.00 3 23 2:49pm ENE 30.00 45 3 45.9 65.2 4:00pm 26.7 6:04am 18 0 0.00 3 16 7:53pm NE 30.13 45 4 47.2 59.5 12:22pm 31.2 3:37am 17 0 0.00 7 33 12:42pm WSW 30.00 41 5 48.5 60.7 4:14pm 34.7 5:48am 15 0 0.00 6 27 8:14pm WSW 29.84 36 6 48.6 58.7 1:37pm 39.3 11:37pm 16 0 0.00 9 33 12:52pm WSW 29.84 29 7 43.6 56.6 3:32pm 30.3 6:46am 21 0 0.00 5 24 4:18pm NW 29.99 23 8 42.3 52.0 2:54pm 35.2 12:10am 23 0 0.00 8 28 2:18pm WSW 29.83 39 9 40.2 55.4 4:25pm 23.5 5:44am 25 0 0.00 4 25 5:50pm ENE 29.96 45 10 44.9 63.9 3:30pm 26.3 5:58am 20 0 0.00 4 23 4:11pm NE 30.16 41 11 47.9 67.9 3:30pm 27.5 6:53am 17 0 0.00 5 25 2:52pm ENE 30.31 32 12 52.7 75.6 4:21pm 30.0 5:41am 14 2 0.00 3 18 2:23pm ENE 30.25 29 13 57.8 79.2 2:34pm 34.4 6:06am 11 4 0.00 4 24 4:11pm WSW 30.05 29 14 57.9 69.1 12:36pm 38.3 11:45pm 8 1 0.00 15 46 2:29pm SSW 29.69 25 15 40.6 51.3 5:22pm 31.0 6:18am 24 0 0.00 8 28 5:34am N 29.95 31 16 41.2 59.2 4:11pm 22.2 6:37am 22 0 0.00 5 26 5:06pm ENE 30.20 32 17 49.7 74.0 3:56pm 26.0 6:11am 17 1 0.00 3 21 4:26pm ENE 30.15 33 18 55.9 71.3 1:36pm 40.1 4:39am 10 1 0.00 6 27 1:06pm ENE 29.83 28 19 50.8 60.9 12:19pm 35.9 11:57pm 14 0 0.00 12 43 5:07pm WSW 29.57 24 20 37.9 49.6 3:03pm 28.4 6:35am 27 0 0.00 8 33 12:40am NNW 29.90 26 21 40.9 58.1 3:31pm 18.0 5:47am 24 0 0.00 5 25 5:04pm ENE 30.03 27 22 49.2 65.0 1:43pm 38.9 7:01am 15 0 0.00 6 31 2:49pm NE 29.88 31 23 46.5 56.7 12:07pm 37.2 11:02pm 18 0 0.00 10 33 12:11pm WSW 29.83 42 24 43.9 61.3 3:56pm 23.3 6:13am 21 0 0.00 4 19 12:25am NNW 30.18 34 25 49.9 69.4 4:04pm 27.5 5:38am 16 1 0.00 4 17 2:04pm ENE 30.20 33 26 54.3 72.1 3:55pm 34.7 6:21am 12 1 0.00 5 24 4:08pm NE 30.18 38 27 58.4 79.8 3:19pm 36.0 6:18am 10 3 0.00 4 20 3:07pm ENE 30.09 34 28 62.8 78.1 2:37pm 47.6 11:54pm 6 3 0.00 6 27 4:18pm ENE 29.89 33 29 54.8 68.3 1:02pm 42.8 3:40am 16 4 0.00 14 46 4:53pm WSW 29.66 30 30 44.0 54.5 2:38pm 32.2 11:58pm 21 0 0.00 9 28 12:02am N 29.85 34 --------------------------------------------------------------------------------------- TOT 48.1 79.8 4/27/08 18.0 4/21/08 522 21 0.00 6 46 4/14/08 ENE 29.98 33 HEAT BASE: 65.0 COOL BASE: 65.0

Special thanks go to Ken at http://saratoga-weather.com for the scripts used to produce these NOAA reports.
USA Weather
	 Finder

Updated Automatically by Ambient Software's Virtual Weather Station  v14.00 p101
©All rights reserved. Unauthorized duplication or distribution is prohibited
Disclaimer:
Never make important decisions based on this or any weather information obtained from the Internet

Webpage layout revised 01/01/2007 @4:22pm PT