NOAA style reports
2011: Jan | Feb | Mar | Apr | May | Jun | Jul | Aug | Sep | Oct | Nov | Dec 
2010: Jan | Feb | Mar | Apr | May | Jun | Jul | Aug | Sep | Oct | Nov | Dec 
2009: Jan | Feb | Mar | Apr | May | Jun | Jul | Aug | Sep | Oct | Nov | Dec 
2008: Jan | Feb | Mar | Apr | May | Jun | Jul | Aug | Sep | Oct | Nov | Dec 
2007: Jan | Feb | Mar | Apr | May | Jun | Jul | Aug | Sep | Oct | Nov | Dec 
2006: Jan | Feb | Mar | Apr | May | Jun | Jul | Aug | Sep | Oct | Nov | Dec 
2005: Jan | Feb | Mar | Apr | May | Jun | Jul | Aug | Sep | Oct | Nov | Dec 

Report for 2008 03
MONTHLY CLIMATOLOGICAL SUMMARY FOR 3/2008 HEAT COOL MEAN DEG DEG WIND SPEED DOM MEAN MEAN DAY TEMP HIGH TIME LOW TIME DAYS DAYS RAIN AVG HI TIME DIR BAROM HUM --------------------------------------------------------------------------------------- 1 46.7 55.4 12:14am 32.9 11:53pm 18 0 0.00 13 46 7:42am SW 29.96 34 2 34.3 47.0 2:48pm 22.1 6:48am 31 0 0.00 4 18 2:11pm ENE 30.38 45 3 41.2 60.9 4:24pm 20.8 5:37am 24 0 0.00 3 28 9:09pm NE 30.37 42 4 45.2 60.4 1:44pm 29.4 6:09am 20 0 0.00 5 25 7:11pm E 30.07 33 5 33.8 48.5 3:04pm 20.0 6:23am 31 0 0.00 3 20 1:37pm ENE 30.26 42 6 36.4 56.6 3:29pm 18.8 5:21am 29 0 0.00 2 14 4:11pm ENE 30.38 42 7 43.3 62.4 1:53pm 23.2 6:07am 22 0 0.00 3 23 3:52pm NE 30.30 39 8 45.1 54.8 3:41pm 28.7 11:41pm 20 0 0.00 7 24 8:50am NE 30.11 31 9 41.7 61.3 4:13pm 22.7 7:32am 22 0 0.00 3 17 6:08pm NE 30.25 41 10 47.2 69.6 4:22pm 27.3 6:34am 18 0 0.00 3 19 4:43pm NNW 30.27 42 11 51.8 66.6 1:41pm 35.3 7:24am 13 0 0.00 4 19 1:44pm NW 30.19 33 12 48.6 65.8 2:19pm 32.5 5:50am 16 0 0.00 4 27 4:09pm ENE 30.07 42 13 49.3 56.3 12:36pm 37.6 11:42pm 16 0 0.05 13 37 4:14pm WSW 29.87 47 14 39.3 49.4 1:58pm 31.0 11:18pm 26 0 0.00 9 33 4:03pm SW 29.93 44 15 32.8 41.9 4:27pm 26.0 7:31am 32 0 0.00 6 26 2:08pm NNW 29.92 55 16 32.1 42.9 3:53pm 22.9 2:54am 31 0 0.03 8 27 2:50pm NNE 30.12 57 17 38.2 58.9 4:36pm 18.3 6:36am 27 0 0.00 3 22 5:22pm ENE 30.30 50 18 45.4 65.5 3:38pm 27.2 7:22am 20 0 0.00 3 21 5:53pm NE 30.20 55 19 44.7 60.9 1:21pm 26.9 6:51am 20 0 0.00 6 33 2:22pm W 30.04 52 20 47.2 57.3 2:41pm 31.5 6:55am 18 0 0.00 6 29 12:55pm SW 30.07 31 21 44.5 60.2 3:23pm 27.3 7:02am 21 0 0.00 5 19 2:00pm ENE 30.28 28 22 42.2 61.6 4:33pm 23.9 5:52am 23 0 0.00 3 15 4:56pm NE 30.34 35 23 47.1 68.9 3:01pm 25.0 7:20am 18 0 0.00 4 23 6:12pm ENE 30.20 37 24 48.2 66.0 1:23pm 28.4 6:48am 17 0 0.00 6 28 2:44pm WSW 30.06 38 25 53.0 63.9 1:07pm 39.2 12:28am 12 0 0.00 11 34 7:05pm SW 29.95 36 26 49.1 58.0 1:38pm 39.9 11:21pm 16 0 0.00 17 48 1:59pm SW 29.92 32 27 42.2 58.1 5:16pm 24.1 7:06am 23 0 0.00 6 28 12:29am NNW 30.05 33 28 45.0 57.5 2:11pm 31.8 3:48am 20 0 0.00 6 31 1:42pm ENE 29.85 42 29 48.3 56.7 1:05pm 37.9 6:41am 17 0 0.00 8 34 4:09am W 29.76 37 30 41.1 52.2 2:19pm 30.7 11:58pm 23 0 0.00 8 31 3:17pm WSW 29.83 43 31 37.9 51.4 4:32pm 28.1 6:52am 26 0 0.00 5 21 1:57am N 30.13 36 --------------------------------------------------------------------------------------- TOT 43.3 69.6 3/10/08 18.3 3/17/08 668 1 0.08 6 48 3/26/08 ENE 30.11 40 HEAT BASE: 65.0 COOL BASE: 65.0

Special thanks go to Ken at http://saratoga-weather.com for the scripts used to produce these NOAA reports.
USA Weather
	 Finder

Updated Automatically by Ambient Software's Virtual Weather Station  v14.00 p101
©All rights reserved. Unauthorized duplication or distribution is prohibited
Disclaimer:
Never make important decisions based on this or any weather information obtained from the Internet

Webpage layout revised 01/01/2007 @4:22pm PT