NOAA style reports
2011: Jan | Feb | Mar | Apr | May | Jun | Jul | Aug | Sep | Oct | Nov | Dec 
2010: Jan | Feb | Mar | Apr | May | Jun | Jul | Aug | Sep | Oct | Nov | Dec 
2009: Jan | Feb | Mar | Apr | May | Jun | Jul | Aug | Sep | Oct | Nov | Dec 
2008: Jan | Feb | Mar | Apr | May | Jun | Jul | Aug | Sep | Oct | Nov | Dec 
2007: Jan | Feb | Mar | Apr | May | Jun | Jul | Aug | Sep | Oct | Nov | Dec 
2006: Jan | Feb | Mar | Apr | May | Jun | Jul | Aug | Sep | Oct | Nov | Dec 
2005: Jan | Feb | Mar | Apr | May | Jun | Jul | Aug | Sep | Oct | Nov | Dec 

Report for 2008 01
MONTHLY CLIMATOLOGICAL SUMMARY FOR 1/2008 HEAT COOL MEAN DEG DEG WIND SPEED DOM MEAN MEAN DAY TEMP HIGH TIME LOW TIME DAYS DAYS RAIN AVG HI TIME DIR BAROM HUM --------------------------------------------------------------------------------------- 1 23.2 38.2 2:23pm 13.1 7:06am 42 0 0.00 2 12 3:29pm NE 30.61 71 2 23.8 39.8 3:51pm 15.7 3:47am 39 0 0.00 1 10 10:15pm NNE 30.33 72 3 45.1 54.5 11:55am 22.1 12:00am 20 0 0.00 18 56 4:28pm S 29.94 32 4 39.0 46.0 5:07am 29.4 11:57pm 26 0 0.83 15 54 10:55am S 29.49 79 5 29.4 34.1 12:32pm 24.8 8:32am 36 0 0.16 3 25 1:54pm S 29.70 84 6 27.4 37.5 1:27pm 14.4 11:29pm 36 0 0.31 4 22 3:09am ENE 29.83 68 7 25.7 41.6 2:32pm 10.4 2:10am 39 0 0.07 4 20 7:05am ENE 30.08 64 8 33.8 43.2 8:50am 15.1 12:00am 30 0 0.32 6 38 9:29am S 30.08 71 9 36.1 42.2 2:14pm 28.8 4:42am 29 0 0.00 0 0 12:00am N 30.18 59 10 39.9 52.6 1:31pm 33.2 12:39am 25 0 0.00 0 0 12:00am N 30.16 68 11 41.9 55.7 12:29pm 31.3 11:48pm 23 0 0.00 1 12 9:12am ENE 30.15 44 12 37.7 52.9 3:36pm 28.7 2:24am 27 0 0.06 3 16 8:05am ENE 30.27 73 13 31.1 45.5 3:51pm 21.8 7:38am 34 0 0.00 1 11 6:11pm ENE 30.48 74 14 26.4 31.9 2:57pm 22.5 8:06am 39 0 0.00 1 10 11:21pm W 30.55 89 15 35.8 50.1 11:48am 25.1 12:58am 29 0 0.00 6 29 1:41pm N 30.34 59 16 25.0 31.3 3:14pm 16.1 10:31pm 40 0 0.00 3 18 2:29pm NE 30.41 63 17 21.9 35.8 3:07pm 11.7 6:49am 43 0 0.00 2 11 12:56pm ENE 30.53 67 18 23.8 42.6 3:31pm 14.6 7:06am 33 0 0.00 2 18 3:40pm ENE 30.54 73 19 29.4 44.6 3:42pm 15.7 7:27am 36 0 0.00 1 13 11:41pm NE 30.38 67 20 37.4 47.1 12:40pm 25.6 11:58pm 27 0 0.00 6 30 3:29pm SW 29.82 45 21 28.8 36.8 1:11pm 21.4 7:19am 36 0 0.00 3 19 3:28pm N 29.94 67 22 25.3 30.1 2:01pm 22.5 11:19pm 39 0 0.01 3 15 2:58pm N 30.23 75 23 24.0 27.2 1:49pm 21.9 6:59am 38 0 0.02 1 10 3:11pm NW 30.15 79 24 27.0 36.6 2:14pm 17.2 4:39am 38 0 0.01 3 20 1:58pm SSW 29.84 71 25 26.6 32.1 2:06pm 21.1 12:16am 38 0 0.03 1 9 7:38am NE 30.11 83 26 27.9 40.1 2:36pm 18.4 7:27am 37 0 0.00 1 11 6:26pm WSW 30.18 81 27 34.1 42.2 11:05am 27.2 1:00am 31 0 0.32 10 46 5:33pm S 29.64 79 28 26.0 36.2 12:20am 16.1 11:51pm 39 0 0.01 7 39 12:05am SW 29.88 63 29 27.1 40.1 1:29pm 12.3 3:34am 38 0 0.02 7 40 7:57pm SW 30.14 59 30 28.2 36.5 2:59pm 17.3 9:59pm 37 0 0.00 3 25 4:22am NW 30.23 52 31 33.7 48.0 10:44am 22.4 5:12am 31 0 0.01 7 33 1:30pm WSW 30.17 65 --------------------------------------------------------------------------------------- TOT 30.5 55.7 1/11/08 10.4 1/7/08 1055 0 2.18 4 56 1/3/08 ENE 30.14 67 HEAT BASE: 65.0 COOL BASE: 65.0

Special thanks go to Ken at http://saratoga-weather.com for the scripts used to produce these NOAA reports.
USA Weather
	 Finder

Updated Automatically by Ambient Software's Virtual Weather Station  v14.00 p101
©All rights reserved. Unauthorized duplication or distribution is prohibited
Disclaimer:
Never make important decisions based on this or any weather information obtained from the Internet

Webpage layout revised 01/01/2007 @4:22pm PT