NOAA style reports
2011: Jan | Feb | Mar | Apr | May | Jun | Jul | Aug | Sep | Oct | Nov | Dec 
2010: Jan | Feb | Mar | Apr | May | Jun | Jul | Aug | Sep | Oct | Nov | Dec 
2009: Jan | Feb | Mar | Apr | May | Jun | Jul | Aug | Sep | Oct | Nov | Dec 
2008: Jan | Feb | Mar | Apr | May | Jun | Jul | Aug | Sep | Oct | Nov | Dec 
2007: Jan | Feb | Mar | Apr | May | Jun | Jul | Aug | Sep | Oct | Nov | Dec 
2006: Jan | Feb | Mar | Apr | May | Jun | Jul | Aug | Sep | Oct | Nov | Dec 
2005: Jan | Feb | Mar | Apr | May | Jun | Jul | Aug | Sep | Oct | Nov | Dec 

Report for 2007 08
MONTHLY CLIMATOLOGICAL SUMMARY FOR 8/2007 HEAT COOL MEAN DEG DEG WIND SPEED DOM MEAN MEAN DAY TEMP HIGH TIME LOW TIME DAYS DAYS RAIN AVG HI TIME DIR BAROM HUM --------------------------------------------------------------------------------------- 1 79.9 95.1 3:19pm 58.1 5:03am 0 15 0.00 5 28 6:44pm NW 29.69 24 2 80.3 92.7 2:07pm 66.0 7:11am 0 15 0.00 5 31 4:15pm NW 29.71 26 3 76.9 90.7 2:14pm 61.3 6:20am 0 11 0.00 5 28 2:46pm N 29.79 23 4 76.0 86.5 3:14pm 64.7 5:18am 0 10 0.00 7 28 5:58pm SE 29.77 15 5 71.4 84.0 1:50pm 53.1 6:05am 1 8 0.00 7 48 4:45pm W 29.71 19 6 69.4 81.8 2:37pm 53.5 6:36am 1 6 0.00 6 30 4:00pm W 29.70 22 7 66.5 81.2 3:00pm 46.4 5:49am 4 5 0.00 5 24 4:16pm NW 29.80 28 8 69.7 87.8 3:56pm 50.5 5:37am 3 8 0.00 4 22 7:27pm NW 29.77 32 9 72.1 86.3 3:35pm 55.7 6:26am 1 8 0.00 5 26 4:28pm W 29.75 27 10 71.8 88.6 3:35pm 51.9 6:06am 2 9 0.00 4 23 4:10pm W 29.79 21 11 71.0 86.3 2:53pm 50.5 6:25am 2 8 0.00 5 38 2:52pm W 29.77 25 12 74.1 89.7 2:55pm 58.9 6:28am 1 10 0.00 5 27 5:01pm W 29.80 19 13 73.8 91.2 3:56pm 54.4 6:26am 2 10 0.00 5 23 5:27pm ENE 29.85 18 14 77.8 93.6 2:44pm 61.5 6:16am 0 13 0.00 4 27 3:59pm ENE 29.76 20 15 77.8 92.3 2:45pm 60.7 6:02am 0 13 0.00 5 27 5:39pm W 29.70 23 16 76.5 91.6 2:44pm 58.3 6:53am 0 12 0.00 6 28 1:34pm W 29.69 23 17 71.7 90.3 2:49pm 51.4 6:32am 2 9 0.00 5 24 4:59pm ENE 29.72 19 18 71.6 88.2 2:34pm 49.2 7:17am 2 9 0.00 5 40 3:18pm W 29.67 15 19 70.9 82.2 4:14pm 58.7 6:01am 1 7 0.00 7 27 3:32pm W 29.72 20 20 71.0 89.9 3:50pm 49.4 7:09am 3 9 0.00 4 24 5:55pm NNW 29.85 23 21 74.7 92.5 3:35pm 53.6 5:46am 2 11 0.00 4 24 6:12pm NW 29.79 29 22 74.5 90.5 3:40pm 53.8 6:18am 1 11 0.00 5 25 4:37pm NW 29.64 33 23 73.1 90.7 5:06pm 55.0 5:48am 2 9 0.00 4 19 3:38pm NW 29.62 33 24 75.4 93.8 3:59pm 54.5 6:42am 2 12 0.00 4 20 4:40pm ENE 29.66 23 25 77.1 94.3 2:45pm 55.9 6:41am 1 12 0.00 5 30 2:31pm ENE 29.68 27 26 77.5 90.5 1:54pm 61.3 7:24am 0 13 0.00 6 29 1:05pm ENE 29.65 29 27 74.3 89.7 2:27pm 57.2 6:14am 1 10 0.00 4 27 5:12pm ENE 29.69 35 28 73.0 89.7 2:53pm 57.3 6:15am 1 9 0.00 4 31 4:28pm ENE 29.78 40 29 76.5 92.5 2:44pm 57.2 6:37am 1 12 0.00 4 22 4:03pm ENE 29.81 35 30 70.9 85.1 2:50pm 61.6 5:23am 0 6 0.00 3 26 10:20am NE 29.89 45 31 66.7 79.0 4:48pm 55.1 5:12am 2 4 0.05 3 27 12:09pm NE 29.94 62 --------------------------------------------------------------------------------------- TOT 73.7 95.1 8/1/07 46.4 8/7/07 40 305 0.05 5 48 8/5/07 ENE 29.75 27 HEAT BASE: 65.0 COOL BASE: 65.0

Special thanks go to Ken at http://saratoga-weather.com for the scripts used to produce these NOAA reports.
USA Weather
	 Finder

Updated Automatically by Ambient Software's Virtual Weather Station  v14.00 p101
©All rights reserved. Unauthorized duplication or distribution is prohibited
Disclaimer:
Never make important decisions based on this or any weather information obtained from the Internet

Webpage layout revised 01/01/2007 @4:22pm PT