NOAA style reports
2011: Jan | Feb | Mar | Apr | May | Jun | Jul | Aug | Sep | Oct | Nov | Dec 
2010: Jan | Feb | Mar | Apr | May | Jun | Jul | Aug | Sep | Oct | Nov | Dec 
2009: Jan | Feb | Mar | Apr | May | Jun | Jul | Aug | Sep | Oct | Nov | Dec 
2008: Jan | Feb | Mar | Apr | May | Jun | Jul | Aug | Sep | Oct | Nov | Dec 
2007: Jan | Feb | Mar | Apr | May | Jun | Jul | Aug | Sep | Oct | Nov | Dec 
2006: Jan | Feb | Mar | Apr | May | Jun | Jul | Aug | Sep | Oct | Nov | Dec 
2005: Jan | Feb | Mar | Apr | May | Jun | Jul | Aug | Sep | Oct | Nov | Dec 

Report for 2007 07
MONTHLY CLIMATOLOGICAL SUMMARY FOR 7/2007 HEAT COOL MEAN DEG DEG WIND SPEED DOM MEAN MEAN DAY TEMP HIGH TIME LOW TIME DAYS DAYS RAIN AVG HI TIME DIR BAROM HUM --------------------------------------------------------------------------------------- 1 71.9 89.0 2:15pm 51.4 6:20am 2 8 0.00 5 27 2:45pm ENE 29.84 21 2 73.3 86.5 4:15pm 58.3 5:30am 1 9 0.00 6 26 1:24pm E 29.88 16 3 75.0 95.1 5:04pm 49.1 4:34am 3 13 0.00 4 19 6:45pm NE 29.92 22 4 81.1 100.7 4:39pm 56.7 6:01am 1 17 0.00 5 24 2:21pm ENE 29.79 17 5 83.1 102.5 3:24pm 58.1 6:17am 0 18 0.00 5 26 3:51pm ENE 29.73 18 6 84.1 97.5 3:33pm 65.2 5:01am 0 18 0.01 5 51 1:04pm ENE 29.68 18 7 78.0 94.5 2:48pm 58.3 6:04am 1 13 0.00 5 24 3:27pm NW 29.73 26 8 77.6 95.9 5:06pm 56.7 5:55am 1 14 0.00 5 27 2:31pm ENE 29.71 23 9 79.6 95.6 3:01pm 61.8 6:00am 0 15 0.00 5 22 3:04pm ENE 29.65 29 10 76.8 92.7 1:48pm 61.3 5:14am 0 12 0.00 4 34 3:42pm N 29.74 28 11 75.1 85.5 4:30pm 63.7 5:40am 0 10 0.00 4 19 4:35pm NNW 29.76 34 12 75.7 94.3 3:13pm 58.6 6:07am 1 12 0.00 5 31 4:43pm ENE 29.80 33 13 76.7 93.4 3:03pm 57.5 5:07am 1 12 0.00 4 23 6:40pm ENE 29.82 24 14 77.5 95.1 3:02pm 56.9 5:55am 1 13 0.00 4 24 4:06pm ENE 29.81 25 15 81.1 92.5 1:59pm 68.4 6:45am 0 15 0.00 5 22 4:21pm W 29.72 22 16 78.5 92.5 2:58pm 62.6 6:24am 0 14 0.00 5 31 4:45pm W 29.66 27 17 76.8 88.2 2:29pm 67.3 6:00am 0 12 0.00 8 33 2:47pm SW 29.60 28 18 71.3 78.3 2:59pm 63.7 11:00pm 0 6 0.00 14 37 9:31am SSW 29.66 33 19 70.4 84.3 3:21pm 57.3 5:38am 1 7 0.00 5 22 3:37pm ENE 29.72 33 20 69.8 85.9 3:10pm 50.7 5:35am 3 8 0.00 6 27 5:24pm W 29.74 27 21 73.0 89.0 3:01pm 53.6 6:30am 1 9 0.00 5 27 4:33pm ENE 29.81 26 22 76.2 93.4 4:39pm 57.2 5:22am 2 20 0.00 4 24 5:35pm ENE 29.84 28 23 77.6 92.3 1:27pm 59.0 6:00am 0 13 0.00 6 27 3:24pm NW 29.74 27 24 78.5 89.7 2:10pm 67.9 6:51am 0 13 0.00 5 26 7:39pm NW 29.67 29 25 77.7 90.7 3:03pm 63.2 6:40am 0 13 0.00 5 24 3:49pm WNW 29.69 32 26 75.5 92.5 2:03pm 54.2 5:23am 1 12 0.00 5 28 4:21pm ENE 29.77 22 27 76.5 92.9 3:12pm 56.0 6:03am 1 12 0.00 4 27 4:38pm ENE 29.79 20 28 77.4 93.8 2:34pm 59.6 5:50am 1 13 0.00 5 27 4:00pm ENE 29.75 22 29 76.8 94.5 2:52pm 55.0 6:38am 1 13 0.00 5 27 5:14pm NE 29.70 21 30 77.2 93.4 3:01pm 57.3 5:15am 1 13 0.00 5 29 5:33pm NW 29.65 20 31 76.4 94.9 2:36pm 53.1 6:10am 1 12 0.00 4 28 7:13pm ENE 29.69 23 --------------------------------------------------------------------------------------- TOT 76.7 102.5 7/5/07 49.1 7/3/07 26 389 0.01 5 51 7/6/07 ENE 29.74 25 HEAT BASE: 65.0 COOL BASE: 65.0

Special thanks go to Ken at http://saratoga-weather.com for the scripts used to produce these NOAA reports.
USA Weather
	 Finder

Updated Automatically by Ambient Software's Virtual Weather Station  v14.00 p101
©All rights reserved. Unauthorized duplication or distribution is prohibited
Disclaimer:
Never make important decisions based on this or any weather information obtained from the Internet

Webpage layout revised 01/01/2007 @4:22pm PT