NOAA style reports
2011: Jan | Feb | Mar | Apr | May | Jun | Jul | Aug | Sep | Oct | Nov | Dec 
2010: Jan | Feb | Mar | Apr | May | Jun | Jul | Aug | Sep | Oct | Nov | Dec 
2009: Jan | Feb | Mar | Apr | May | Jun | Jul | Aug | Sep | Oct | Nov | Dec 
2008: Jan | Feb | Mar | Apr | May | Jun | Jul | Aug | Sep | Oct | Nov | Dec 
2007: Jan | Feb | Mar | Apr | May | Jun | Jul | Aug | Sep | Oct | Nov | Dec 
2006: Jan | Feb | Mar | Apr | May | Jun | Jul | Aug | Sep | Oct | Nov | Dec 
2005: Jan | Feb | Mar | Apr | May | Jun | Jul | Aug | Sep | Oct | Nov | Dec 

Report for 2007 05
MONTHLY CLIMATOLOGICAL SUMMARY FOR 5/2007 HEAT COOL MEAN DEG DEG WIND SPEED DOM MEAN MEAN DAY TEMP HIGH TIME LOW TIME DAYS DAYS RAIN AVG HI TIME DIR BAROM HUM --------------------------------------------------------------------------------------- 1 59.4 72.7 1:05pm 42.5 6:33am 7 1 0.00 8 34 2:16pm WSW 29.75 28 2 49.3 58.1 11:53am 38.9 11:43pm 15 0 0.00 12 35 12:59pm WSW 29.76 40 3 42.7 50.8 1:24pm 32.8 5:55am 22 0 0.00 7 26 6:08pm W 29.95 38 4 42.3 51.4 3:53pm 34.7 5:42am 23 0 0.05 7 29 4:01pm NNW 29.87 60 5 43.9 53.2 5:14pm 33.8 5:32am 21 0 0.00 10 33 1:23pm NNE 30.08 37 6 49.9 66.0 3:53pm 28.4 6:03am 15 0 0.00 7 31 4:54pm ENE 30.19 27 7 57.9 74.0 3:39pm 39.2 6:31am 9 2 0.00 5 26 1:50pm ENE 30.09 29 8 62.3 77.9 2:43pm 42.8 5:49am 7 4 0.00 5 26 4:19pm ENE 29.93 29 9 56.1 65.2 8:59am 47.9 6:20am 3 0 0.00 2 7 2:15am ENE 29.86 37 10 66.0 78.8 3:11pm 47.9 6:20am 3 4 0.00 6 24 4:45pm ENE 29.83 29 11 66.1 79.6 3:07pm 46.2 5:59am 3 4 0.00 5 22 2:54pm ENE 29.82 28 12 64.3 75.3 1:57pm 53.6 5:13am 3 3 0.00 8 31 1:15pm W 29.79 24 13 59.2 72.8 3:47pm 42.6 5:51am 7 2 0.00 5 19 7:44pm N 29.94 24 14 61.3 76.7 5:54pm 39.2 5:59am 6 3 0.00 6 24 1:45pm ENE 29.98 18 15 63.6 83.2 2:19pm 43.1 6:10am 12 8 0.00 4 27 4:02pm NNW 29.90 21 16 66.2 82.4 2:29pm 46.7 6:00am 4 5 0.00 5 27 3:28pm ENE 29.81 24 17 66.7 80.1 2:46pm 49.9 5:43am 3 4 0.00 5 27 4:46pm ENE 29.79 20 18 63.3 79.6 2:17pm 44.1 5:29am 6 4 0.00 5 25 3:35pm ENE 29.85 23 19 63.6 79.8 2:32pm 41.6 6:50am 5 4 0.00 5 27 6:31pm NW 29.86 24 20 61.0 74.0 2:32pm 43.5 5:14am 6 2 0.00 6 28 2:33pm NNW 29.78 34 21 58.6 70.1 4:34pm 42.9 6:26am 7 1 0.00 9 30 8:06pm N 29.78 32 22 52.3 65.3 3:59pm 35.6 6:08am 12 0 0.00 7 34 6:35pm ENE 29.90 23 23 53.7 69.6 6:20pm 37.2 5:27am 11 0 0.00 4 20 4:16pm ENE 30.01 23 24 60.2 76.3 3:58pm 41.3 5:41am 7 3 0.00 4 20 4:47pm ENE 29.88 24 25 64.2 80.7 3:17pm 46.7 5:45am 5 4 0.00 4 24 4:40pm ENE 29.83 31 26 66.1 82.0 3:32pm 46.5 6:14am 4 5 0.00 5 27 4:39pm ENE 29.79 30 27 68.4 81.6 3:05pm 52.6 6:01am 2 5 0.00 6 28 3:34pm ENE 29.71 30 28 66.5 81.4 4:39pm 47.3 5:35am 4 5 0.00 5 21 8:31pm NNW 29.77 27 29 66.1 83.4 4:41pm 44.6 5:52am 4 6 0.00 5 20 5:10pm ENE 29.86 12 30 68.5 87.2 3:21pm 48.5 5:38am 4 7 0.00 5 30 4:21pm ENE 29.84 21 31 70.3 88.2 4:19pm 51.6 5:52am 3 8 0.00 5 46 2:02pm ENE 29.76 29 --------------------------------------------------------------------------------------- TOT 60.1 88.2 5/31/07 28.4 5/6/07 245 96 0.05 6 46 5/31/07 ENE 29.87 28 HEAT BASE: 65.0 COOL BASE: 65.0

Special thanks go to Ken at http://saratoga-weather.com for the scripts used to produce these NOAA reports.
USA Weather
	 Finder

Updated Automatically by Ambient Software's Virtual Weather Station  v14.00 p101
©All rights reserved. Unauthorized duplication or distribution is prohibited
Disclaimer:
Never make important decisions based on this or any weather information obtained from the Internet

Webpage layout revised 01/01/2007 @4:22pm PT