NOAA style reports
2011: Jan | Feb | Mar | Apr | May | Jun | Jul | Aug | Sep | Oct | Nov | Dec 
2010: Jan | Feb | Mar | Apr | May | Jun | Jul | Aug | Sep | Oct | Nov | Dec 
2009: Jan | Feb | Mar | Apr | May | Jun | Jul | Aug | Sep | Oct | Nov | Dec 
2008: Jan | Feb | Mar | Apr | May | Jun | Jul | Aug | Sep | Oct | Nov | Dec 
2007: Jan | Feb | Mar | Apr | May | Jun | Jul | Aug | Sep | Oct | Nov | Dec 
2006: Jan | Feb | Mar | Apr | May | Jun | Jul | Aug | Sep | Oct | Nov | Dec 
2005: Jan | Feb | Mar | Apr | May | Jun | Jul | Aug | Sep | Oct | Nov | Dec 

Report for 2007 03
MONTHLY CLIMATOLOGICAL SUMMARY FOR 3/2007 HEAT COOL MEAN DEG DEG WIND SPEED DOM MEAN MEAN DAY TEMP HIGH TIME LOW TIME DAYS DAYS RAIN AVG HI TIME DIR BAROM HUM --------------------------------------------------------------------------------------- 1 28.6 38.9 2:07pm 18.0 6:03am 36 0 0.00 3 19 4:12pm NW 30.25 59 2 33.3 46.8 2:21pm 20.0 5:13am 30 0 0.00 2 12 1:15pm NW 30.40 58 3 36.9 51.3 2:32pm 23.2 5:52am 28 0 0.00 3 15 3:44pm ENE 30.48 61 4 41.8 58.4 3:49pm 27.6 6:07am 23 0 0.00 3 15 5:12pm NE 30.34 57 5 47.9 63.2 3:36pm 35.8 3:22am 17 0 0.00 3 28 5:28am ENE 30.14 47 6 47.7 64.2 2:25pm 31.3 4:58am 17 0 0.00 3 17 3:50pm ENE 30.14 45 7 48.6 59.5 2:18pm 37.5 4:04am 16 0 0.00 5 25 1:02pm W 30.01 45 8 48.0 60.7 4:16pm 35.8 6:28am 16 0 0.00 4 15 2:25pm ENE 30.04 45 9 42.0 62.1 12:55pm 31.3 6:20am 13 0 0.00 2 7 1:45am NW 30.21 56 10 47.1 64.0 1:55pm 31.3 6:20am 17 0 0.00 4 19 3:10pm ENE 30.22 43 11 50.3 69.6 5:03pm 29.8 7:45am 13 1 0.00 3 16 2:36pm ENE 30.31 36 12 49.9 76.5 2:39pm 34.3 7:28am 11 1 0.00 2 20 5:48pm E 30.18 37 13 49.9 73.2 3:47pm 36.2 6:56am 0 0 0.00 2 22 1:02pm E 30.18 37 14 49.9 71.6 2:56pm 46.0 6:49am 0 0 0.00 2 24 3:53pm E 30.18 37 15 49.9 69.1 4:52pm 35.8 6:34am 0 0 0.00 2 24 12:00am E 30.18 37 16 55.6 78.3 3:43pm 36.6 7:21am 1 0 0.00 3 24 12:00am W 30.03 39 17 57.8 74.7 2:25pm 39.2 6:50am 10 2 0.00 4 23 2:40pm W 29.95 36 18 54.5 71.5 2:50pm 36.6 7:05am 11 1 0.00 4 23 4:00pm W 29.91 40 19 53.8 64.8 3:01pm 43.6 4:36am 11 0 0.00 6 30 4:54pm W 29.88 34 20 47.8 53.6 9:08am 39.9 11:37pm 17 0 0.02 6 30 12:00am W 29.83 53 21 41.0 50.2 5:08pm 32.8 5:13am 24 0 0.00 8 30 12:00am W 30.05 47 22 42.1 57.6 5:50pm 24.2 6:04am 23 0 0.00 3 17 3:40pm W 30.14 39 23 49.7 67.4 4:06pm 31.0 7:30am 15 0 0.00 4 20 12:52pm W 30.02 34 24 53.8 72.3 2:45pm 34.9 6:39am 12 1 0.00 4 26 3:37pm W 29.96 37 25 56.2 78.3 3:43pm 36.6 7:21am 9 0 0.00 7 31 11:20am W 29.93 32 26 46.4 62.0 11:28am 31.0 11:22pm 18 0 0.07 9 46 4:54pm ENE 29.84 45 27 32.2 40.6 3:30pm 25.1 7:42am 33 0 0.10 6 35 4:05pm N 30.01 63 28 38.3 49.6 5:47pm 29.1 12:43am 59 0 0.00 6 24 4:23am N 30.29 46 29 47.0 58.4 5:25pm 27.8 7:52am 70 0 0.00 3 15 2:21pm N 30.33 33 30 48.8 68.8 3:34pm 28.1 7:03am 87 0 0.00 4 27 3:48pm N 30.16 35 31 52.4 68.1 1:50pm 34.7 6:25am 13 0 0.00 4 25 2:24pm W 29.99 37 --------------------------------------------------------------------------------------- TOT 46.2 78.3 3/16/07 18.0 3/1/07 652 7 0.19 5 46 3/26/07 ENE 30.10 44 HEAT BASE: 65.0 COOL BASE: 65.0

Special thanks go to Ken at http://saratoga-weather.com for the scripts used to produce these NOAA reports.
USA Weather
	 Finder

Updated Automatically by Ambient Software's Virtual Weather Station  v14.00 p101
©All rights reserved. Unauthorized duplication or distribution is prohibited
Disclaimer:
Never make important decisions based on this or any weather information obtained from the Internet

Webpage layout revised 01/01/2007 @4:22pm PT